{"id":28793,"date":"2025-09-30T10:02:34","date_gmt":"2025-09-30T10:02:34","guid":{"rendered":"https:\/\/lovme.pt\/?post_type=product&#038;p=28793"},"modified":"2026-04-14T10:35:27","modified_gmt":"2026-04-14T10:35:27","slug":"seven-creations-cadeira-ecstasy-lounge-love","status":"publish","type":"product","link":"https:\/\/lovme.pt\/index.php\/produto\/seven-creations-cadeira-ecstasy-lounge-love\/","title":{"rendered":"SEVEN CREATIONS &#8211; CADEIRA ECSTASY LOUNGE LOVE"},"content":{"rendered":"<p>Experimente sensa\u00e7\u00f5es fortes com esta cadeira e seu vibrador embutido.<\/p>\n<p> Sente-se confortavelmente na cadeira infl\u00e1vel enquanto desfruta do prazer do vibrador dentro de voc\u00ea.<\/p>\n<p> Sua vibra\u00e7\u00e3o se espalhar\u00e1 por toda a base da cadeira e aumentar\u00e1 seu prazer. Cor: rosa e com al\u00e7as nas laterais.<\/p>\n<ul>\n<li> Di\u00e2metro da almofada: 46 cm aprox.<\/li>\n<li> Altura: 19cm.<\/li>\n<li> Comprimento de vibra\u00e7\u00e3o: 15,5 cm.<\/li>\n<li> Di\u00e2metro: 4cm.<\/li>\n<\/ul>\n<p> Com regulador de intensidade. A Sevencreations nasceu em 2002 para satisfazer milh\u00f5es de pessoas no mundo, a marca se consolidou como uma empresa s\u00f3lida fabrica quase 1 milh\u00e3o de brinquedos por dia com um pre\u00e7o adaptado a p\u00fablicos de todos os poderes de compra e pessoas que se iniciam no mundo dos brinquedos sexuais.<\/p>\n","protected":false},"excerpt":{"rendered":"<p>SEVEN CREATIONS &#8211; LOVE CHAIR ECSTASY LOUNGE<\/p>\n","protected":false},"featured_media":61416,"template":"","meta":{"_acf_changed":false},"product_brand":[],"product_cat":[17,65,76],"product_tag":[],"class_list":{"0":"post-28793","1":"product","2":"type-product","3":"status-publish","4":"has-post-thumbnail","6":"product_cat-brinquedos-de-bem-estar-sexual","7":"product_cat-kits","8":"product_cat-vibradores","9":"yith_product_brand-seven-creations","11":"first","12":"instock","13":"taxable","14":"shipping-taxable","15":"purchasable","16":"product-type-simple"},"acf":[],"yoast_head":"<!-- This site is optimized with the Yoast SEO plugin v27.4 - https:\/\/yoast.com\/product\/yoast-seo-wordpress\/ -->\n<title>SEVEN CREATIONS - CADEIRA ECSTASY LOUNGE LOVE - Lovme<\/title>\n<meta name=\"robots\" content=\"index, follow, max-snippet:-1, max-image-preview:large, max-video-preview:-1\" \/>\n<link rel=\"canonical\" href=\"https:\/\/lovme.pt\/index.php\/produto\/seven-creations-cadeira-ecstasy-lounge-love\/\" \/>\n<meta property=\"og:locale\" content=\"pt_PT\" \/>\n<meta property=\"og:type\" content=\"article\" \/>\n<meta property=\"og:title\" content=\"SEVEN CREATIONS - CADEIRA ECSTASY LOUNGE LOVE - Lovme\" \/>\n<meta property=\"og:description\" content=\"SEVEN CREATIONS - LOVE CHAIR ECSTASY LOUNGE\" \/>\n<meta property=\"og:url\" content=\"https:\/\/lovme.pt\/index.php\/produto\/seven-creations-cadeira-ecstasy-lounge-love\/\" \/>\n<meta property=\"og:site_name\" content=\"Lovme\" \/>\n<meta property=\"article:modified_time\" content=\"2026-04-14T10:35:27+00:00\" \/>\n<meta property=\"og:image\" content=\"https:\/\/erki24nd3ub.exactdn.com\/wp-content\/uploads\/dream\/img\/img_82173_dfa0a2bfba14444b039dd87e1980797c_1.jpg?strip=all\" \/>\n\t<meta property=\"og:image:width\" content=\"550\" \/>\n\t<meta property=\"og:image:height\" content=\"550\" \/>\n\t<meta property=\"og:image:type\" content=\"image\/jpeg\" \/>\n<meta name=\"twitter:card\" content=\"summary_large_image\" \/>\n<meta name=\"twitter:label1\" content=\"Tempo estimado de leitura\" \/>\n\t<meta name=\"twitter:data1\" content=\"1 minuto\" \/>\n<script type=\"application\/ld+json\" class=\"yoast-schema-graph\">{\"@context\":\"https:\\\/\\\/schema.org\",\"@graph\":[{\"@type\":\"WebPage\",\"@id\":\"https:\\\/\\\/lovme.pt\\\/index.php\\\/produto\\\/seven-creations-cadeira-ecstasy-lounge-love\\\/\",\"url\":\"https:\\\/\\\/lovme.pt\\\/index.php\\\/produto\\\/seven-creations-cadeira-ecstasy-lounge-love\\\/\",\"name\":\"SEVEN CREATIONS - CADEIRA ECSTASY LOUNGE LOVE - Lovme\",\"isPartOf\":{\"@id\":\"https:\\\/\\\/lovme.pt\\\/#website\"},\"primaryImageOfPage\":{\"@id\":\"https:\\\/\\\/lovme.pt\\\/index.php\\\/produto\\\/seven-creations-cadeira-ecstasy-lounge-love\\\/#primaryimage\"},\"image\":{\"@id\":\"https:\\\/\\\/lovme.pt\\\/index.php\\\/produto\\\/seven-creations-cadeira-ecstasy-lounge-love\\\/#primaryimage\"},\"thumbnailUrl\":\"https:\\\/\\\/erki24nd3ub.exactdn.com\\\/wp-content\\\/uploads\\\/dream\\\/img\\\/img_82173_dfa0a2bfba14444b039dd87e1980797c_1.jpg?strip=all\",\"datePublished\":\"2025-09-30T10:02:34+00:00\",\"dateModified\":\"2026-04-14T10:35:27+00:00\",\"breadcrumb\":{\"@id\":\"https:\\\/\\\/lovme.pt\\\/index.php\\\/produto\\\/seven-creations-cadeira-ecstasy-lounge-love\\\/#breadcrumb\"},\"inLanguage\":\"pt-PT\",\"potentialAction\":[{\"@type\":\"ReadAction\",\"target\":[\"https:\\\/\\\/lovme.pt\\\/index.php\\\/produto\\\/seven-creations-cadeira-ecstasy-lounge-love\\\/\"]}]},{\"@type\":\"ImageObject\",\"inLanguage\":\"pt-PT\",\"@id\":\"https:\\\/\\\/lovme.pt\\\/index.php\\\/produto\\\/seven-creations-cadeira-ecstasy-lounge-love\\\/#primaryimage\",\"url\":\"https:\\\/\\\/erki24nd3ub.exactdn.com\\\/wp-content\\\/uploads\\\/dream\\\/img\\\/img_82173_dfa0a2bfba14444b039dd87e1980797c_1.jpg?strip=all\",\"contentUrl\":\"https:\\\/\\\/erki24nd3ub.exactdn.com\\\/wp-content\\\/uploads\\\/dream\\\/img\\\/img_82173_dfa0a2bfba14444b039dd87e1980797c_1.jpg?strip=all\",\"width\":550,\"height\":550},{\"@type\":\"BreadcrumbList\",\"@id\":\"https:\\\/\\\/lovme.pt\\\/index.php\\\/produto\\\/seven-creations-cadeira-ecstasy-lounge-love\\\/#breadcrumb\",\"itemListElement\":[{\"@type\":\"ListItem\",\"position\":1,\"name\":\"In\u00edcio\",\"item\":\"https:\\\/\\\/lovme.pt\\\/\"},{\"@type\":\"ListItem\",\"position\":2,\"name\":\"Loja\",\"item\":\"https:\\\/\\\/lovme.pt\\\/index.php\\\/loja\\\/\"},{\"@type\":\"ListItem\",\"position\":3,\"name\":\"SEVEN CREATIONS &#8211; CADEIRA ECSTASY LOUNGE LOVE\"}]},{\"@type\":\"WebSite\",\"@id\":\"https:\\\/\\\/lovme.pt\\\/#website\",\"url\":\"https:\\\/\\\/lovme.pt\\\/\",\"name\":\"Lovme Loja Er\u00f3tica N\u00ba1 em Portugal\",\"description\":\"A melhor loja er\u00f3tica de Portugal.\",\"alternateName\":\"Loja Er\u00f3tica Lovme\",\"potentialAction\":[{\"@type\":\"SearchAction\",\"target\":{\"@type\":\"EntryPoint\",\"urlTemplate\":\"https:\\\/\\\/lovme.pt\\\/?s={search_term_string}\"},\"query-input\":{\"@type\":\"PropertyValueSpecification\",\"valueRequired\":true,\"valueName\":\"search_term_string\"}}],\"inLanguage\":\"pt-PT\"}]}<\/script>\n<!-- \/ Yoast SEO plugin. -->","yoast_head_json":{"title":"SEVEN CREATIONS - CADEIRA ECSTASY LOUNGE LOVE - Lovme","robots":{"index":"index","follow":"follow","max-snippet":"max-snippet:-1","max-image-preview":"max-image-preview:large","max-video-preview":"max-video-preview:-1"},"canonical":"https:\/\/lovme.pt\/index.php\/produto\/seven-creations-cadeira-ecstasy-lounge-love\/","og_locale":"pt_PT","og_type":"article","og_title":"SEVEN CREATIONS - CADEIRA ECSTASY LOUNGE LOVE - Lovme","og_description":"SEVEN CREATIONS - LOVE CHAIR ECSTASY LOUNGE","og_url":"https:\/\/lovme.pt\/index.php\/produto\/seven-creations-cadeira-ecstasy-lounge-love\/","og_site_name":"Lovme","article_modified_time":"2026-04-14T10:35:27+00:00","og_image":[{"width":550,"height":550,"url":"https:\/\/erki24nd3ub.exactdn.com\/wp-content\/uploads\/dream\/img\/img_82173_dfa0a2bfba14444b039dd87e1980797c_1.jpg?strip=all","type":"image\/jpeg"}],"twitter_card":"summary_large_image","twitter_misc":{"Tempo estimado de leitura":"1 minuto"},"schema":{"@context":"https:\/\/schema.org","@graph":[{"@type":"WebPage","@id":"https:\/\/lovme.pt\/index.php\/produto\/seven-creations-cadeira-ecstasy-lounge-love\/","url":"https:\/\/lovme.pt\/index.php\/produto\/seven-creations-cadeira-ecstasy-lounge-love\/","name":"SEVEN CREATIONS - CADEIRA ECSTASY LOUNGE LOVE - Lovme","isPartOf":{"@id":"https:\/\/lovme.pt\/#website"},"primaryImageOfPage":{"@id":"https:\/\/lovme.pt\/index.php\/produto\/seven-creations-cadeira-ecstasy-lounge-love\/#primaryimage"},"image":{"@id":"https:\/\/lovme.pt\/index.php\/produto\/seven-creations-cadeira-ecstasy-lounge-love\/#primaryimage"},"thumbnailUrl":"https:\/\/erki24nd3ub.exactdn.com\/wp-content\/uploads\/dream\/img\/img_82173_dfa0a2bfba14444b039dd87e1980797c_1.jpg?strip=all","datePublished":"2025-09-30T10:02:34+00:00","dateModified":"2026-04-14T10:35:27+00:00","breadcrumb":{"@id":"https:\/\/lovme.pt\/index.php\/produto\/seven-creations-cadeira-ecstasy-lounge-love\/#breadcrumb"},"inLanguage":"pt-PT","potentialAction":[{"@type":"ReadAction","target":["https:\/\/lovme.pt\/index.php\/produto\/seven-creations-cadeira-ecstasy-lounge-love\/"]}]},{"@type":"ImageObject","inLanguage":"pt-PT","@id":"https:\/\/lovme.pt\/index.php\/produto\/seven-creations-cadeira-ecstasy-lounge-love\/#primaryimage","url":"https:\/\/erki24nd3ub.exactdn.com\/wp-content\/uploads\/dream\/img\/img_82173_dfa0a2bfba14444b039dd87e1980797c_1.jpg?strip=all","contentUrl":"https:\/\/erki24nd3ub.exactdn.com\/wp-content\/uploads\/dream\/img\/img_82173_dfa0a2bfba14444b039dd87e1980797c_1.jpg?strip=all","width":550,"height":550},{"@type":"BreadcrumbList","@id":"https:\/\/lovme.pt\/index.php\/produto\/seven-creations-cadeira-ecstasy-lounge-love\/#breadcrumb","itemListElement":[{"@type":"ListItem","position":1,"name":"In\u00edcio","item":"https:\/\/lovme.pt\/"},{"@type":"ListItem","position":2,"name":"Loja","item":"https:\/\/lovme.pt\/index.php\/loja\/"},{"@type":"ListItem","position":3,"name":"SEVEN CREATIONS &#8211; CADEIRA ECSTASY LOUNGE LOVE"}]},{"@type":"WebSite","@id":"https:\/\/lovme.pt\/#website","url":"https:\/\/lovme.pt\/","name":"Lovme Loja Er\u00f3tica N\u00ba1 em Portugal","description":"A melhor loja er\u00f3tica de Portugal.","alternateName":"Loja Er\u00f3tica Lovme","potentialAction":[{"@type":"SearchAction","target":{"@type":"EntryPoint","urlTemplate":"https:\/\/lovme.pt\/?s={search_term_string}"},"query-input":{"@type":"PropertyValueSpecification","valueRequired":true,"valueName":"search_term_string"}}],"inLanguage":"pt-PT"}]}},"_links":{"self":[{"href":"https:\/\/lovme.pt\/index.php\/wp-json\/wp\/v2\/product\/28793","targetHints":{"allow":["GET"]}}],"collection":[{"href":"https:\/\/lovme.pt\/index.php\/wp-json\/wp\/v2\/product"}],"about":[{"href":"https:\/\/lovme.pt\/index.php\/wp-json\/wp\/v2\/types\/product"}],"wp:featuredmedia":[{"embeddable":true,"href":"https:\/\/lovme.pt\/index.php\/wp-json\/wp\/v2\/media\/61416"}],"wp:attachment":[{"href":"https:\/\/lovme.pt\/index.php\/wp-json\/wp\/v2\/media?parent=28793"}],"wp:term":[{"taxonomy":"product_brand","embeddable":true,"href":"https:\/\/lovme.pt\/index.php\/wp-json\/wp\/v2\/product_brand?post=28793"},{"taxonomy":"product_cat","embeddable":true,"href":"https:\/\/lovme.pt\/index.php\/wp-json\/wp\/v2\/product_cat?post=28793"},{"taxonomy":"product_tag","embeddable":true,"href":"https:\/\/lovme.pt\/index.php\/wp-json\/wp\/v2\/product_tag?post=28793"}],"curies":[{"name":"wp","href":"https:\/\/api.w.org\/{rel}","templated":true}]}}