{"id":25276,"date":"2025-09-30T20:31:08","date_gmt":"2025-09-30T20:31:08","guid":{"rendered":"https:\/\/lovme.pt\/?post_type=product&#038;p=25276"},"modified":"2026-04-14T10:17:15","modified_gmt":"2026-04-14T10:17:15","slug":"pretty-love-vibracao-smart-hammer-e-ondas-estimulantes","status":"publish","type":"product","link":"https:\/\/lovme.pt\/index.php\/produto\/pretty-love-vibracao-smart-hammer-e-ondas-estimulantes\/","title":{"rendered":"PRETTY LOVE &#8211; SMART HAMMER VIBRA\u00c7\u00c3O E SUC\u00c7\u00c3O"},"content":{"rendered":"<p>O Pretty Love-Hammer tem fun\u00e7\u00f5es de vibra\u00e7\u00e3o e suc\u00e7\u00e3o, que representam produtos inovadores de \u00faltima gera\u00e7\u00e3o.<\/p>\n<p> A inspira\u00e7\u00e3o vem da experi\u00eancia apaixonada do beijo entre casais. Oferece aos clientes tr\u00eas op\u00e7\u00f5es de acess\u00f3rios. Desenvolvemos de forma independente a mini bomba de ar e a bateria segura, tornando o Hammer mais port\u00e1til e seguro, e seu design ergon\u00f4mico o torna f\u00e1cil de usar.<\/p>\n<p> Sete modos de suc\u00e7\u00e3o e sete modos de vibra\u00e7\u00e3o intensa proporcionam aos clientes uma variedade de experi\u00eancias sensuais. O carregador port\u00e1til e o design silencioso permitem que voc\u00ea o use em qualquer lugar. O design \u00e0 prova d&#039;\u00e1gua IPX7 do Pretty-Love-Hammer facilita a limpeza.<\/p>\n<p> Caracter\u00edsticas:<\/p>\n<ul>\n<li> 7 fun\u00e7\u00f5es de vibra\u00e7\u00e3o<\/li>\n<li> 7 Fun\u00e7\u00f5es de Suc\u00e7\u00e3o<\/li>\n<li> Autolimpante<\/li>\n<li> Submers\u00edvel<\/li>\n<li> Recarreg\u00e1vel por USB<\/li>\n<li> Silicone super macio<\/li>\n<\/ul>\n<p> A Pretty Love fabrica produtos com altos padr\u00f5es de qualidade. Todos os produtos s\u00e3o projetados nos EUA e contam com garantia de um ano contra defeitos t\u00e9cnicos.<\/p>\n","protected":false},"excerpt":{"rendered":"<p>PRETTY LOVE &#8211; SMART HAMMER VIBRA\u00c7\u00c3O E SUC\u00c7\u00c3O<\/p>\n","protected":false},"featured_media":69550,"template":"","meta":{"_acf_changed":false},"product_brand":[],"product_cat":[17,61,76],"product_tag":[],"class_list":{"0":"post-25276","1":"product","2":"type-product","3":"status-publish","4":"has-post-thumbnail","6":"product_cat-brinquedos-de-bem-estar-sexual","7":"product_cat-para-elas","8":"product_cat-vibradores","9":"yith_product_brand-pretty-lovepretty-love-smart","11":"first","12":"instock","13":"taxable","14":"shipping-taxable","15":"purchasable","16":"product-type-simple"},"acf":[],"yoast_head":"<!-- This site is optimized with the Yoast SEO plugin v27.4 - https:\/\/yoast.com\/product\/yoast-seo-wordpress\/ -->\n<title>PRETTY LOVE - SMART HAMMER VIBRA\u00c7\u00c3O E SUC\u00c7\u00c3O - Lovme<\/title>\n<meta name=\"robots\" content=\"index, follow, max-snippet:-1, max-image-preview:large, max-video-preview:-1\" \/>\n<link rel=\"canonical\" href=\"https:\/\/lovme.pt\/index.php\/produto\/pretty-love-vibracao-smart-hammer-e-ondas-estimulantes\/\" \/>\n<meta property=\"og:locale\" content=\"pt_PT\" \/>\n<meta property=\"og:type\" content=\"article\" \/>\n<meta property=\"og:title\" content=\"PRETTY LOVE - SMART HAMMER VIBRA\u00c7\u00c3O E SUC\u00c7\u00c3O - Lovme\" \/>\n<meta property=\"og:description\" content=\"PRETTY LOVE - SMART HAMMER VIBRA\u00c7\u00c3O E SUC\u00c7\u00c3O\" \/>\n<meta property=\"og:url\" content=\"https:\/\/lovme.pt\/index.php\/produto\/pretty-love-vibracao-smart-hammer-e-ondas-estimulantes\/\" \/>\n<meta property=\"og:site_name\" content=\"Lovme\" \/>\n<meta property=\"article:modified_time\" content=\"2026-04-14T10:17:15+00:00\" \/>\n<meta property=\"og:image\" content=\"https:\/\/erki24nd3ub.exactdn.com\/wp-content\/uploads\/dream\/img\/img_69727_7dc9091369d979ea51b63e7d9e7473f5_1.jpg?strip=all\" \/>\n\t<meta property=\"og:image:width\" content=\"800\" \/>\n\t<meta property=\"og:image:height\" content=\"800\" \/>\n\t<meta property=\"og:image:type\" content=\"image\/jpeg\" \/>\n<meta name=\"twitter:card\" content=\"summary_large_image\" \/>\n<meta name=\"twitter:label1\" content=\"Tempo estimado de leitura\" \/>\n\t<meta name=\"twitter:data1\" content=\"1 minuto\" \/>\n<script type=\"application\/ld+json\" class=\"yoast-schema-graph\">{\"@context\":\"https:\\\/\\\/schema.org\",\"@graph\":[{\"@type\":\"WebPage\",\"@id\":\"https:\\\/\\\/lovme.pt\\\/index.php\\\/produto\\\/pretty-love-vibracao-smart-hammer-e-ondas-estimulantes\\\/\",\"url\":\"https:\\\/\\\/lovme.pt\\\/index.php\\\/produto\\\/pretty-love-vibracao-smart-hammer-e-ondas-estimulantes\\\/\",\"name\":\"PRETTY LOVE - SMART HAMMER VIBRA\u00c7\u00c3O E SUC\u00c7\u00c3O - Lovme\",\"isPartOf\":{\"@id\":\"https:\\\/\\\/lovme.pt\\\/#website\"},\"primaryImageOfPage\":{\"@id\":\"https:\\\/\\\/lovme.pt\\\/index.php\\\/produto\\\/pretty-love-vibracao-smart-hammer-e-ondas-estimulantes\\\/#primaryimage\"},\"image\":{\"@id\":\"https:\\\/\\\/lovme.pt\\\/index.php\\\/produto\\\/pretty-love-vibracao-smart-hammer-e-ondas-estimulantes\\\/#primaryimage\"},\"thumbnailUrl\":\"https:\\\/\\\/erki24nd3ub.exactdn.com\\\/wp-content\\\/uploads\\\/dream\\\/img\\\/img_69727_7dc9091369d979ea51b63e7d9e7473f5_1.jpg?strip=all\",\"datePublished\":\"2025-09-30T20:31:08+00:00\",\"dateModified\":\"2026-04-14T10:17:15+00:00\",\"breadcrumb\":{\"@id\":\"https:\\\/\\\/lovme.pt\\\/index.php\\\/produto\\\/pretty-love-vibracao-smart-hammer-e-ondas-estimulantes\\\/#breadcrumb\"},\"inLanguage\":\"pt-PT\",\"potentialAction\":[{\"@type\":\"ReadAction\",\"target\":[\"https:\\\/\\\/lovme.pt\\\/index.php\\\/produto\\\/pretty-love-vibracao-smart-hammer-e-ondas-estimulantes\\\/\"]}]},{\"@type\":\"ImageObject\",\"inLanguage\":\"pt-PT\",\"@id\":\"https:\\\/\\\/lovme.pt\\\/index.php\\\/produto\\\/pretty-love-vibracao-smart-hammer-e-ondas-estimulantes\\\/#primaryimage\",\"url\":\"https:\\\/\\\/erki24nd3ub.exactdn.com\\\/wp-content\\\/uploads\\\/dream\\\/img\\\/img_69727_7dc9091369d979ea51b63e7d9e7473f5_1.jpg?strip=all\",\"contentUrl\":\"https:\\\/\\\/erki24nd3ub.exactdn.com\\\/wp-content\\\/uploads\\\/dream\\\/img\\\/img_69727_7dc9091369d979ea51b63e7d9e7473f5_1.jpg?strip=all\",\"width\":800,\"height\":800},{\"@type\":\"BreadcrumbList\",\"@id\":\"https:\\\/\\\/lovme.pt\\\/index.php\\\/produto\\\/pretty-love-vibracao-smart-hammer-e-ondas-estimulantes\\\/#breadcrumb\",\"itemListElement\":[{\"@type\":\"ListItem\",\"position\":1,\"name\":\"In\u00edcio\",\"item\":\"https:\\\/\\\/lovme.pt\\\/\"},{\"@type\":\"ListItem\",\"position\":2,\"name\":\"Loja\",\"item\":\"https:\\\/\\\/lovme.pt\\\/index.php\\\/loja\\\/\"},{\"@type\":\"ListItem\",\"position\":3,\"name\":\"PRETTY LOVE &#8211; SMART HAMMER VIBRA\u00c7\u00c3O E SUC\u00c7\u00c3O\"}]},{\"@type\":\"WebSite\",\"@id\":\"https:\\\/\\\/lovme.pt\\\/#website\",\"url\":\"https:\\\/\\\/lovme.pt\\\/\",\"name\":\"Lovme Loja Er\u00f3tica N\u00ba1 em Portugal\",\"description\":\"A melhor loja er\u00f3tica de Portugal.\",\"alternateName\":\"Loja Er\u00f3tica Lovme\",\"potentialAction\":[{\"@type\":\"SearchAction\",\"target\":{\"@type\":\"EntryPoint\",\"urlTemplate\":\"https:\\\/\\\/lovme.pt\\\/?s={search_term_string}\"},\"query-input\":{\"@type\":\"PropertyValueSpecification\",\"valueRequired\":true,\"valueName\":\"search_term_string\"}}],\"inLanguage\":\"pt-PT\"}]}<\/script>\n<!-- \/ Yoast SEO plugin. -->","yoast_head_json":{"title":"PRETTY LOVE - SMART HAMMER VIBRA\u00c7\u00c3O E SUC\u00c7\u00c3O - Lovme","robots":{"index":"index","follow":"follow","max-snippet":"max-snippet:-1","max-image-preview":"max-image-preview:large","max-video-preview":"max-video-preview:-1"},"canonical":"https:\/\/lovme.pt\/index.php\/produto\/pretty-love-vibracao-smart-hammer-e-ondas-estimulantes\/","og_locale":"pt_PT","og_type":"article","og_title":"PRETTY LOVE - SMART HAMMER VIBRA\u00c7\u00c3O E SUC\u00c7\u00c3O - Lovme","og_description":"PRETTY LOVE - SMART HAMMER VIBRA\u00c7\u00c3O E SUC\u00c7\u00c3O","og_url":"https:\/\/lovme.pt\/index.php\/produto\/pretty-love-vibracao-smart-hammer-e-ondas-estimulantes\/","og_site_name":"Lovme","article_modified_time":"2026-04-14T10:17:15+00:00","og_image":[{"width":800,"height":800,"url":"https:\/\/erki24nd3ub.exactdn.com\/wp-content\/uploads\/dream\/img\/img_69727_7dc9091369d979ea51b63e7d9e7473f5_1.jpg?strip=all","type":"image\/jpeg"}],"twitter_card":"summary_large_image","twitter_misc":{"Tempo estimado de leitura":"1 minuto"},"schema":{"@context":"https:\/\/schema.org","@graph":[{"@type":"WebPage","@id":"https:\/\/lovme.pt\/index.php\/produto\/pretty-love-vibracao-smart-hammer-e-ondas-estimulantes\/","url":"https:\/\/lovme.pt\/index.php\/produto\/pretty-love-vibracao-smart-hammer-e-ondas-estimulantes\/","name":"PRETTY LOVE - SMART HAMMER VIBRA\u00c7\u00c3O E SUC\u00c7\u00c3O - Lovme","isPartOf":{"@id":"https:\/\/lovme.pt\/#website"},"primaryImageOfPage":{"@id":"https:\/\/lovme.pt\/index.php\/produto\/pretty-love-vibracao-smart-hammer-e-ondas-estimulantes\/#primaryimage"},"image":{"@id":"https:\/\/lovme.pt\/index.php\/produto\/pretty-love-vibracao-smart-hammer-e-ondas-estimulantes\/#primaryimage"},"thumbnailUrl":"https:\/\/erki24nd3ub.exactdn.com\/wp-content\/uploads\/dream\/img\/img_69727_7dc9091369d979ea51b63e7d9e7473f5_1.jpg?strip=all","datePublished":"2025-09-30T20:31:08+00:00","dateModified":"2026-04-14T10:17:15+00:00","breadcrumb":{"@id":"https:\/\/lovme.pt\/index.php\/produto\/pretty-love-vibracao-smart-hammer-e-ondas-estimulantes\/#breadcrumb"},"inLanguage":"pt-PT","potentialAction":[{"@type":"ReadAction","target":["https:\/\/lovme.pt\/index.php\/produto\/pretty-love-vibracao-smart-hammer-e-ondas-estimulantes\/"]}]},{"@type":"ImageObject","inLanguage":"pt-PT","@id":"https:\/\/lovme.pt\/index.php\/produto\/pretty-love-vibracao-smart-hammer-e-ondas-estimulantes\/#primaryimage","url":"https:\/\/erki24nd3ub.exactdn.com\/wp-content\/uploads\/dream\/img\/img_69727_7dc9091369d979ea51b63e7d9e7473f5_1.jpg?strip=all","contentUrl":"https:\/\/erki24nd3ub.exactdn.com\/wp-content\/uploads\/dream\/img\/img_69727_7dc9091369d979ea51b63e7d9e7473f5_1.jpg?strip=all","width":800,"height":800},{"@type":"BreadcrumbList","@id":"https:\/\/lovme.pt\/index.php\/produto\/pretty-love-vibracao-smart-hammer-e-ondas-estimulantes\/#breadcrumb","itemListElement":[{"@type":"ListItem","position":1,"name":"In\u00edcio","item":"https:\/\/lovme.pt\/"},{"@type":"ListItem","position":2,"name":"Loja","item":"https:\/\/lovme.pt\/index.php\/loja\/"},{"@type":"ListItem","position":3,"name":"PRETTY LOVE &#8211; SMART HAMMER VIBRA\u00c7\u00c3O E SUC\u00c7\u00c3O"}]},{"@type":"WebSite","@id":"https:\/\/lovme.pt\/#website","url":"https:\/\/lovme.pt\/","name":"Lovme Loja Er\u00f3tica N\u00ba1 em Portugal","description":"A melhor loja er\u00f3tica de Portugal.","alternateName":"Loja Er\u00f3tica Lovme","potentialAction":[{"@type":"SearchAction","target":{"@type":"EntryPoint","urlTemplate":"https:\/\/lovme.pt\/?s={search_term_string}"},"query-input":{"@type":"PropertyValueSpecification","valueRequired":true,"valueName":"search_term_string"}}],"inLanguage":"pt-PT"}]}},"_links":{"self":[{"href":"https:\/\/lovme.pt\/index.php\/wp-json\/wp\/v2\/product\/25276","targetHints":{"allow":["GET"]}}],"collection":[{"href":"https:\/\/lovme.pt\/index.php\/wp-json\/wp\/v2\/product"}],"about":[{"href":"https:\/\/lovme.pt\/index.php\/wp-json\/wp\/v2\/types\/product"}],"wp:featuredmedia":[{"embeddable":true,"href":"https:\/\/lovme.pt\/index.php\/wp-json\/wp\/v2\/media\/69550"}],"wp:attachment":[{"href":"https:\/\/lovme.pt\/index.php\/wp-json\/wp\/v2\/media?parent=25276"}],"wp:term":[{"taxonomy":"product_brand","embeddable":true,"href":"https:\/\/lovme.pt\/index.php\/wp-json\/wp\/v2\/product_brand?post=25276"},{"taxonomy":"product_cat","embeddable":true,"href":"https:\/\/lovme.pt\/index.php\/wp-json\/wp\/v2\/product_cat?post=25276"},{"taxonomy":"product_tag","embeddable":true,"href":"https:\/\/lovme.pt\/index.php\/wp-json\/wp\/v2\/product_tag?post=25276"}],"curies":[{"name":"wp","href":"https:\/\/api.w.org\/{rel}","templated":true}]}}