{"id":24994,"date":"2025-09-30T22:44:42","date_gmt":"2025-09-30T22:44:42","guid":{"rendered":"https:\/\/lovme.pt\/?post_type=product&#038;p=24994"},"modified":"2026-04-15T16:16:21","modified_gmt":"2026-04-15T16:16:21","slug":"fetish-submissive-conjunto-de-lacos-de-cama-de-luxo-com-forro-de-noprene","status":"publish","type":"product","link":"https:\/\/lovme.pt\/index.php\/produto\/fetish-submissive-conjunto-de-lacos-de-cama-de-luxo-com-forro-de-noprene\/","title":{"rendered":"FETISH SUBMISSIVE &#8211; CONJUNTO DE LA\u00c7OS DE CAMA DE LUXO COM FORRO DE NOPRENE"},"content":{"rendered":"<p>Assuma o controle do seu amante com este conjunto de cama completo! Estas algemas permitem criar total submiss&atilde;o do seu amante na cama, couro vegano altamente resistente e metal sem n&iacute;quel. Com este conjunto, voc&ecirc; pode converter a cama em um local BDSM.<\/p>\n<p>A fantasia &eacute; o papel principal neste jogo, deite seu amante e ajuste suavemente as algemas dos tornozelos para apert&aacute;-las, pegue as algemas e repita a mesma a&ccedil;&atilde;o, o jogo come&ccedil;a!!<\/p>\n<p>Um sistema de reten&ccedil;&atilde;o completamente &uacute;nico! Sinta a emo&ccedil;&atilde;o da escravid&atilde;o com seu amante.<\/p>\n<p>Permite diversas posturas e posi&ccedil;&otilde;es.<\/p>\n<p>Com ajustes f&aacute;ceis, basta colocar as al&ccedil;as inclu&iacute;das por baixo do colch&atilde;o, adapta-se a todos os tamanhos de colch&atilde;o.<\/p>\n<p>Este conjunto possui an&eacute;is de metal sem n&iacute;quel que permitem amarrar as algemas no ponto perfeito de acordo com o tamanho de cada pessoa para que fiquem totalmente seguras.<\/p>\n<p>Tanto o metal quanto o couro vegano s&atilde;o adequados para jogadores de bdsm avan&ccedil;ados ou iniciantes com jogos espor&aacute;dicos.<\/p>\n<p>O conjunto inclui;<\/p>\n<ul>\n<li>Duas tiras com argolas para ajustar debaixo do colch&atilde;o<\/li>\n<\/ul>\n<ul>\n<li>2 punhos de tornozelo<\/li>\n<li>2 punhos<\/li>\n<li>Feito de material; Neoprene, metal sem n&iacute;quel e couro vegano.<\/li>\n<\/ul>\n<p>A cole&ccedil;&atilde;o Fetish Submisive &eacute; perfeita para BDSM, qualidade e resist&ecirc;ncia adequadas para qualquer jogo!<\/p>\n<p style=\"text-align: center\">&nbsp;<\/p>\n","protected":false},"excerpt":{"rendered":"<p>FETISH SUBMISSIVE &#8211; CONJUNTO DE RETEN\u00c7\u00d5ES DE CAMA DE LUXO COM FORRO DE NEOPRENE<\/p>\n","protected":false},"featured_media":80608,"template":"","meta":{"_acf_changed":false},"product_brand":[],"product_cat":[48,17],"product_tag":[],"class_list":{"0":"post-24994","1":"product","2":"type-product","3":"status-publish","4":"has-post-thumbnail","6":"product_cat-bdsm","7":"product_cat-brinquedos-de-bem-estar-sexual","8":"yith_product_brand-fetish-submissivefetish-submissive-bondage","10":"first","11":"instock","12":"taxable","13":"shipping-taxable","14":"purchasable","15":"product-type-simple"},"acf":[],"yoast_head":"<!-- This site is optimized with the Yoast SEO plugin v27.3 - https:\/\/yoast.com\/product\/yoast-seo-wordpress\/ -->\n<title>FETISH SUBMISSIVE - CONJUNTO DE LA\u00c7OS DE CAMA DE LUXO COM FORRO DE NOPRENE - Lovme<\/title>\n<meta name=\"robots\" content=\"index, follow, max-snippet:-1, max-image-preview:large, max-video-preview:-1\" \/>\n<link rel=\"canonical\" href=\"https:\/\/lovme.pt\/index.php\/produto\/fetish-submissive-conjunto-de-lacos-de-cama-de-luxo-com-forro-de-noprene\/\" \/>\n<meta property=\"og:locale\" content=\"pt_PT\" \/>\n<meta property=\"og:type\" content=\"article\" \/>\n<meta property=\"og:title\" content=\"FETISH SUBMISSIVE - CONJUNTO DE LA\u00c7OS DE CAMA DE LUXO COM FORRO DE NOPRENE - Lovme\" \/>\n<meta property=\"og:description\" content=\"FETISH SUBMISSIVE - CONJUNTO DE RETEN\u00c7\u00d5ES DE CAMA DE LUXO COM FORRO DE NEOPRENE\" \/>\n<meta property=\"og:url\" content=\"https:\/\/lovme.pt\/index.php\/produto\/fetish-submissive-conjunto-de-lacos-de-cama-de-luxo-com-forro-de-noprene\/\" \/>\n<meta property=\"og:site_name\" content=\"Lovme\" \/>\n<meta property=\"article:modified_time\" content=\"2026-04-15T16:16:21+00:00\" \/>\n<meta property=\"og:image\" content=\"https:\/\/erki24nd3ub.exactdn.com\/wp-content\/uploads\/dream\/img\/img_95053_e943b2ccc89c90ed2823b09ae9d54546_1.png?strip=all\" \/>\n\t<meta property=\"og:image:width\" content=\"800\" \/>\n\t<meta property=\"og:image:height\" content=\"800\" \/>\n\t<meta property=\"og:image:type\" content=\"image\/png\" \/>\n<meta name=\"twitter:card\" content=\"summary_large_image\" \/>\n<meta name=\"twitter:label1\" content=\"Tempo estimado de leitura\" \/>\n\t<meta name=\"twitter:data1\" content=\"1 minuto\" \/>\n<script type=\"application\/ld+json\" class=\"yoast-schema-graph\">{\"@context\":\"https:\\\/\\\/schema.org\",\"@graph\":[{\"@type\":\"WebPage\",\"@id\":\"https:\\\/\\\/lovme.pt\\\/index.php\\\/produto\\\/fetish-submissive-conjunto-de-lacos-de-cama-de-luxo-com-forro-de-noprene\\\/\",\"url\":\"https:\\\/\\\/lovme.pt\\\/index.php\\\/produto\\\/fetish-submissive-conjunto-de-lacos-de-cama-de-luxo-com-forro-de-noprene\\\/\",\"name\":\"FETISH SUBMISSIVE - CONJUNTO DE LA\u00c7OS DE CAMA DE LUXO COM FORRO DE NOPRENE - Lovme\",\"isPartOf\":{\"@id\":\"https:\\\/\\\/lovme.pt\\\/#website\"},\"primaryImageOfPage\":{\"@id\":\"https:\\\/\\\/lovme.pt\\\/index.php\\\/produto\\\/fetish-submissive-conjunto-de-lacos-de-cama-de-luxo-com-forro-de-noprene\\\/#primaryimage\"},\"image\":{\"@id\":\"https:\\\/\\\/lovme.pt\\\/index.php\\\/produto\\\/fetish-submissive-conjunto-de-lacos-de-cama-de-luxo-com-forro-de-noprene\\\/#primaryimage\"},\"thumbnailUrl\":\"https:\\\/\\\/erki24nd3ub.exactdn.com\\\/wp-content\\\/uploads\\\/dream\\\/img\\\/img_95053_e943b2ccc89c90ed2823b09ae9d54546_1.png?strip=all\",\"datePublished\":\"2025-09-30T22:44:42+00:00\",\"dateModified\":\"2026-04-15T16:16:21+00:00\",\"breadcrumb\":{\"@id\":\"https:\\\/\\\/lovme.pt\\\/index.php\\\/produto\\\/fetish-submissive-conjunto-de-lacos-de-cama-de-luxo-com-forro-de-noprene\\\/#breadcrumb\"},\"inLanguage\":\"pt-PT\",\"potentialAction\":[{\"@type\":\"ReadAction\",\"target\":[\"https:\\\/\\\/lovme.pt\\\/index.php\\\/produto\\\/fetish-submissive-conjunto-de-lacos-de-cama-de-luxo-com-forro-de-noprene\\\/\"]}]},{\"@type\":\"ImageObject\",\"inLanguage\":\"pt-PT\",\"@id\":\"https:\\\/\\\/lovme.pt\\\/index.php\\\/produto\\\/fetish-submissive-conjunto-de-lacos-de-cama-de-luxo-com-forro-de-noprene\\\/#primaryimage\",\"url\":\"https:\\\/\\\/erki24nd3ub.exactdn.com\\\/wp-content\\\/uploads\\\/dream\\\/img\\\/img_95053_e943b2ccc89c90ed2823b09ae9d54546_1.png?strip=all\",\"contentUrl\":\"https:\\\/\\\/erki24nd3ub.exactdn.com\\\/wp-content\\\/uploads\\\/dream\\\/img\\\/img_95053_e943b2ccc89c90ed2823b09ae9d54546_1.png?strip=all\",\"width\":800,\"height\":800},{\"@type\":\"BreadcrumbList\",\"@id\":\"https:\\\/\\\/lovme.pt\\\/index.php\\\/produto\\\/fetish-submissive-conjunto-de-lacos-de-cama-de-luxo-com-forro-de-noprene\\\/#breadcrumb\",\"itemListElement\":[{\"@type\":\"ListItem\",\"position\":1,\"name\":\"In\u00edcio\",\"item\":\"https:\\\/\\\/lovme.pt\\\/\"},{\"@type\":\"ListItem\",\"position\":2,\"name\":\"Loja\",\"item\":\"https:\\\/\\\/lovme.pt\\\/index.php\\\/loja\\\/\"},{\"@type\":\"ListItem\",\"position\":3,\"name\":\"FETISH SUBMISSIVE &#8211; CONJUNTO DE LA\u00c7OS DE CAMA DE LUXO COM FORRO DE NOPRENE\"}]},{\"@type\":\"WebSite\",\"@id\":\"https:\\\/\\\/lovme.pt\\\/#website\",\"url\":\"https:\\\/\\\/lovme.pt\\\/\",\"name\":\"Lovme Loja Er\u00f3tica N\u00ba1 em Portugal\",\"description\":\"A melhor loja er\u00f3tica de Portugal.\",\"alternateName\":\"Loja Er\u00f3tica Lovme\",\"potentialAction\":[{\"@type\":\"SearchAction\",\"target\":{\"@type\":\"EntryPoint\",\"urlTemplate\":\"https:\\\/\\\/lovme.pt\\\/?s={search_term_string}\"},\"query-input\":{\"@type\":\"PropertyValueSpecification\",\"valueRequired\":true,\"valueName\":\"search_term_string\"}}],\"inLanguage\":\"pt-PT\"}]}<\/script>\n<!-- \/ Yoast SEO plugin. -->","yoast_head_json":{"title":"FETISH SUBMISSIVE - CONJUNTO DE LA\u00c7OS DE CAMA DE LUXO COM FORRO DE NOPRENE - Lovme","robots":{"index":"index","follow":"follow","max-snippet":"max-snippet:-1","max-image-preview":"max-image-preview:large","max-video-preview":"max-video-preview:-1"},"canonical":"https:\/\/lovme.pt\/index.php\/produto\/fetish-submissive-conjunto-de-lacos-de-cama-de-luxo-com-forro-de-noprene\/","og_locale":"pt_PT","og_type":"article","og_title":"FETISH SUBMISSIVE - CONJUNTO DE LA\u00c7OS DE CAMA DE LUXO COM FORRO DE NOPRENE - Lovme","og_description":"FETISH SUBMISSIVE - CONJUNTO DE RETEN\u00c7\u00d5ES DE CAMA DE LUXO COM FORRO DE NEOPRENE","og_url":"https:\/\/lovme.pt\/index.php\/produto\/fetish-submissive-conjunto-de-lacos-de-cama-de-luxo-com-forro-de-noprene\/","og_site_name":"Lovme","article_modified_time":"2026-04-15T16:16:21+00:00","og_image":[{"width":800,"height":800,"url":"https:\/\/erki24nd3ub.exactdn.com\/wp-content\/uploads\/dream\/img\/img_95053_e943b2ccc89c90ed2823b09ae9d54546_1.png?strip=all","type":"image\/png"}],"twitter_card":"summary_large_image","twitter_misc":{"Tempo estimado de leitura":"1 minuto"},"schema":{"@context":"https:\/\/schema.org","@graph":[{"@type":"WebPage","@id":"https:\/\/lovme.pt\/index.php\/produto\/fetish-submissive-conjunto-de-lacos-de-cama-de-luxo-com-forro-de-noprene\/","url":"https:\/\/lovme.pt\/index.php\/produto\/fetish-submissive-conjunto-de-lacos-de-cama-de-luxo-com-forro-de-noprene\/","name":"FETISH SUBMISSIVE - CONJUNTO DE LA\u00c7OS DE CAMA DE LUXO COM FORRO DE NOPRENE - Lovme","isPartOf":{"@id":"https:\/\/lovme.pt\/#website"},"primaryImageOfPage":{"@id":"https:\/\/lovme.pt\/index.php\/produto\/fetish-submissive-conjunto-de-lacos-de-cama-de-luxo-com-forro-de-noprene\/#primaryimage"},"image":{"@id":"https:\/\/lovme.pt\/index.php\/produto\/fetish-submissive-conjunto-de-lacos-de-cama-de-luxo-com-forro-de-noprene\/#primaryimage"},"thumbnailUrl":"https:\/\/erki24nd3ub.exactdn.com\/wp-content\/uploads\/dream\/img\/img_95053_e943b2ccc89c90ed2823b09ae9d54546_1.png?strip=all","datePublished":"2025-09-30T22:44:42+00:00","dateModified":"2026-04-15T16:16:21+00:00","breadcrumb":{"@id":"https:\/\/lovme.pt\/index.php\/produto\/fetish-submissive-conjunto-de-lacos-de-cama-de-luxo-com-forro-de-noprene\/#breadcrumb"},"inLanguage":"pt-PT","potentialAction":[{"@type":"ReadAction","target":["https:\/\/lovme.pt\/index.php\/produto\/fetish-submissive-conjunto-de-lacos-de-cama-de-luxo-com-forro-de-noprene\/"]}]},{"@type":"ImageObject","inLanguage":"pt-PT","@id":"https:\/\/lovme.pt\/index.php\/produto\/fetish-submissive-conjunto-de-lacos-de-cama-de-luxo-com-forro-de-noprene\/#primaryimage","url":"https:\/\/erki24nd3ub.exactdn.com\/wp-content\/uploads\/dream\/img\/img_95053_e943b2ccc89c90ed2823b09ae9d54546_1.png?strip=all","contentUrl":"https:\/\/erki24nd3ub.exactdn.com\/wp-content\/uploads\/dream\/img\/img_95053_e943b2ccc89c90ed2823b09ae9d54546_1.png?strip=all","width":800,"height":800},{"@type":"BreadcrumbList","@id":"https:\/\/lovme.pt\/index.php\/produto\/fetish-submissive-conjunto-de-lacos-de-cama-de-luxo-com-forro-de-noprene\/#breadcrumb","itemListElement":[{"@type":"ListItem","position":1,"name":"In\u00edcio","item":"https:\/\/lovme.pt\/"},{"@type":"ListItem","position":2,"name":"Loja","item":"https:\/\/lovme.pt\/index.php\/loja\/"},{"@type":"ListItem","position":3,"name":"FETISH SUBMISSIVE &#8211; CONJUNTO DE LA\u00c7OS DE CAMA DE LUXO COM FORRO DE NOPRENE"}]},{"@type":"WebSite","@id":"https:\/\/lovme.pt\/#website","url":"https:\/\/lovme.pt\/","name":"Lovme Loja Er\u00f3tica N\u00ba1 em Portugal","description":"A melhor loja er\u00f3tica de Portugal.","alternateName":"Loja Er\u00f3tica Lovme","potentialAction":[{"@type":"SearchAction","target":{"@type":"EntryPoint","urlTemplate":"https:\/\/lovme.pt\/?s={search_term_string}"},"query-input":{"@type":"PropertyValueSpecification","valueRequired":true,"valueName":"search_term_string"}}],"inLanguage":"pt-PT"}]}},"_links":{"self":[{"href":"https:\/\/lovme.pt\/index.php\/wp-json\/wp\/v2\/product\/24994","targetHints":{"allow":["GET"]}}],"collection":[{"href":"https:\/\/lovme.pt\/index.php\/wp-json\/wp\/v2\/product"}],"about":[{"href":"https:\/\/lovme.pt\/index.php\/wp-json\/wp\/v2\/types\/product"}],"wp:featuredmedia":[{"embeddable":true,"href":"https:\/\/lovme.pt\/index.php\/wp-json\/wp\/v2\/media\/80608"}],"wp:attachment":[{"href":"https:\/\/lovme.pt\/index.php\/wp-json\/wp\/v2\/media?parent=24994"}],"wp:term":[{"taxonomy":"product_brand","embeddable":true,"href":"https:\/\/lovme.pt\/index.php\/wp-json\/wp\/v2\/product_brand?post=24994"},{"taxonomy":"product_cat","embeddable":true,"href":"https:\/\/lovme.pt\/index.php\/wp-json\/wp\/v2\/product_cat?post=24994"},{"taxonomy":"product_tag","embeddable":true,"href":"https:\/\/lovme.pt\/index.php\/wp-json\/wp\/v2\/product_tag?post=24994"}],"curies":[{"name":"wp","href":"https:\/\/api.w.org\/{rel}","templated":true}]}}