{"id":21907,"date":"2025-10-01T03:10:47","date_gmt":"2025-10-01T03:10:47","guid":{"rendered":"https:\/\/lovme.pt\/?post_type=product&p=21907"},"modified":"2026-02-19T20:22:33","modified_gmt":"2026-02-19T20:22:33","slug":"kiki-travel-pina-colada-lubrificante-50-ml-10-1-gratis","status":"publish","type":"product","link":"https:\/\/lovme.pt\/index.php\/produto\/kiki-travel-pina-colada-lubrificante-50-ml-10-1-gratis\/","title":{"rendered":"KIK\u00cd TRAVEL &#8211; PINA COLADA LUBRIFICANTE 50 ML 10 + 1 GR\u00c1TIS"},"content":{"rendered":"<p>Kiki Travel apresenta a cole\u00e7\u00e3o feminina &#8220;performance m\u00e1xima&#8221;. Lubrificantes de alto desempenho com lubrifica\u00e7\u00e3o de longa dura\u00e7\u00e3o e sabores \u00fanicos.<\/p>\n<p>Estes lubrificantes s\u00e3o \u00e0 base de \u00e1gua e proporcionam um toque muito agrad\u00e1vel e macio. Sua f\u00f3rmula \u00fanica mistura os melhores sabores e sensa\u00e7\u00f5es naturais. Tamb\u00e9m incorpora efeito hidratante para cuidar da pele.<\/p>\n<p>Caracter\u00edsticas:<\/p>\n<ul>\n<li>Sabor: Pina Colada<\/li>\n<li>A base de \u00e1gua<\/li>\n<li>Produto vegano<\/li>\n<li>Babosa<\/li>\n<li>Sem parabenos<\/li>\n<li>Sem a\u00e7\u00facar<\/li>\n<li>Sem gl\u00faten<\/li>\n<li>Sabor intenso:<\/li>\n<li>Quantidade: 50 ml<\/li>\n<li>10 + 1 GR\u00c1TIS<\/li>\n<\/ul>\n<p>Todos os produtos kiki travel s\u00e3o totalmente compat\u00edveis com preservativos de l\u00e1tex e qualquer brinquedo e material er\u00f3tico.<\/p>\n<p>Antes de usar o lubrificante regularmente; aplique uma pequena quantidade em seu antebra\u00e7o. Se ocorrer uma rea\u00e7\u00e3o al\u00e9rgica, interrompa o uso.<\/p>\n<p>A cole\u00e7\u00e3o de viagens Kiki foi criada para os amantes do prazer. 2 anos de desenvolvimento terminaram com excelente resultado, obtendo os melhores sabores e efeitos em g\u00e9is deslizantes, e tudo, com produtos naturais. Nossos produtos s\u00e3o 100% veganos e sem parabenos<\/p>\n<p>A viagem Kiki n\u00e3o \u00e9 apenas um gel deslizante, \u00e9 a filosofia da natureza, de bom sexo, de gozo, de sentimentos &#8230;<\/p>\n<p>INGREDIENTES: AQUA, GLICERINA, AROMA, HIDROXIETHILLCELULOSE, BENZOATO DE S\u00d3DIO, SORBATE DE POT\u00c1SSIO, CITRATO DE S\u00d3DIO, SACARINA DE S\u00d3DIO, \u00c1CIDO C\u00cdTRICO, GUAR HIDROXIPROXYPROXYPROXYPROXYPROXYPROXYPROXYPROXYPROXYPROXITRIMORON, CITRALO DE L\u00cdDRALO, CROPILORAL\u00c9TRIMO-LIBORAL, CROPILORAL\u00c9RIMO C\u00d3DIGO DE LIBORAL\u00c9-L\u00c1-L\u00c1-LO, CROP\u00cdLO-CROPILORON\u00cdTALO-CROPILORAL?<\/p>\n","protected":false},"excerpt":{"rendered":"<p>KIK\u00cd TRAVEL &#8211; PINA COLADA LUBRIFICANTE 50 ML 10 + 1 GR\u00c1TIS<\/p>\n","protected":false},"featured_media":101962,"template":"","meta":{"_acf_changed":false},"product_brand":[],"product_cat":[49,65,53],"product_tag":[],"class_list":{"0":"post-21907","1":"product","2":"type-product","3":"status-publish","4":"has-post-thumbnail","6":"product_cat-cosmeticos","7":"product_cat-kits","8":"product_cat-lubrificantes-intimos","9":"yith_product_brand-kiki-travel","11":"first","12":"instock","13":"taxable","14":"shipping-taxable","15":"purchasable","16":"product-type-simple"},"acf":[],"yoast_head":"<!-- This site is optimized with the Yoast SEO plugin v27.3 - https:\/\/yoast.com\/product\/yoast-seo-wordpress\/ -->\n<title>KIK\u00cd TRAVEL - PINA COLADA LUBRIFICANTE 50 ML 10 + 1 GR\u00c1TIS - Lovme<\/title>\n<meta name=\"robots\" content=\"index, follow, max-snippet:-1, max-image-preview:large, max-video-preview:-1\" \/>\n<link rel=\"canonical\" href=\"https:\/\/lovme.pt\/index.php\/produto\/kiki-travel-pina-colada-lubrificante-50-ml-10-1-gratis\/\" \/>\n<meta property=\"og:locale\" content=\"pt_PT\" \/>\n<meta property=\"og:type\" content=\"article\" \/>\n<meta property=\"og:title\" content=\"KIK\u00cd TRAVEL - PINA COLADA LUBRIFICANTE 50 ML 10 + 1 GR\u00c1TIS - Lovme\" \/>\n<meta property=\"og:description\" content=\"KIK\u00cd TRAVEL - PINA COLADA LUBRIFICANTE 50 ML 10 + 1 GR\u00c1TIS\" \/>\n<meta property=\"og:url\" content=\"https:\/\/lovme.pt\/index.php\/produto\/kiki-travel-pina-colada-lubrificante-50-ml-10-1-gratis\/\" \/>\n<meta property=\"og:site_name\" content=\"Lovme\" \/>\n<meta property=\"article:modified_time\" content=\"2026-02-19T20:22:33+00:00\" \/>\n<meta property=\"og:image\" content=\"https:\/\/erki24nd3ub.exactdn.com\/wp-content\/uploads\/dream\/img\/img_58013_91327c22d51453642320b7dc7130e743_1.jpg?strip=all\" \/>\n\t<meta property=\"og:image:width\" content=\"900\" \/>\n\t<meta property=\"og:image:height\" content=\"900\" \/>\n\t<meta property=\"og:image:type\" content=\"image\/jpeg\" \/>\n<meta name=\"twitter:card\" content=\"summary_large_image\" \/>\n<meta name=\"twitter:label1\" content=\"Tempo estimado de leitura\" \/>\n\t<meta name=\"twitter:data1\" content=\"1 minuto\" \/>\n<script type=\"application\/ld+json\" class=\"yoast-schema-graph\">{\"@context\":\"https:\\\/\\\/schema.org\",\"@graph\":[{\"@type\":\"WebPage\",\"@id\":\"https:\\\/\\\/lovme.pt\\\/index.php\\\/produto\\\/kiki-travel-pina-colada-lubrificante-50-ml-10-1-gratis\\\/\",\"url\":\"https:\\\/\\\/lovme.pt\\\/index.php\\\/produto\\\/kiki-travel-pina-colada-lubrificante-50-ml-10-1-gratis\\\/\",\"name\":\"KIK\u00cd TRAVEL - PINA COLADA LUBRIFICANTE 50 ML 10 + 1 GR\u00c1TIS - Lovme\",\"isPartOf\":{\"@id\":\"https:\\\/\\\/lovme.pt\\\/#website\"},\"primaryImageOfPage\":{\"@id\":\"https:\\\/\\\/lovme.pt\\\/index.php\\\/produto\\\/kiki-travel-pina-colada-lubrificante-50-ml-10-1-gratis\\\/#primaryimage\"},\"image\":{\"@id\":\"https:\\\/\\\/lovme.pt\\\/index.php\\\/produto\\\/kiki-travel-pina-colada-lubrificante-50-ml-10-1-gratis\\\/#primaryimage\"},\"thumbnailUrl\":\"https:\\\/\\\/erki24nd3ub.exactdn.com\\\/wp-content\\\/uploads\\\/dream\\\/img\\\/img_58013_91327c22d51453642320b7dc7130e743_1.jpg?strip=all\",\"datePublished\":\"2025-10-01T03:10:47+00:00\",\"dateModified\":\"2026-02-19T20:22:33+00:00\",\"breadcrumb\":{\"@id\":\"https:\\\/\\\/lovme.pt\\\/index.php\\\/produto\\\/kiki-travel-pina-colada-lubrificante-50-ml-10-1-gratis\\\/#breadcrumb\"},\"inLanguage\":\"pt-PT\",\"potentialAction\":[{\"@type\":\"ReadAction\",\"target\":[\"https:\\\/\\\/lovme.pt\\\/index.php\\\/produto\\\/kiki-travel-pina-colada-lubrificante-50-ml-10-1-gratis\\\/\"]}]},{\"@type\":\"ImageObject\",\"inLanguage\":\"pt-PT\",\"@id\":\"https:\\\/\\\/lovme.pt\\\/index.php\\\/produto\\\/kiki-travel-pina-colada-lubrificante-50-ml-10-1-gratis\\\/#primaryimage\",\"url\":\"https:\\\/\\\/erki24nd3ub.exactdn.com\\\/wp-content\\\/uploads\\\/dream\\\/img\\\/img_58013_91327c22d51453642320b7dc7130e743_1.jpg?strip=all\",\"contentUrl\":\"https:\\\/\\\/erki24nd3ub.exactdn.com\\\/wp-content\\\/uploads\\\/dream\\\/img\\\/img_58013_91327c22d51453642320b7dc7130e743_1.jpg?strip=all\",\"width\":900,\"height\":900},{\"@type\":\"BreadcrumbList\",\"@id\":\"https:\\\/\\\/lovme.pt\\\/index.php\\\/produto\\\/kiki-travel-pina-colada-lubrificante-50-ml-10-1-gratis\\\/#breadcrumb\",\"itemListElement\":[{\"@type\":\"ListItem\",\"position\":1,\"name\":\"In\u00edcio\",\"item\":\"https:\\\/\\\/lovme.pt\\\/\"},{\"@type\":\"ListItem\",\"position\":2,\"name\":\"Loja\",\"item\":\"https:\\\/\\\/lovme.pt\\\/index.php\\\/loja\\\/\"},{\"@type\":\"ListItem\",\"position\":3,\"name\":\"KIK\u00cd TRAVEL &#8211; PINA COLADA LUBRIFICANTE 50 ML 10 + 1 GR\u00c1TIS\"}]},{\"@type\":\"WebSite\",\"@id\":\"https:\\\/\\\/lovme.pt\\\/#website\",\"url\":\"https:\\\/\\\/lovme.pt\\\/\",\"name\":\"Lovme Loja Er\u00f3tica N\u00ba1 em Portugal\",\"description\":\"A melhor loja er\u00f3tica de Portugal.\",\"alternateName\":\"Loja Er\u00f3tica Lovme\",\"potentialAction\":[{\"@type\":\"SearchAction\",\"target\":{\"@type\":\"EntryPoint\",\"urlTemplate\":\"https:\\\/\\\/lovme.pt\\\/?s={search_term_string}\"},\"query-input\":{\"@type\":\"PropertyValueSpecification\",\"valueRequired\":true,\"valueName\":\"search_term_string\"}}],\"inLanguage\":\"pt-PT\"}]}<\/script>\n<!-- \/ Yoast SEO plugin. -->","yoast_head_json":{"title":"KIK\u00cd TRAVEL - PINA COLADA LUBRIFICANTE 50 ML 10 + 1 GR\u00c1TIS - Lovme","robots":{"index":"index","follow":"follow","max-snippet":"max-snippet:-1","max-image-preview":"max-image-preview:large","max-video-preview":"max-video-preview:-1"},"canonical":"https:\/\/lovme.pt\/index.php\/produto\/kiki-travel-pina-colada-lubrificante-50-ml-10-1-gratis\/","og_locale":"pt_PT","og_type":"article","og_title":"KIK\u00cd TRAVEL - PINA COLADA LUBRIFICANTE 50 ML 10 + 1 GR\u00c1TIS - Lovme","og_description":"KIK\u00cd TRAVEL - PINA COLADA LUBRIFICANTE 50 ML 10 + 1 GR\u00c1TIS","og_url":"https:\/\/lovme.pt\/index.php\/produto\/kiki-travel-pina-colada-lubrificante-50-ml-10-1-gratis\/","og_site_name":"Lovme","article_modified_time":"2026-02-19T20:22:33+00:00","og_image":[{"width":900,"height":900,"url":"https:\/\/erki24nd3ub.exactdn.com\/wp-content\/uploads\/dream\/img\/img_58013_91327c22d51453642320b7dc7130e743_1.jpg?strip=all","type":"image\/jpeg"}],"twitter_card":"summary_large_image","twitter_misc":{"Tempo estimado de leitura":"1 minuto"},"schema":{"@context":"https:\/\/schema.org","@graph":[{"@type":"WebPage","@id":"https:\/\/lovme.pt\/index.php\/produto\/kiki-travel-pina-colada-lubrificante-50-ml-10-1-gratis\/","url":"https:\/\/lovme.pt\/index.php\/produto\/kiki-travel-pina-colada-lubrificante-50-ml-10-1-gratis\/","name":"KIK\u00cd TRAVEL - PINA COLADA LUBRIFICANTE 50 ML 10 + 1 GR\u00c1TIS - Lovme","isPartOf":{"@id":"https:\/\/lovme.pt\/#website"},"primaryImageOfPage":{"@id":"https:\/\/lovme.pt\/index.php\/produto\/kiki-travel-pina-colada-lubrificante-50-ml-10-1-gratis\/#primaryimage"},"image":{"@id":"https:\/\/lovme.pt\/index.php\/produto\/kiki-travel-pina-colada-lubrificante-50-ml-10-1-gratis\/#primaryimage"},"thumbnailUrl":"https:\/\/erki24nd3ub.exactdn.com\/wp-content\/uploads\/dream\/img\/img_58013_91327c22d51453642320b7dc7130e743_1.jpg?strip=all","datePublished":"2025-10-01T03:10:47+00:00","dateModified":"2026-02-19T20:22:33+00:00","breadcrumb":{"@id":"https:\/\/lovme.pt\/index.php\/produto\/kiki-travel-pina-colada-lubrificante-50-ml-10-1-gratis\/#breadcrumb"},"inLanguage":"pt-PT","potentialAction":[{"@type":"ReadAction","target":["https:\/\/lovme.pt\/index.php\/produto\/kiki-travel-pina-colada-lubrificante-50-ml-10-1-gratis\/"]}]},{"@type":"ImageObject","inLanguage":"pt-PT","@id":"https:\/\/lovme.pt\/index.php\/produto\/kiki-travel-pina-colada-lubrificante-50-ml-10-1-gratis\/#primaryimage","url":"https:\/\/erki24nd3ub.exactdn.com\/wp-content\/uploads\/dream\/img\/img_58013_91327c22d51453642320b7dc7130e743_1.jpg?strip=all","contentUrl":"https:\/\/erki24nd3ub.exactdn.com\/wp-content\/uploads\/dream\/img\/img_58013_91327c22d51453642320b7dc7130e743_1.jpg?strip=all","width":900,"height":900},{"@type":"BreadcrumbList","@id":"https:\/\/lovme.pt\/index.php\/produto\/kiki-travel-pina-colada-lubrificante-50-ml-10-1-gratis\/#breadcrumb","itemListElement":[{"@type":"ListItem","position":1,"name":"In\u00edcio","item":"https:\/\/lovme.pt\/"},{"@type":"ListItem","position":2,"name":"Loja","item":"https:\/\/lovme.pt\/index.php\/loja\/"},{"@type":"ListItem","position":3,"name":"KIK\u00cd TRAVEL &#8211; PINA COLADA LUBRIFICANTE 50 ML 10 + 1 GR\u00c1TIS"}]},{"@type":"WebSite","@id":"https:\/\/lovme.pt\/#website","url":"https:\/\/lovme.pt\/","name":"Lovme Loja Er\u00f3tica N\u00ba1 em Portugal","description":"A melhor loja er\u00f3tica de Portugal.","alternateName":"Loja Er\u00f3tica Lovme","potentialAction":[{"@type":"SearchAction","target":{"@type":"EntryPoint","urlTemplate":"https:\/\/lovme.pt\/?s={search_term_string}"},"query-input":{"@type":"PropertyValueSpecification","valueRequired":true,"valueName":"search_term_string"}}],"inLanguage":"pt-PT"}]}},"_links":{"self":[{"href":"https:\/\/lovme.pt\/index.php\/wp-json\/wp\/v2\/product\/21907","targetHints":{"allow":["GET"]}}],"collection":[{"href":"https:\/\/lovme.pt\/index.php\/wp-json\/wp\/v2\/product"}],"about":[{"href":"https:\/\/lovme.pt\/index.php\/wp-json\/wp\/v2\/types\/product"}],"wp:featuredmedia":[{"embeddable":true,"href":"https:\/\/lovme.pt\/index.php\/wp-json\/wp\/v2\/media\/101962"}],"wp:attachment":[{"href":"https:\/\/lovme.pt\/index.php\/wp-json\/wp\/v2\/media?parent=21907"}],"wp:term":[{"taxonomy":"product_brand","embeddable":true,"href":"https:\/\/lovme.pt\/index.php\/wp-json\/wp\/v2\/product_brand?post=21907"},{"taxonomy":"product_cat","embeddable":true,"href":"https:\/\/lovme.pt\/index.php\/wp-json\/wp\/v2\/product_cat?post=21907"},{"taxonomy":"product_tag","embeddable":true,"href":"https:\/\/lovme.pt\/index.php\/wp-json\/wp\/v2\/product_tag?post=21907"}],"curies":[{"name":"wp","href":"https:\/\/api.w.org\/{rel}","templated":true}]}}