{"id":21905,"date":"2025-10-01T03:10:45","date_gmt":"2025-10-01T03:10:45","guid":{"rendered":"https:\/\/lovme.pt\/?post_type=product&#038;p=21905"},"modified":"2026-04-14T16:01:31","modified_gmt":"2026-04-14T16:01:31","slug":"kiki-travel-lubrificante-sabor-goma-50ml-10-1-gratis","status":"publish","type":"product","link":"https:\/\/lovme.pt\/index.php\/produto\/kiki-travel-lubrificante-sabor-goma-50ml-10-1-gratis\/","title":{"rendered":"KIK\u00cd TRAVEL &#8211; LUBRIFICANTE SABOR GOMA 50ML 10 + 1 GR\u00c1TIS"},"content":{"rendered":"<p>Kiki travel apresenta a cole&ccedil;&atilde;o feminina perfeita de &#039;m&aacute;xima performance&#039;, performance extremamente duradoura e um sabor &uacute;nico de Bubble Gum.<\/p>\n<p>Os lubrificantes s&atilde;o desenvolvidos &agrave; base de &aacute;gua e proporcionam toque sedoso, a f&oacute;rmula &uacute;nica funde sabor e sensa&ccedil;&atilde;o naturais.<\/p>\n<p>Ao entrar em contato com a pele, lubrifica, hidrata e gera sensa&ccedil;&atilde;o de bem-estar.<\/p>\n<ul>\n<li>Base de &aacute;gua<\/li>\n<li>Produto Vegano<\/li>\n<li>Com Alo&eacute; vera<\/li>\n<li>Sem parabenos<\/li>\n<li>Sem a&ccedil;&uacute;cares<\/li>\n<li>Sem gl&uacute;ten<\/li>\n<li>Sabor intenso de chiclete.<\/li>\n<\/ul>\n<p>Recipiente elegante 50ml<\/p>\n<p>Todos os produtos de viagem Kiki s&atilde;o totalmente compat&iacute;veis com preservativos de l&aacute;tex, brinquedos er&oacute;ticos feitos de qualquer material.<\/p>\n<p>Use um pouco de gel deslizante na base da m&atilde;o e espalhe suavemente nas zonas er&oacute;genas.<\/p>\n<p>INGREDIENTES: Aqua, Glicerina, Aroma, Hidroxietilcelulose, Benzoato de s&oacute;dio, sorbato de pot&aacute;ssio, citrato de s&oacute;dio, sacarina s&oacute;dica, &aacute;cido c&iacute;trico, cloreto de gudroxipropiltrim&ocirc;nio, limoneno, citral, eugenol, suco de folha de aloe barbadensis em p&oacute;, malte Extrina.<\/p>\n<p>A cole&ccedil;&atilde;o de viagens Kiki foi criada para os amantes do prazer. 2 anos de desenvolvimento terminaram com um excelente resultado, conseguindo os melhores sabores e efeitos em g&eacute;is deslizantes &agrave; base de produtos naturais, 100% veganos e sem parabenos.<\/p>\n<p>Kiki travel &eacute; um requinte elevado ao m&aacute;ximo, n&atilde;o &eacute; apenas um gel deslizante, &eacute; a filosofia da natureza, do bom sexo, do desfrutar, do sentir, do derreter no tempo que causar&aacute; uma explos&atilde;o a cada segundo em contato com voc&ecirc; .<\/p>\n<p>Pacote 10 + 1 Unidade Gr&aacute;tis<\/p>\n","protected":false},"excerpt":{"rendered":"<p>KIK\u00cd TRAVEL &#8211; LUBRIFICANTE SABOR GOMA DE VIAGEM KIK 50ML 10 + 1 GR\u00c1TIS<\/p>\n","protected":false},"featured_media":101960,"template":"","meta":{"_acf_changed":false},"product_brand":[],"product_cat":[65],"product_tag":[],"class_list":{"0":"post-21905","1":"product","2":"type-product","3":"status-publish","4":"has-post-thumbnail","6":"product_cat-kits","7":"yith_product_brand-kiki-travel","9":"first","10":"instock","11":"taxable","12":"shipping-taxable","13":"purchasable","14":"product-type-simple"},"acf":[],"yoast_head":"<!-- This site is optimized with the Yoast SEO plugin v27.3 - https:\/\/yoast.com\/product\/yoast-seo-wordpress\/ -->\n<title>KIK\u00cd TRAVEL - LUBRIFICANTE SABOR GOMA 50ML 10 + 1 GR\u00c1TIS - Lovme<\/title>\n<meta name=\"robots\" content=\"index, follow, max-snippet:-1, max-image-preview:large, max-video-preview:-1\" \/>\n<link rel=\"canonical\" href=\"https:\/\/lovme.pt\/index.php\/produto\/kiki-travel-lubrificante-sabor-goma-50ml-10-1-gratis\/\" \/>\n<meta property=\"og:locale\" content=\"pt_PT\" \/>\n<meta property=\"og:type\" content=\"article\" \/>\n<meta property=\"og:title\" content=\"KIK\u00cd TRAVEL - LUBRIFICANTE SABOR GOMA 50ML 10 + 1 GR\u00c1TIS - Lovme\" \/>\n<meta property=\"og:description\" content=\"KIK\u00cd TRAVEL - LUBRIFICANTE SABOR GOMA DE VIAGEM KIK 50ML 10 + 1 GR\u00c1TIS\" \/>\n<meta property=\"og:url\" content=\"https:\/\/lovme.pt\/index.php\/produto\/kiki-travel-lubrificante-sabor-goma-50ml-10-1-gratis\/\" \/>\n<meta property=\"og:site_name\" content=\"Lovme\" \/>\n<meta property=\"article:modified_time\" content=\"2026-04-14T16:01:31+00:00\" \/>\n<meta property=\"og:image\" content=\"https:\/\/erki24nd3ub.exactdn.com\/wp-content\/uploads\/dream\/img\/img_58011_744460efcf4584f1c525b9ed0c40f767_1.jpg?strip=all\" \/>\n\t<meta property=\"og:image:width\" content=\"900\" \/>\n\t<meta property=\"og:image:height\" content=\"900\" \/>\n\t<meta property=\"og:image:type\" content=\"image\/jpeg\" \/>\n<meta name=\"twitter:card\" content=\"summary_large_image\" \/>\n<meta name=\"twitter:label1\" content=\"Tempo estimado de leitura\" \/>\n\t<meta name=\"twitter:data1\" content=\"1 minuto\" \/>\n<script type=\"application\/ld+json\" class=\"yoast-schema-graph\">{\"@context\":\"https:\\\/\\\/schema.org\",\"@graph\":[{\"@type\":\"WebPage\",\"@id\":\"https:\\\/\\\/lovme.pt\\\/index.php\\\/produto\\\/kiki-travel-lubrificante-sabor-goma-50ml-10-1-gratis\\\/\",\"url\":\"https:\\\/\\\/lovme.pt\\\/index.php\\\/produto\\\/kiki-travel-lubrificante-sabor-goma-50ml-10-1-gratis\\\/\",\"name\":\"KIK\u00cd TRAVEL - LUBRIFICANTE SABOR GOMA 50ML 10 + 1 GR\u00c1TIS - Lovme\",\"isPartOf\":{\"@id\":\"https:\\\/\\\/lovme.pt\\\/#website\"},\"primaryImageOfPage\":{\"@id\":\"https:\\\/\\\/lovme.pt\\\/index.php\\\/produto\\\/kiki-travel-lubrificante-sabor-goma-50ml-10-1-gratis\\\/#primaryimage\"},\"image\":{\"@id\":\"https:\\\/\\\/lovme.pt\\\/index.php\\\/produto\\\/kiki-travel-lubrificante-sabor-goma-50ml-10-1-gratis\\\/#primaryimage\"},\"thumbnailUrl\":\"https:\\\/\\\/erki24nd3ub.exactdn.com\\\/wp-content\\\/uploads\\\/dream\\\/img\\\/img_58011_744460efcf4584f1c525b9ed0c40f767_1.jpg?strip=all\",\"datePublished\":\"2025-10-01T03:10:45+00:00\",\"dateModified\":\"2026-04-14T16:01:31+00:00\",\"breadcrumb\":{\"@id\":\"https:\\\/\\\/lovme.pt\\\/index.php\\\/produto\\\/kiki-travel-lubrificante-sabor-goma-50ml-10-1-gratis\\\/#breadcrumb\"},\"inLanguage\":\"pt-PT\",\"potentialAction\":[{\"@type\":\"ReadAction\",\"target\":[\"https:\\\/\\\/lovme.pt\\\/index.php\\\/produto\\\/kiki-travel-lubrificante-sabor-goma-50ml-10-1-gratis\\\/\"]}]},{\"@type\":\"ImageObject\",\"inLanguage\":\"pt-PT\",\"@id\":\"https:\\\/\\\/lovme.pt\\\/index.php\\\/produto\\\/kiki-travel-lubrificante-sabor-goma-50ml-10-1-gratis\\\/#primaryimage\",\"url\":\"https:\\\/\\\/erki24nd3ub.exactdn.com\\\/wp-content\\\/uploads\\\/dream\\\/img\\\/img_58011_744460efcf4584f1c525b9ed0c40f767_1.jpg?strip=all\",\"contentUrl\":\"https:\\\/\\\/erki24nd3ub.exactdn.com\\\/wp-content\\\/uploads\\\/dream\\\/img\\\/img_58011_744460efcf4584f1c525b9ed0c40f767_1.jpg?strip=all\",\"width\":900,\"height\":900},{\"@type\":\"BreadcrumbList\",\"@id\":\"https:\\\/\\\/lovme.pt\\\/index.php\\\/produto\\\/kiki-travel-lubrificante-sabor-goma-50ml-10-1-gratis\\\/#breadcrumb\",\"itemListElement\":[{\"@type\":\"ListItem\",\"position\":1,\"name\":\"In\u00edcio\",\"item\":\"https:\\\/\\\/lovme.pt\\\/\"},{\"@type\":\"ListItem\",\"position\":2,\"name\":\"Loja\",\"item\":\"https:\\\/\\\/lovme.pt\\\/index.php\\\/loja\\\/\"},{\"@type\":\"ListItem\",\"position\":3,\"name\":\"KIK\u00cd TRAVEL &#8211; LUBRIFICANTE SABOR GOMA 50ML 10 + 1 GR\u00c1TIS\"}]},{\"@type\":\"WebSite\",\"@id\":\"https:\\\/\\\/lovme.pt\\\/#website\",\"url\":\"https:\\\/\\\/lovme.pt\\\/\",\"name\":\"Lovme Loja Er\u00f3tica N\u00ba1 em Portugal\",\"description\":\"A melhor loja er\u00f3tica de Portugal.\",\"alternateName\":\"Loja Er\u00f3tica Lovme\",\"potentialAction\":[{\"@type\":\"SearchAction\",\"target\":{\"@type\":\"EntryPoint\",\"urlTemplate\":\"https:\\\/\\\/lovme.pt\\\/?s={search_term_string}\"},\"query-input\":{\"@type\":\"PropertyValueSpecification\",\"valueRequired\":true,\"valueName\":\"search_term_string\"}}],\"inLanguage\":\"pt-PT\"}]}<\/script>\n<!-- \/ Yoast SEO plugin. -->","yoast_head_json":{"title":"KIK\u00cd TRAVEL - LUBRIFICANTE SABOR GOMA 50ML 10 + 1 GR\u00c1TIS - Lovme","robots":{"index":"index","follow":"follow","max-snippet":"max-snippet:-1","max-image-preview":"max-image-preview:large","max-video-preview":"max-video-preview:-1"},"canonical":"https:\/\/lovme.pt\/index.php\/produto\/kiki-travel-lubrificante-sabor-goma-50ml-10-1-gratis\/","og_locale":"pt_PT","og_type":"article","og_title":"KIK\u00cd TRAVEL - LUBRIFICANTE SABOR GOMA 50ML 10 + 1 GR\u00c1TIS - Lovme","og_description":"KIK\u00cd TRAVEL - LUBRIFICANTE SABOR GOMA DE VIAGEM KIK 50ML 10 + 1 GR\u00c1TIS","og_url":"https:\/\/lovme.pt\/index.php\/produto\/kiki-travel-lubrificante-sabor-goma-50ml-10-1-gratis\/","og_site_name":"Lovme","article_modified_time":"2026-04-14T16:01:31+00:00","og_image":[{"width":900,"height":900,"url":"https:\/\/erki24nd3ub.exactdn.com\/wp-content\/uploads\/dream\/img\/img_58011_744460efcf4584f1c525b9ed0c40f767_1.jpg?strip=all","type":"image\/jpeg"}],"twitter_card":"summary_large_image","twitter_misc":{"Tempo estimado de leitura":"1 minuto"},"schema":{"@context":"https:\/\/schema.org","@graph":[{"@type":"WebPage","@id":"https:\/\/lovme.pt\/index.php\/produto\/kiki-travel-lubrificante-sabor-goma-50ml-10-1-gratis\/","url":"https:\/\/lovme.pt\/index.php\/produto\/kiki-travel-lubrificante-sabor-goma-50ml-10-1-gratis\/","name":"KIK\u00cd TRAVEL - LUBRIFICANTE SABOR GOMA 50ML 10 + 1 GR\u00c1TIS - Lovme","isPartOf":{"@id":"https:\/\/lovme.pt\/#website"},"primaryImageOfPage":{"@id":"https:\/\/lovme.pt\/index.php\/produto\/kiki-travel-lubrificante-sabor-goma-50ml-10-1-gratis\/#primaryimage"},"image":{"@id":"https:\/\/lovme.pt\/index.php\/produto\/kiki-travel-lubrificante-sabor-goma-50ml-10-1-gratis\/#primaryimage"},"thumbnailUrl":"https:\/\/erki24nd3ub.exactdn.com\/wp-content\/uploads\/dream\/img\/img_58011_744460efcf4584f1c525b9ed0c40f767_1.jpg?strip=all","datePublished":"2025-10-01T03:10:45+00:00","dateModified":"2026-04-14T16:01:31+00:00","breadcrumb":{"@id":"https:\/\/lovme.pt\/index.php\/produto\/kiki-travel-lubrificante-sabor-goma-50ml-10-1-gratis\/#breadcrumb"},"inLanguage":"pt-PT","potentialAction":[{"@type":"ReadAction","target":["https:\/\/lovme.pt\/index.php\/produto\/kiki-travel-lubrificante-sabor-goma-50ml-10-1-gratis\/"]}]},{"@type":"ImageObject","inLanguage":"pt-PT","@id":"https:\/\/lovme.pt\/index.php\/produto\/kiki-travel-lubrificante-sabor-goma-50ml-10-1-gratis\/#primaryimage","url":"https:\/\/erki24nd3ub.exactdn.com\/wp-content\/uploads\/dream\/img\/img_58011_744460efcf4584f1c525b9ed0c40f767_1.jpg?strip=all","contentUrl":"https:\/\/erki24nd3ub.exactdn.com\/wp-content\/uploads\/dream\/img\/img_58011_744460efcf4584f1c525b9ed0c40f767_1.jpg?strip=all","width":900,"height":900},{"@type":"BreadcrumbList","@id":"https:\/\/lovme.pt\/index.php\/produto\/kiki-travel-lubrificante-sabor-goma-50ml-10-1-gratis\/#breadcrumb","itemListElement":[{"@type":"ListItem","position":1,"name":"In\u00edcio","item":"https:\/\/lovme.pt\/"},{"@type":"ListItem","position":2,"name":"Loja","item":"https:\/\/lovme.pt\/index.php\/loja\/"},{"@type":"ListItem","position":3,"name":"KIK\u00cd TRAVEL &#8211; LUBRIFICANTE SABOR GOMA 50ML 10 + 1 GR\u00c1TIS"}]},{"@type":"WebSite","@id":"https:\/\/lovme.pt\/#website","url":"https:\/\/lovme.pt\/","name":"Lovme Loja Er\u00f3tica N\u00ba1 em Portugal","description":"A melhor loja er\u00f3tica de Portugal.","alternateName":"Loja Er\u00f3tica Lovme","potentialAction":[{"@type":"SearchAction","target":{"@type":"EntryPoint","urlTemplate":"https:\/\/lovme.pt\/?s={search_term_string}"},"query-input":{"@type":"PropertyValueSpecification","valueRequired":true,"valueName":"search_term_string"}}],"inLanguage":"pt-PT"}]}},"_links":{"self":[{"href":"https:\/\/lovme.pt\/index.php\/wp-json\/wp\/v2\/product\/21905","targetHints":{"allow":["GET"]}}],"collection":[{"href":"https:\/\/lovme.pt\/index.php\/wp-json\/wp\/v2\/product"}],"about":[{"href":"https:\/\/lovme.pt\/index.php\/wp-json\/wp\/v2\/types\/product"}],"wp:featuredmedia":[{"embeddable":true,"href":"https:\/\/lovme.pt\/index.php\/wp-json\/wp\/v2\/media\/101960"}],"wp:attachment":[{"href":"https:\/\/lovme.pt\/index.php\/wp-json\/wp\/v2\/media?parent=21905"}],"wp:term":[{"taxonomy":"product_brand","embeddable":true,"href":"https:\/\/lovme.pt\/index.php\/wp-json\/wp\/v2\/product_brand?post=21905"},{"taxonomy":"product_cat","embeddable":true,"href":"https:\/\/lovme.pt\/index.php\/wp-json\/wp\/v2\/product_cat?post=21905"},{"taxonomy":"product_tag","embeddable":true,"href":"https:\/\/lovme.pt\/index.php\/wp-json\/wp\/v2\/product_tag?post=21905"}],"curies":[{"name":"wp","href":"https:\/\/api.w.org\/{rel}","templated":true}]}}