{"id":15189,"date":"2025-09-30T22:58:32","date_gmt":"2025-09-30T22:58:32","guid":{"rendered":"https:\/\/lovme.pt\/?post_type=product&#038;p=15189"},"modified":"2026-04-14T09:47:57","modified_gmt":"2026-04-14T09:47:57","slug":"leather-body-corrente-arnes-iii-preto-vermelho","status":"publish","type":"product","link":"https:\/\/lovme.pt\/index.php\/produto\/leather-body-corrente-arnes-iii-preto-vermelho\/","title":{"rendered":"LEATHER BODY &#8211; CORRENTE ARNES III PRETO\/VERMELHO"},"content":{"rendered":"<div class=\"descripcionLarga\" style=\"font-family: ''''Roboto Slab'''', sans-serif;font-size: 14px;line-height: 20px\">\n<p style=\"line-height: 20.8px\"> BDSM \u00e9 um termo criado para englobar um conjunto de pr\u00e1ticas e fantasias er\u00f3ticas. \u00c9 uma sigla formada com as iniciais das seguintes palavras: Bondage, Discipline; Domination, Submission e Sadism Masochism. Abrange, portanto, uma s\u00e9rie de pr\u00e1ticas sexuais e hobbies relacionados entre si e vinculados ao que se denomina sexualidades n\u00e3o convencionais ou alternativas.<\/p>\n<p style=\"line-height: 20.8px\"> Pratique BDSM com este arn\u00eas de couro masculino, totalmente conectado e al\u00e7as ajust\u00e1veis com correntes de metal <\/p>\n<ul style=\"margin-top: 0px;margin-bottom: 10px;line-height: 20.8px\">\n<li> Adequado para tamanhos de S a XL.<\/li>\n<\/ul>\n<p style=\"line-height: 20.8px\"> Fa\u00e7a da sua experi\u00eancia BDSM a melhor! <\/p>\n<div><\/div>\n<\/div>\n<div class=\"datosProducto\" style=\"font-family: ''''Roboto Slab'''', sans-serif;font-size: 14px;line-height: 20px\"><\/div>\n","protected":false},"excerpt":{"rendered":"<p>LEATHER BODY &#8211; CORRENTE ARNES III PRETO\/VERMELHO<\/p>\n","protected":false},"featured_media":82591,"template":"","meta":{"_acf_changed":false},"product_brand":[],"product_cat":[48,47,67],"product_tag":[],"class_list":{"0":"post-15189","1":"product","2":"type-product","3":"status-publish","4":"has-post-thumbnail","6":"product_cat-bdsm","7":"product_cat-lingerie","8":"product_cat-lingerie-masculina","9":"yith_product_brand-leather-body","11":"first","12":"instock","13":"taxable","14":"shipping-taxable","15":"purchasable","16":"product-type-simple"},"acf":[],"yoast_head":"<!-- This site is optimized with the Yoast SEO plugin v27.4 - https:\/\/yoast.com\/product\/yoast-seo-wordpress\/ -->\n<title>LEATHER BODY - CORRENTE ARNES III PRETO\/VERMELHO - Lovme<\/title>\n<meta name=\"robots\" content=\"index, follow, max-snippet:-1, max-image-preview:large, max-video-preview:-1\" \/>\n<link rel=\"canonical\" href=\"https:\/\/lovme.pt\/index.php\/produto\/leather-body-corrente-arnes-iii-preto-vermelho\/\" \/>\n<meta property=\"og:locale\" content=\"pt_PT\" \/>\n<meta property=\"og:type\" content=\"article\" \/>\n<meta property=\"og:title\" content=\"LEATHER BODY - CORRENTE ARNES III PRETO\/VERMELHO - Lovme\" \/>\n<meta property=\"og:description\" content=\"LEATHER BODY - CORRENTE ARNES III PRETO\/VERMELHO\" \/>\n<meta property=\"og:url\" content=\"https:\/\/lovme.pt\/index.php\/produto\/leather-body-corrente-arnes-iii-preto-vermelho\/\" \/>\n<meta property=\"og:site_name\" content=\"Lovme\" \/>\n<meta property=\"article:modified_time\" content=\"2026-04-14T09:47:57+00:00\" \/>\n<meta property=\"og:image\" content=\"https:\/\/erki24nd3ub.exactdn.com\/wp-content\/uploads\/dream\/img\/img_41312_8293fba00fd5691e54cb41135efe0b7f_1.jpg?strip=all\" \/>\n\t<meta property=\"og:image:width\" content=\"650\" \/>\n\t<meta property=\"og:image:height\" content=\"650\" \/>\n\t<meta property=\"og:image:type\" content=\"image\/jpeg\" \/>\n<meta name=\"twitter:card\" content=\"summary_large_image\" \/>\n<script type=\"application\/ld+json\" class=\"yoast-schema-graph\">{\"@context\":\"https:\\\/\\\/schema.org\",\"@graph\":[{\"@type\":\"WebPage\",\"@id\":\"https:\\\/\\\/lovme.pt\\\/index.php\\\/produto\\\/leather-body-corrente-arnes-iii-preto-vermelho\\\/\",\"url\":\"https:\\\/\\\/lovme.pt\\\/index.php\\\/produto\\\/leather-body-corrente-arnes-iii-preto-vermelho\\\/\",\"name\":\"LEATHER BODY - CORRENTE ARNES III PRETO\\\/VERMELHO - Lovme\",\"isPartOf\":{\"@id\":\"https:\\\/\\\/lovme.pt\\\/#website\"},\"primaryImageOfPage\":{\"@id\":\"https:\\\/\\\/lovme.pt\\\/index.php\\\/produto\\\/leather-body-corrente-arnes-iii-preto-vermelho\\\/#primaryimage\"},\"image\":{\"@id\":\"https:\\\/\\\/lovme.pt\\\/index.php\\\/produto\\\/leather-body-corrente-arnes-iii-preto-vermelho\\\/#primaryimage\"},\"thumbnailUrl\":\"https:\\\/\\\/erki24nd3ub.exactdn.com\\\/wp-content\\\/uploads\\\/dream\\\/img\\\/img_41312_8293fba00fd5691e54cb41135efe0b7f_1.jpg?strip=all\",\"datePublished\":\"2025-09-30T22:58:32+00:00\",\"dateModified\":\"2026-04-14T09:47:57+00:00\",\"breadcrumb\":{\"@id\":\"https:\\\/\\\/lovme.pt\\\/index.php\\\/produto\\\/leather-body-corrente-arnes-iii-preto-vermelho\\\/#breadcrumb\"},\"inLanguage\":\"pt-PT\",\"potentialAction\":[{\"@type\":\"ReadAction\",\"target\":[\"https:\\\/\\\/lovme.pt\\\/index.php\\\/produto\\\/leather-body-corrente-arnes-iii-preto-vermelho\\\/\"]}]},{\"@type\":\"ImageObject\",\"inLanguage\":\"pt-PT\",\"@id\":\"https:\\\/\\\/lovme.pt\\\/index.php\\\/produto\\\/leather-body-corrente-arnes-iii-preto-vermelho\\\/#primaryimage\",\"url\":\"https:\\\/\\\/erki24nd3ub.exactdn.com\\\/wp-content\\\/uploads\\\/dream\\\/img\\\/img_41312_8293fba00fd5691e54cb41135efe0b7f_1.jpg?strip=all\",\"contentUrl\":\"https:\\\/\\\/erki24nd3ub.exactdn.com\\\/wp-content\\\/uploads\\\/dream\\\/img\\\/img_41312_8293fba00fd5691e54cb41135efe0b7f_1.jpg?strip=all\",\"width\":650,\"height\":650},{\"@type\":\"BreadcrumbList\",\"@id\":\"https:\\\/\\\/lovme.pt\\\/index.php\\\/produto\\\/leather-body-corrente-arnes-iii-preto-vermelho\\\/#breadcrumb\",\"itemListElement\":[{\"@type\":\"ListItem\",\"position\":1,\"name\":\"In\u00edcio\",\"item\":\"https:\\\/\\\/lovme.pt\\\/\"},{\"@type\":\"ListItem\",\"position\":2,\"name\":\"Loja\",\"item\":\"https:\\\/\\\/lovme.pt\\\/index.php\\\/loja\\\/\"},{\"@type\":\"ListItem\",\"position\":3,\"name\":\"LEATHER BODY &#8211; CORRENTE ARNES III PRETO\\\/VERMELHO\"}]},{\"@type\":\"WebSite\",\"@id\":\"https:\\\/\\\/lovme.pt\\\/#website\",\"url\":\"https:\\\/\\\/lovme.pt\\\/\",\"name\":\"Lovme Loja Er\u00f3tica N\u00ba1 em Portugal\",\"description\":\"A melhor loja er\u00f3tica de Portugal.\",\"alternateName\":\"Loja Er\u00f3tica Lovme\",\"potentialAction\":[{\"@type\":\"SearchAction\",\"target\":{\"@type\":\"EntryPoint\",\"urlTemplate\":\"https:\\\/\\\/lovme.pt\\\/?s={search_term_string}\"},\"query-input\":{\"@type\":\"PropertyValueSpecification\",\"valueRequired\":true,\"valueName\":\"search_term_string\"}}],\"inLanguage\":\"pt-PT\"}]}<\/script>\n<!-- \/ Yoast SEO plugin. -->","yoast_head_json":{"title":"LEATHER BODY - CORRENTE ARNES III PRETO\/VERMELHO - Lovme","robots":{"index":"index","follow":"follow","max-snippet":"max-snippet:-1","max-image-preview":"max-image-preview:large","max-video-preview":"max-video-preview:-1"},"canonical":"https:\/\/lovme.pt\/index.php\/produto\/leather-body-corrente-arnes-iii-preto-vermelho\/","og_locale":"pt_PT","og_type":"article","og_title":"LEATHER BODY - CORRENTE ARNES III PRETO\/VERMELHO - Lovme","og_description":"LEATHER BODY - CORRENTE ARNES III PRETO\/VERMELHO","og_url":"https:\/\/lovme.pt\/index.php\/produto\/leather-body-corrente-arnes-iii-preto-vermelho\/","og_site_name":"Lovme","article_modified_time":"2026-04-14T09:47:57+00:00","og_image":[{"width":650,"height":650,"url":"https:\/\/erki24nd3ub.exactdn.com\/wp-content\/uploads\/dream\/img\/img_41312_8293fba00fd5691e54cb41135efe0b7f_1.jpg?strip=all","type":"image\/jpeg"}],"twitter_card":"summary_large_image","schema":{"@context":"https:\/\/schema.org","@graph":[{"@type":"WebPage","@id":"https:\/\/lovme.pt\/index.php\/produto\/leather-body-corrente-arnes-iii-preto-vermelho\/","url":"https:\/\/lovme.pt\/index.php\/produto\/leather-body-corrente-arnes-iii-preto-vermelho\/","name":"LEATHER BODY - CORRENTE ARNES III PRETO\/VERMELHO - Lovme","isPartOf":{"@id":"https:\/\/lovme.pt\/#website"},"primaryImageOfPage":{"@id":"https:\/\/lovme.pt\/index.php\/produto\/leather-body-corrente-arnes-iii-preto-vermelho\/#primaryimage"},"image":{"@id":"https:\/\/lovme.pt\/index.php\/produto\/leather-body-corrente-arnes-iii-preto-vermelho\/#primaryimage"},"thumbnailUrl":"https:\/\/erki24nd3ub.exactdn.com\/wp-content\/uploads\/dream\/img\/img_41312_8293fba00fd5691e54cb41135efe0b7f_1.jpg?strip=all","datePublished":"2025-09-30T22:58:32+00:00","dateModified":"2026-04-14T09:47:57+00:00","breadcrumb":{"@id":"https:\/\/lovme.pt\/index.php\/produto\/leather-body-corrente-arnes-iii-preto-vermelho\/#breadcrumb"},"inLanguage":"pt-PT","potentialAction":[{"@type":"ReadAction","target":["https:\/\/lovme.pt\/index.php\/produto\/leather-body-corrente-arnes-iii-preto-vermelho\/"]}]},{"@type":"ImageObject","inLanguage":"pt-PT","@id":"https:\/\/lovme.pt\/index.php\/produto\/leather-body-corrente-arnes-iii-preto-vermelho\/#primaryimage","url":"https:\/\/erki24nd3ub.exactdn.com\/wp-content\/uploads\/dream\/img\/img_41312_8293fba00fd5691e54cb41135efe0b7f_1.jpg?strip=all","contentUrl":"https:\/\/erki24nd3ub.exactdn.com\/wp-content\/uploads\/dream\/img\/img_41312_8293fba00fd5691e54cb41135efe0b7f_1.jpg?strip=all","width":650,"height":650},{"@type":"BreadcrumbList","@id":"https:\/\/lovme.pt\/index.php\/produto\/leather-body-corrente-arnes-iii-preto-vermelho\/#breadcrumb","itemListElement":[{"@type":"ListItem","position":1,"name":"In\u00edcio","item":"https:\/\/lovme.pt\/"},{"@type":"ListItem","position":2,"name":"Loja","item":"https:\/\/lovme.pt\/index.php\/loja\/"},{"@type":"ListItem","position":3,"name":"LEATHER BODY &#8211; CORRENTE ARNES III PRETO\/VERMELHO"}]},{"@type":"WebSite","@id":"https:\/\/lovme.pt\/#website","url":"https:\/\/lovme.pt\/","name":"Lovme Loja Er\u00f3tica N\u00ba1 em Portugal","description":"A melhor loja er\u00f3tica de Portugal.","alternateName":"Loja Er\u00f3tica Lovme","potentialAction":[{"@type":"SearchAction","target":{"@type":"EntryPoint","urlTemplate":"https:\/\/lovme.pt\/?s={search_term_string}"},"query-input":{"@type":"PropertyValueSpecification","valueRequired":true,"valueName":"search_term_string"}}],"inLanguage":"pt-PT"}]}},"_links":{"self":[{"href":"https:\/\/lovme.pt\/index.php\/wp-json\/wp\/v2\/product\/15189","targetHints":{"allow":["GET"]}}],"collection":[{"href":"https:\/\/lovme.pt\/index.php\/wp-json\/wp\/v2\/product"}],"about":[{"href":"https:\/\/lovme.pt\/index.php\/wp-json\/wp\/v2\/types\/product"}],"wp:featuredmedia":[{"embeddable":true,"href":"https:\/\/lovme.pt\/index.php\/wp-json\/wp\/v2\/media\/82591"}],"wp:attachment":[{"href":"https:\/\/lovme.pt\/index.php\/wp-json\/wp\/v2\/media?parent=15189"}],"wp:term":[{"taxonomy":"product_brand","embeddable":true,"href":"https:\/\/lovme.pt\/index.php\/wp-json\/wp\/v2\/product_brand?post=15189"},{"taxonomy":"product_cat","embeddable":true,"href":"https:\/\/lovme.pt\/index.php\/wp-json\/wp\/v2\/product_cat?post=15189"},{"taxonomy":"product_tag","embeddable":true,"href":"https:\/\/lovme.pt\/index.php\/wp-json\/wp\/v2\/product_tag?post=15189"}],"curies":[{"name":"wp","href":"https:\/\/api.w.org\/{rel}","templated":true}]}}