{"id":12965,"date":"2025-10-01T00:08:05","date_gmt":"2025-10-01T00:08:05","guid":{"rendered":"https:\/\/lovme.pt\/?post_type=product&#038;p=12965"},"modified":"2026-04-14T09:45:14","modified_gmt":"2026-04-14T09:45:14","slug":"leather-body-arnes-de-fivela-preta-para-homens","status":"publish","type":"product","link":"https:\/\/lovme.pt\/index.php\/produto\/leather-body-arnes-de-fivela-preta-para-homens\/","title":{"rendered":"LEATHER BODY &#8211; ARN\u00caS DE FIVELA PRETA PARA HOMENS"},"content":{"rendered":"<p style=\"line-height: 20.8px\">BDSM \u00e9 um termo criado para abranger um grupo de pr\u00e1ticas e fantasias er\u00f3ticas. \u00c9 uma sigla formada pelas iniciais das seguintes palavras: Bondage, Discipline; Domina\u00e7\u00e3o, Submiss\u00e3o e Sadismo Masoquismo. Abrange, portanto, uma s\u00e9rie de pr\u00e1ticas e passatempos sexuais que est\u00e3o relacionados entre si e vinculados ao que se denomina sexualidades n\u00e3o convencionais ou alternativas.<\/p>\n<p style=\"line-height: 20.8px\"> Pratique BDSM com este arn\u00eas de couro para homens, com tiras ajust\u00e1veis em formato de cruz.<\/p>\n<ul style=\"line-height: 20.8px\">\n<li> Adequado para tamanhos S a XL.<\/li>\n<\/ul>\n<p style=\"line-height: 20.8px\"> Fa\u00e7a da sua experi\u00eancia BDSM a melhor!<\/p>\n","protected":false},"excerpt":{"rendered":"<p>LEATHER BODY &#8211; ARN\u00caS DE FIVELA PRETA PARA HOMENS<\/p>\n","protected":false},"featured_media":84766,"template":"","meta":{"_acf_changed":false},"product_brand":[],"product_cat":[48,50,47,66,67],"product_tag":[],"class_list":{"0":"post-12965","1":"product","2":"type-product","3":"status-publish","4":"has-post-thumbnail","6":"product_cat-bdsm","7":"product_cat-complementos-e-acessorios","8":"product_cat-lingerie","9":"product_cat-lingerie-feminina","10":"product_cat-lingerie-masculina","11":"yith_product_brand-leather-body","13":"first","14":"instock","15":"taxable","16":"shipping-taxable","17":"purchasable","18":"product-type-simple"},"acf":[],"yoast_head":"<!-- This site is optimized with the Yoast SEO plugin v27.4 - https:\/\/yoast.com\/product\/yoast-seo-wordpress\/ -->\n<title>LEATHER BODY - ARN\u00caS DE FIVELA PRETA PARA HOMENS - Lovme<\/title>\n<meta name=\"robots\" content=\"index, follow, max-snippet:-1, max-image-preview:large, max-video-preview:-1\" \/>\n<link rel=\"canonical\" href=\"https:\/\/lovme.pt\/index.php\/produto\/leather-body-arnes-de-fivela-preta-para-homens\/\" \/>\n<meta property=\"og:locale\" content=\"pt_PT\" \/>\n<meta property=\"og:type\" content=\"article\" \/>\n<meta property=\"og:title\" content=\"LEATHER BODY - ARN\u00caS DE FIVELA PRETA PARA HOMENS - Lovme\" \/>\n<meta property=\"og:description\" content=\"LEATHER BODY - ARN\u00caS DE FIVELA PRETA PARA HOMENS\" \/>\n<meta property=\"og:url\" content=\"https:\/\/lovme.pt\/index.php\/produto\/leather-body-arnes-de-fivela-preta-para-homens\/\" \/>\n<meta property=\"og:site_name\" content=\"Lovme\" \/>\n<meta property=\"article:modified_time\" content=\"2026-04-14T09:45:14+00:00\" \/>\n<meta property=\"og:image\" content=\"https:\/\/erki24nd3ub.exactdn.com\/wp-content\/uploads\/dream\/img\/img_34177_14350f4a87a59f78a430c895b1e17b5d_1.jpg?strip=all\" \/>\n\t<meta property=\"og:image:width\" content=\"396\" \/>\n\t<meta property=\"og:image:height\" content=\"396\" \/>\n\t<meta property=\"og:image:type\" content=\"image\/jpeg\" \/>\n<meta name=\"twitter:card\" content=\"summary_large_image\" \/>\n<script type=\"application\/ld+json\" class=\"yoast-schema-graph\">{\"@context\":\"https:\\\/\\\/schema.org\",\"@graph\":[{\"@type\":\"WebPage\",\"@id\":\"https:\\\/\\\/lovme.pt\\\/index.php\\\/produto\\\/leather-body-arnes-de-fivela-preta-para-homens\\\/\",\"url\":\"https:\\\/\\\/lovme.pt\\\/index.php\\\/produto\\\/leather-body-arnes-de-fivela-preta-para-homens\\\/\",\"name\":\"LEATHER BODY - ARN\u00caS DE FIVELA PRETA PARA HOMENS - Lovme\",\"isPartOf\":{\"@id\":\"https:\\\/\\\/lovme.pt\\\/#website\"},\"primaryImageOfPage\":{\"@id\":\"https:\\\/\\\/lovme.pt\\\/index.php\\\/produto\\\/leather-body-arnes-de-fivela-preta-para-homens\\\/#primaryimage\"},\"image\":{\"@id\":\"https:\\\/\\\/lovme.pt\\\/index.php\\\/produto\\\/leather-body-arnes-de-fivela-preta-para-homens\\\/#primaryimage\"},\"thumbnailUrl\":\"https:\\\/\\\/erki24nd3ub.exactdn.com\\\/wp-content\\\/uploads\\\/dream\\\/img\\\/img_34177_14350f4a87a59f78a430c895b1e17b5d_1.jpg?strip=all\",\"datePublished\":\"2025-10-01T00:08:05+00:00\",\"dateModified\":\"2026-04-14T09:45:14+00:00\",\"breadcrumb\":{\"@id\":\"https:\\\/\\\/lovme.pt\\\/index.php\\\/produto\\\/leather-body-arnes-de-fivela-preta-para-homens\\\/#breadcrumb\"},\"inLanguage\":\"pt-PT\",\"potentialAction\":[{\"@type\":\"ReadAction\",\"target\":[\"https:\\\/\\\/lovme.pt\\\/index.php\\\/produto\\\/leather-body-arnes-de-fivela-preta-para-homens\\\/\"]}]},{\"@type\":\"ImageObject\",\"inLanguage\":\"pt-PT\",\"@id\":\"https:\\\/\\\/lovme.pt\\\/index.php\\\/produto\\\/leather-body-arnes-de-fivela-preta-para-homens\\\/#primaryimage\",\"url\":\"https:\\\/\\\/erki24nd3ub.exactdn.com\\\/wp-content\\\/uploads\\\/dream\\\/img\\\/img_34177_14350f4a87a59f78a430c895b1e17b5d_1.jpg?strip=all\",\"contentUrl\":\"https:\\\/\\\/erki24nd3ub.exactdn.com\\\/wp-content\\\/uploads\\\/dream\\\/img\\\/img_34177_14350f4a87a59f78a430c895b1e17b5d_1.jpg?strip=all\",\"width\":396,\"height\":396},{\"@type\":\"BreadcrumbList\",\"@id\":\"https:\\\/\\\/lovme.pt\\\/index.php\\\/produto\\\/leather-body-arnes-de-fivela-preta-para-homens\\\/#breadcrumb\",\"itemListElement\":[{\"@type\":\"ListItem\",\"position\":1,\"name\":\"In\u00edcio\",\"item\":\"https:\\\/\\\/lovme.pt\\\/\"},{\"@type\":\"ListItem\",\"position\":2,\"name\":\"Loja\",\"item\":\"https:\\\/\\\/lovme.pt\\\/index.php\\\/loja\\\/\"},{\"@type\":\"ListItem\",\"position\":3,\"name\":\"LEATHER BODY &#8211; ARN\u00caS DE FIVELA PRETA PARA HOMENS\"}]},{\"@type\":\"WebSite\",\"@id\":\"https:\\\/\\\/lovme.pt\\\/#website\",\"url\":\"https:\\\/\\\/lovme.pt\\\/\",\"name\":\"Lovme Loja Er\u00f3tica N\u00ba1 em Portugal\",\"description\":\"A melhor loja er\u00f3tica de Portugal.\",\"alternateName\":\"Loja Er\u00f3tica Lovme\",\"potentialAction\":[{\"@type\":\"SearchAction\",\"target\":{\"@type\":\"EntryPoint\",\"urlTemplate\":\"https:\\\/\\\/lovme.pt\\\/?s={search_term_string}\"},\"query-input\":{\"@type\":\"PropertyValueSpecification\",\"valueRequired\":true,\"valueName\":\"search_term_string\"}}],\"inLanguage\":\"pt-PT\"}]}<\/script>\n<!-- \/ Yoast SEO plugin. -->","yoast_head_json":{"title":"LEATHER BODY - ARN\u00caS DE FIVELA PRETA PARA HOMENS - Lovme","robots":{"index":"index","follow":"follow","max-snippet":"max-snippet:-1","max-image-preview":"max-image-preview:large","max-video-preview":"max-video-preview:-1"},"canonical":"https:\/\/lovme.pt\/index.php\/produto\/leather-body-arnes-de-fivela-preta-para-homens\/","og_locale":"pt_PT","og_type":"article","og_title":"LEATHER BODY - ARN\u00caS DE FIVELA PRETA PARA HOMENS - Lovme","og_description":"LEATHER BODY - ARN\u00caS DE FIVELA PRETA PARA HOMENS","og_url":"https:\/\/lovme.pt\/index.php\/produto\/leather-body-arnes-de-fivela-preta-para-homens\/","og_site_name":"Lovme","article_modified_time":"2026-04-14T09:45:14+00:00","og_image":[{"width":396,"height":396,"url":"https:\/\/erki24nd3ub.exactdn.com\/wp-content\/uploads\/dream\/img\/img_34177_14350f4a87a59f78a430c895b1e17b5d_1.jpg?strip=all","type":"image\/jpeg"}],"twitter_card":"summary_large_image","schema":{"@context":"https:\/\/schema.org","@graph":[{"@type":"WebPage","@id":"https:\/\/lovme.pt\/index.php\/produto\/leather-body-arnes-de-fivela-preta-para-homens\/","url":"https:\/\/lovme.pt\/index.php\/produto\/leather-body-arnes-de-fivela-preta-para-homens\/","name":"LEATHER BODY - ARN\u00caS DE FIVELA PRETA PARA HOMENS - Lovme","isPartOf":{"@id":"https:\/\/lovme.pt\/#website"},"primaryImageOfPage":{"@id":"https:\/\/lovme.pt\/index.php\/produto\/leather-body-arnes-de-fivela-preta-para-homens\/#primaryimage"},"image":{"@id":"https:\/\/lovme.pt\/index.php\/produto\/leather-body-arnes-de-fivela-preta-para-homens\/#primaryimage"},"thumbnailUrl":"https:\/\/erki24nd3ub.exactdn.com\/wp-content\/uploads\/dream\/img\/img_34177_14350f4a87a59f78a430c895b1e17b5d_1.jpg?strip=all","datePublished":"2025-10-01T00:08:05+00:00","dateModified":"2026-04-14T09:45:14+00:00","breadcrumb":{"@id":"https:\/\/lovme.pt\/index.php\/produto\/leather-body-arnes-de-fivela-preta-para-homens\/#breadcrumb"},"inLanguage":"pt-PT","potentialAction":[{"@type":"ReadAction","target":["https:\/\/lovme.pt\/index.php\/produto\/leather-body-arnes-de-fivela-preta-para-homens\/"]}]},{"@type":"ImageObject","inLanguage":"pt-PT","@id":"https:\/\/lovme.pt\/index.php\/produto\/leather-body-arnes-de-fivela-preta-para-homens\/#primaryimage","url":"https:\/\/erki24nd3ub.exactdn.com\/wp-content\/uploads\/dream\/img\/img_34177_14350f4a87a59f78a430c895b1e17b5d_1.jpg?strip=all","contentUrl":"https:\/\/erki24nd3ub.exactdn.com\/wp-content\/uploads\/dream\/img\/img_34177_14350f4a87a59f78a430c895b1e17b5d_1.jpg?strip=all","width":396,"height":396},{"@type":"BreadcrumbList","@id":"https:\/\/lovme.pt\/index.php\/produto\/leather-body-arnes-de-fivela-preta-para-homens\/#breadcrumb","itemListElement":[{"@type":"ListItem","position":1,"name":"In\u00edcio","item":"https:\/\/lovme.pt\/"},{"@type":"ListItem","position":2,"name":"Loja","item":"https:\/\/lovme.pt\/index.php\/loja\/"},{"@type":"ListItem","position":3,"name":"LEATHER BODY &#8211; ARN\u00caS DE FIVELA PRETA PARA HOMENS"}]},{"@type":"WebSite","@id":"https:\/\/lovme.pt\/#website","url":"https:\/\/lovme.pt\/","name":"Lovme Loja Er\u00f3tica N\u00ba1 em Portugal","description":"A melhor loja er\u00f3tica de Portugal.","alternateName":"Loja Er\u00f3tica Lovme","potentialAction":[{"@type":"SearchAction","target":{"@type":"EntryPoint","urlTemplate":"https:\/\/lovme.pt\/?s={search_term_string}"},"query-input":{"@type":"PropertyValueSpecification","valueRequired":true,"valueName":"search_term_string"}}],"inLanguage":"pt-PT"}]}},"_links":{"self":[{"href":"https:\/\/lovme.pt\/index.php\/wp-json\/wp\/v2\/product\/12965","targetHints":{"allow":["GET"]}}],"collection":[{"href":"https:\/\/lovme.pt\/index.php\/wp-json\/wp\/v2\/product"}],"about":[{"href":"https:\/\/lovme.pt\/index.php\/wp-json\/wp\/v2\/types\/product"}],"wp:featuredmedia":[{"embeddable":true,"href":"https:\/\/lovme.pt\/index.php\/wp-json\/wp\/v2\/media\/84766"}],"wp:attachment":[{"href":"https:\/\/lovme.pt\/index.php\/wp-json\/wp\/v2\/media?parent=12965"}],"wp:term":[{"taxonomy":"product_brand","embeddable":true,"href":"https:\/\/lovme.pt\/index.php\/wp-json\/wp\/v2\/product_brand?post=12965"},{"taxonomy":"product_cat","embeddable":true,"href":"https:\/\/lovme.pt\/index.php\/wp-json\/wp\/v2\/product_cat?post=12965"},{"taxonomy":"product_tag","embeddable":true,"href":"https:\/\/lovme.pt\/index.php\/wp-json\/wp\/v2\/product_tag?post=12965"}],"curies":[{"name":"wp","href":"https:\/\/api.w.org\/{rel}","templated":true}]}}