{"id":12943,"date":"2025-09-30T10:05:39","date_gmt":"2025-09-30T10:05:39","guid":{"rendered":"https:\/\/lovme.pt\/?post_type=product&#038;p=12943"},"modified":"2026-04-16T18:45:26","modified_gmt":"2026-04-16T18:45:26","slug":"bathmate-anel-de-penis-preto-brbaro","status":"publish","type":"product","link":"https:\/\/lovme.pt\/index.php\/produto\/bathmate-anel-de-penis-preto-brbaro\/","title":{"rendered":"BATHMATE &#8211; ANEL DE P\u00caNIS PRETO BRBARO"},"content":{"rendered":"<p style=\"line-height: 20.8px\">Para experi&ecirc;ncias de banho totalmente ideais, esses an&eacute;is s&atilde;o projetados para serem os an&eacute;is penianos mais resistentes e flex&iacute;veis.<\/p>\n<p style=\"line-height: 20.8px\">Com este anel voc&ecirc; far&aacute; com que sua ere&ccedil;&atilde;o seja muito mais duradoura, retardar&aacute; a ejacula&ccedil;&atilde;o e manter&aacute; seu p&ecirc;nis ereto por muito mais tempo.<\/p>\n<p style=\"line-height: 20.8px\">Os poderosos an&eacute;is Bathmate fornecem a melhor arma.<\/p>\n<ul style=\"line-height: 20.8px\">\n<li>Feito com material TPR que respeita 100% o seu corpo<\/li>\n<\/ul>\n<p style=\"line-height: 20.8px\">Sinta a experi&ecirc;ncia Bathmate<\/p>\n","protected":false},"excerpt":{"rendered":"<p>BATHMATE &#8211; AN\u00c9IS DE PODER DE BATHMATE B\u00c1RBARO<\/p>\n","protected":false},"featured_media":62317,"template":"","meta":{"_acf_changed":false},"product_brand":[],"product_cat":[59,60],"product_tag":[],"class_list":{"0":"post-12943","1":"product","2":"type-product","3":"status-publish","4":"has-post-thumbnail","6":"product_cat-para-casais","7":"product_cat-para-eles","8":"yith_product_brand-bathmate","10":"first","11":"instock","12":"taxable","13":"shipping-taxable","14":"purchasable","15":"product-type-simple"},"acf":[],"yoast_head":"<!-- This site is optimized with the Yoast SEO plugin v27.4 - https:\/\/yoast.com\/product\/yoast-seo-wordpress\/ -->\n<title>BATHMATE - ANEL DE P\u00caNIS PRETO BRBARO - Lovme<\/title>\n<meta name=\"robots\" content=\"index, follow, max-snippet:-1, max-image-preview:large, max-video-preview:-1\" \/>\n<link rel=\"canonical\" href=\"https:\/\/lovme.pt\/index.php\/produto\/bathmate-anel-de-penis-preto-brbaro\/\" \/>\n<meta property=\"og:locale\" content=\"pt_PT\" \/>\n<meta property=\"og:type\" content=\"article\" \/>\n<meta property=\"og:title\" content=\"BATHMATE - ANEL DE P\u00caNIS PRETO BRBARO - Lovme\" \/>\n<meta property=\"og:description\" content=\"BATHMATE - AN\u00c9IS DE PODER DE BATHMATE B\u00c1RBARO\" \/>\n<meta property=\"og:url\" content=\"https:\/\/lovme.pt\/index.php\/produto\/bathmate-anel-de-penis-preto-brbaro\/\" \/>\n<meta property=\"og:site_name\" content=\"Lovme\" \/>\n<meta property=\"article:modified_time\" content=\"2026-04-16T18:45:26+00:00\" \/>\n<meta property=\"og:image\" content=\"https:\/\/erki24nd3ub.exactdn.com\/wp-content\/uploads\/dream\/img\/img_34142_eabe2ef91454b7961fe27a3c75ffa247_1.jpg?strip=all\" \/>\n\t<meta property=\"og:image:width\" content=\"333\" \/>\n\t<meta property=\"og:image:height\" content=\"333\" \/>\n\t<meta property=\"og:image:type\" content=\"image\/jpeg\" \/>\n<meta name=\"twitter:card\" content=\"summary_large_image\" \/>\n<script type=\"application\/ld+json\" class=\"yoast-schema-graph\">{\"@context\":\"https:\\\/\\\/schema.org\",\"@graph\":[{\"@type\":\"WebPage\",\"@id\":\"https:\\\/\\\/lovme.pt\\\/index.php\\\/produto\\\/bathmate-anel-de-penis-preto-brbaro\\\/\",\"url\":\"https:\\\/\\\/lovme.pt\\\/index.php\\\/produto\\\/bathmate-anel-de-penis-preto-brbaro\\\/\",\"name\":\"BATHMATE - ANEL DE P\u00caNIS PRETO BRBARO - Lovme\",\"isPartOf\":{\"@id\":\"https:\\\/\\\/lovme.pt\\\/#website\"},\"primaryImageOfPage\":{\"@id\":\"https:\\\/\\\/lovme.pt\\\/index.php\\\/produto\\\/bathmate-anel-de-penis-preto-brbaro\\\/#primaryimage\"},\"image\":{\"@id\":\"https:\\\/\\\/lovme.pt\\\/index.php\\\/produto\\\/bathmate-anel-de-penis-preto-brbaro\\\/#primaryimage\"},\"thumbnailUrl\":\"https:\\\/\\\/erki24nd3ub.exactdn.com\\\/wp-content\\\/uploads\\\/dream\\\/img\\\/img_34142_eabe2ef91454b7961fe27a3c75ffa247_1.jpg?strip=all\",\"datePublished\":\"2025-09-30T10:05:39+00:00\",\"dateModified\":\"2026-04-16T18:45:26+00:00\",\"breadcrumb\":{\"@id\":\"https:\\\/\\\/lovme.pt\\\/index.php\\\/produto\\\/bathmate-anel-de-penis-preto-brbaro\\\/#breadcrumb\"},\"inLanguage\":\"pt-PT\",\"potentialAction\":[{\"@type\":\"ReadAction\",\"target\":[\"https:\\\/\\\/lovme.pt\\\/index.php\\\/produto\\\/bathmate-anel-de-penis-preto-brbaro\\\/\"]}]},{\"@type\":\"ImageObject\",\"inLanguage\":\"pt-PT\",\"@id\":\"https:\\\/\\\/lovme.pt\\\/index.php\\\/produto\\\/bathmate-anel-de-penis-preto-brbaro\\\/#primaryimage\",\"url\":\"https:\\\/\\\/erki24nd3ub.exactdn.com\\\/wp-content\\\/uploads\\\/dream\\\/img\\\/img_34142_eabe2ef91454b7961fe27a3c75ffa247_1.jpg?strip=all\",\"contentUrl\":\"https:\\\/\\\/erki24nd3ub.exactdn.com\\\/wp-content\\\/uploads\\\/dream\\\/img\\\/img_34142_eabe2ef91454b7961fe27a3c75ffa247_1.jpg?strip=all\",\"width\":333,\"height\":333},{\"@type\":\"BreadcrumbList\",\"@id\":\"https:\\\/\\\/lovme.pt\\\/index.php\\\/produto\\\/bathmate-anel-de-penis-preto-brbaro\\\/#breadcrumb\",\"itemListElement\":[{\"@type\":\"ListItem\",\"position\":1,\"name\":\"In\u00edcio\",\"item\":\"https:\\\/\\\/lovme.pt\\\/\"},{\"@type\":\"ListItem\",\"position\":2,\"name\":\"Loja\",\"item\":\"https:\\\/\\\/lovme.pt\\\/index.php\\\/loja\\\/\"},{\"@type\":\"ListItem\",\"position\":3,\"name\":\"BATHMATE &#8211; ANEL DE P\u00caNIS PRETO BRBARO\"}]},{\"@type\":\"WebSite\",\"@id\":\"https:\\\/\\\/lovme.pt\\\/#website\",\"url\":\"https:\\\/\\\/lovme.pt\\\/\",\"name\":\"Lovme Loja Er\u00f3tica N\u00ba1 em Portugal\",\"description\":\"A melhor loja er\u00f3tica de Portugal.\",\"alternateName\":\"Loja Er\u00f3tica Lovme\",\"potentialAction\":[{\"@type\":\"SearchAction\",\"target\":{\"@type\":\"EntryPoint\",\"urlTemplate\":\"https:\\\/\\\/lovme.pt\\\/?s={search_term_string}\"},\"query-input\":{\"@type\":\"PropertyValueSpecification\",\"valueRequired\":true,\"valueName\":\"search_term_string\"}}],\"inLanguage\":\"pt-PT\"}]}<\/script>\n<!-- \/ Yoast SEO plugin. -->","yoast_head_json":{"title":"BATHMATE - ANEL DE P\u00caNIS PRETO BRBARO - Lovme","robots":{"index":"index","follow":"follow","max-snippet":"max-snippet:-1","max-image-preview":"max-image-preview:large","max-video-preview":"max-video-preview:-1"},"canonical":"https:\/\/lovme.pt\/index.php\/produto\/bathmate-anel-de-penis-preto-brbaro\/","og_locale":"pt_PT","og_type":"article","og_title":"BATHMATE - ANEL DE P\u00caNIS PRETO BRBARO - Lovme","og_description":"BATHMATE - AN\u00c9IS DE PODER DE BATHMATE B\u00c1RBARO","og_url":"https:\/\/lovme.pt\/index.php\/produto\/bathmate-anel-de-penis-preto-brbaro\/","og_site_name":"Lovme","article_modified_time":"2026-04-16T18:45:26+00:00","og_image":[{"width":333,"height":333,"url":"https:\/\/erki24nd3ub.exactdn.com\/wp-content\/uploads\/dream\/img\/img_34142_eabe2ef91454b7961fe27a3c75ffa247_1.jpg?strip=all","type":"image\/jpeg"}],"twitter_card":"summary_large_image","schema":{"@context":"https:\/\/schema.org","@graph":[{"@type":"WebPage","@id":"https:\/\/lovme.pt\/index.php\/produto\/bathmate-anel-de-penis-preto-brbaro\/","url":"https:\/\/lovme.pt\/index.php\/produto\/bathmate-anel-de-penis-preto-brbaro\/","name":"BATHMATE - ANEL DE P\u00caNIS PRETO BRBARO - Lovme","isPartOf":{"@id":"https:\/\/lovme.pt\/#website"},"primaryImageOfPage":{"@id":"https:\/\/lovme.pt\/index.php\/produto\/bathmate-anel-de-penis-preto-brbaro\/#primaryimage"},"image":{"@id":"https:\/\/lovme.pt\/index.php\/produto\/bathmate-anel-de-penis-preto-brbaro\/#primaryimage"},"thumbnailUrl":"https:\/\/erki24nd3ub.exactdn.com\/wp-content\/uploads\/dream\/img\/img_34142_eabe2ef91454b7961fe27a3c75ffa247_1.jpg?strip=all","datePublished":"2025-09-30T10:05:39+00:00","dateModified":"2026-04-16T18:45:26+00:00","breadcrumb":{"@id":"https:\/\/lovme.pt\/index.php\/produto\/bathmate-anel-de-penis-preto-brbaro\/#breadcrumb"},"inLanguage":"pt-PT","potentialAction":[{"@type":"ReadAction","target":["https:\/\/lovme.pt\/index.php\/produto\/bathmate-anel-de-penis-preto-brbaro\/"]}]},{"@type":"ImageObject","inLanguage":"pt-PT","@id":"https:\/\/lovme.pt\/index.php\/produto\/bathmate-anel-de-penis-preto-brbaro\/#primaryimage","url":"https:\/\/erki24nd3ub.exactdn.com\/wp-content\/uploads\/dream\/img\/img_34142_eabe2ef91454b7961fe27a3c75ffa247_1.jpg?strip=all","contentUrl":"https:\/\/erki24nd3ub.exactdn.com\/wp-content\/uploads\/dream\/img\/img_34142_eabe2ef91454b7961fe27a3c75ffa247_1.jpg?strip=all","width":333,"height":333},{"@type":"BreadcrumbList","@id":"https:\/\/lovme.pt\/index.php\/produto\/bathmate-anel-de-penis-preto-brbaro\/#breadcrumb","itemListElement":[{"@type":"ListItem","position":1,"name":"In\u00edcio","item":"https:\/\/lovme.pt\/"},{"@type":"ListItem","position":2,"name":"Loja","item":"https:\/\/lovme.pt\/index.php\/loja\/"},{"@type":"ListItem","position":3,"name":"BATHMATE &#8211; ANEL DE P\u00caNIS PRETO BRBARO"}]},{"@type":"WebSite","@id":"https:\/\/lovme.pt\/#website","url":"https:\/\/lovme.pt\/","name":"Lovme Loja Er\u00f3tica N\u00ba1 em Portugal","description":"A melhor loja er\u00f3tica de Portugal.","alternateName":"Loja Er\u00f3tica Lovme","potentialAction":[{"@type":"SearchAction","target":{"@type":"EntryPoint","urlTemplate":"https:\/\/lovme.pt\/?s={search_term_string}"},"query-input":{"@type":"PropertyValueSpecification","valueRequired":true,"valueName":"search_term_string"}}],"inLanguage":"pt-PT"}]}},"_links":{"self":[{"href":"https:\/\/lovme.pt\/index.php\/wp-json\/wp\/v2\/product\/12943","targetHints":{"allow":["GET"]}}],"collection":[{"href":"https:\/\/lovme.pt\/index.php\/wp-json\/wp\/v2\/product"}],"about":[{"href":"https:\/\/lovme.pt\/index.php\/wp-json\/wp\/v2\/types\/product"}],"wp:featuredmedia":[{"embeddable":true,"href":"https:\/\/lovme.pt\/index.php\/wp-json\/wp\/v2\/media\/62317"}],"wp:attachment":[{"href":"https:\/\/lovme.pt\/index.php\/wp-json\/wp\/v2\/media?parent=12943"}],"wp:term":[{"taxonomy":"product_brand","embeddable":true,"href":"https:\/\/lovme.pt\/index.php\/wp-json\/wp\/v2\/product_brand?post=12943"},{"taxonomy":"product_cat","embeddable":true,"href":"https:\/\/lovme.pt\/index.php\/wp-json\/wp\/v2\/product_cat?post=12943"},{"taxonomy":"product_tag","embeddable":true,"href":"https:\/\/lovme.pt\/index.php\/wp-json\/wp\/v2\/product_tag?post=12943"}],"curies":[{"name":"wp","href":"https:\/\/api.w.org\/{rel}","templated":true}]}}