{"id":11112,"date":"2025-10-01T02:06:19","date_gmt":"2025-10-01T02:06:19","guid":{"rendered":"https:\/\/lovme.pt\/?post_type=product&#038;p=11112"},"modified":"2026-04-14T12:39:32","modified_gmt":"2026-04-14T12:39:32","slug":"durex-sensacao-real-24-uds","status":"publish","type":"product","link":"https:\/\/lovme.pt\/index.php\/produto\/durex-sensacao-real-24-uds\/","title":{"rendered":"DUREX &#8211; SENSA\u00c7\u00c3O REAL 24 UDS"},"content":{"rendered":"<p>Durex RealFeel s&atilde;o preservativos de &uacute;ltima gera&ccedil;&atilde;o feitos com material tecnologicamente avan&ccedil;ado sem l&aacute;tex para garantir uma sensa&ccedil;&atilde;o natural de contato pele a pele. O material RealFeel melhora sua vida sexual e maximiza o prazer e o de seu parceiro a partir de uma combina&ccedil;&atilde;o de intimidade, sensibilidade e conectividade.<\/p>\n<p>Caracter&iacute;sticas do Durex RealFeel:<\/p>\n<ul>\n<li>O mais recente material Real-Feel para uma sensa&ccedil;&atilde;o de contato natural com a pele. Preservativo fabricado sem l&aacute;tex.<\/li>\n<li>Clinicamente testado<\/li>\n<li>Transparente, lubrificado com dep&oacute;sito<\/li>\n<li>Largura nominal: 56mm<\/li>\n<li>24 unidades<\/li>\n<\/ul>\n<p>A forma especial como s&atilde;o fabricados os Durex RealFeel faz com que cheirem melhor para que n&atilde;o haja distra&ccedil;&otilde;es inc&oacute;modas, para que possa relaxar e desfrutar. Leia atentamente o livreto que cont&eacute;m o interior deste estojo, principalmente se voc&ecirc; usa preservativo para sexo oral ou anal Estojo 24 unidades<\/p>\n","protected":false},"excerpt":{"rendered":"<p>DUREX &#8211; SENSA\u00c7\u00c3O REAL 24 UDS<\/p>\n","protected":false},"featured_media":94881,"template":"","meta":{"_acf_changed":false},"product_brand":[],"product_cat":[73],"product_tag":[],"class_list":{"0":"post-11112","1":"product","2":"type-product","3":"status-publish","4":"has-post-thumbnail","6":"product_cat-preservativos","7":"yith_product_brand-durexdurex-condoms","9":"first","10":"instock","11":"taxable","12":"shipping-taxable","13":"purchasable","14":"product-type-simple"},"acf":[],"yoast_head":"<!-- This site is optimized with the Yoast SEO plugin v27.4 - https:\/\/yoast.com\/product\/yoast-seo-wordpress\/ -->\n<title>DUREX - SENSA\u00c7\u00c3O REAL 24 UDS - Lovme<\/title>\n<meta name=\"robots\" content=\"index, follow, max-snippet:-1, max-image-preview:large, max-video-preview:-1\" \/>\n<link rel=\"canonical\" href=\"https:\/\/lovme.pt\/index.php\/produto\/durex-sensacao-real-24-uds\/\" \/>\n<meta property=\"og:locale\" content=\"pt_PT\" \/>\n<meta property=\"og:type\" content=\"article\" \/>\n<meta property=\"og:title\" content=\"DUREX - SENSA\u00c7\u00c3O REAL 24 UDS - Lovme\" \/>\n<meta property=\"og:description\" content=\"DUREX - SENSA\u00c7\u00c3O REAL 24 UDS\" \/>\n<meta property=\"og:url\" content=\"https:\/\/lovme.pt\/index.php\/produto\/durex-sensacao-real-24-uds\/\" \/>\n<meta property=\"og:site_name\" content=\"Lovme\" \/>\n<meta property=\"article:modified_time\" content=\"2026-04-14T12:39:32+00:00\" \/>\n<meta property=\"og:image\" content=\"https:\/\/erki24nd3ub.exactdn.com\/wp-content\/uploads\/dream\/img\/img_135032_d894b21c85a55bdfe172d816f283e232_1.jpg?strip=all\" \/>\n\t<meta property=\"og:image:width\" content=\"800\" \/>\n\t<meta property=\"og:image:height\" content=\"800\" \/>\n\t<meta property=\"og:image:type\" content=\"image\/jpeg\" \/>\n<meta name=\"twitter:card\" content=\"summary_large_image\" \/>\n<meta name=\"twitter:label1\" content=\"Tempo estimado de leitura\" \/>\n\t<meta name=\"twitter:data1\" content=\"1 minuto\" \/>\n<script type=\"application\/ld+json\" class=\"yoast-schema-graph\">{\"@context\":\"https:\\\/\\\/schema.org\",\"@graph\":[{\"@type\":\"WebPage\",\"@id\":\"https:\\\/\\\/lovme.pt\\\/index.php\\\/produto\\\/durex-sensacao-real-24-uds\\\/\",\"url\":\"https:\\\/\\\/lovme.pt\\\/index.php\\\/produto\\\/durex-sensacao-real-24-uds\\\/\",\"name\":\"DUREX - SENSA\u00c7\u00c3O REAL 24 UDS - Lovme\",\"isPartOf\":{\"@id\":\"https:\\\/\\\/lovme.pt\\\/#website\"},\"primaryImageOfPage\":{\"@id\":\"https:\\\/\\\/lovme.pt\\\/index.php\\\/produto\\\/durex-sensacao-real-24-uds\\\/#primaryimage\"},\"image\":{\"@id\":\"https:\\\/\\\/lovme.pt\\\/index.php\\\/produto\\\/durex-sensacao-real-24-uds\\\/#primaryimage\"},\"thumbnailUrl\":\"https:\\\/\\\/erki24nd3ub.exactdn.com\\\/wp-content\\\/uploads\\\/dream\\\/img\\\/img_135032_d894b21c85a55bdfe172d816f283e232_1.jpg?strip=all\",\"datePublished\":\"2025-10-01T02:06:19+00:00\",\"dateModified\":\"2026-04-14T12:39:32+00:00\",\"breadcrumb\":{\"@id\":\"https:\\\/\\\/lovme.pt\\\/index.php\\\/produto\\\/durex-sensacao-real-24-uds\\\/#breadcrumb\"},\"inLanguage\":\"pt-PT\",\"potentialAction\":[{\"@type\":\"ReadAction\",\"target\":[\"https:\\\/\\\/lovme.pt\\\/index.php\\\/produto\\\/durex-sensacao-real-24-uds\\\/\"]}]},{\"@type\":\"ImageObject\",\"inLanguage\":\"pt-PT\",\"@id\":\"https:\\\/\\\/lovme.pt\\\/index.php\\\/produto\\\/durex-sensacao-real-24-uds\\\/#primaryimage\",\"url\":\"https:\\\/\\\/erki24nd3ub.exactdn.com\\\/wp-content\\\/uploads\\\/dream\\\/img\\\/img_135032_d894b21c85a55bdfe172d816f283e232_1.jpg?strip=all\",\"contentUrl\":\"https:\\\/\\\/erki24nd3ub.exactdn.com\\\/wp-content\\\/uploads\\\/dream\\\/img\\\/img_135032_d894b21c85a55bdfe172d816f283e232_1.jpg?strip=all\",\"width\":800,\"height\":800},{\"@type\":\"BreadcrumbList\",\"@id\":\"https:\\\/\\\/lovme.pt\\\/index.php\\\/produto\\\/durex-sensacao-real-24-uds\\\/#breadcrumb\",\"itemListElement\":[{\"@type\":\"ListItem\",\"position\":1,\"name\":\"In\u00edcio\",\"item\":\"https:\\\/\\\/lovme.pt\\\/\"},{\"@type\":\"ListItem\",\"position\":2,\"name\":\"Loja\",\"item\":\"https:\\\/\\\/lovme.pt\\\/index.php\\\/loja\\\/\"},{\"@type\":\"ListItem\",\"position\":3,\"name\":\"DUREX &#8211; SENSA\u00c7\u00c3O REAL 24 UDS\"}]},{\"@type\":\"WebSite\",\"@id\":\"https:\\\/\\\/lovme.pt\\\/#website\",\"url\":\"https:\\\/\\\/lovme.pt\\\/\",\"name\":\"Lovme Loja Er\u00f3tica N\u00ba1 em Portugal\",\"description\":\"A melhor loja er\u00f3tica de Portugal.\",\"alternateName\":\"Loja Er\u00f3tica Lovme\",\"potentialAction\":[{\"@type\":\"SearchAction\",\"target\":{\"@type\":\"EntryPoint\",\"urlTemplate\":\"https:\\\/\\\/lovme.pt\\\/?s={search_term_string}\"},\"query-input\":{\"@type\":\"PropertyValueSpecification\",\"valueRequired\":true,\"valueName\":\"search_term_string\"}}],\"inLanguage\":\"pt-PT\"}]}<\/script>\n<!-- \/ Yoast SEO plugin. -->","yoast_head_json":{"title":"DUREX - SENSA\u00c7\u00c3O REAL 24 UDS - Lovme","robots":{"index":"index","follow":"follow","max-snippet":"max-snippet:-1","max-image-preview":"max-image-preview:large","max-video-preview":"max-video-preview:-1"},"canonical":"https:\/\/lovme.pt\/index.php\/produto\/durex-sensacao-real-24-uds\/","og_locale":"pt_PT","og_type":"article","og_title":"DUREX - SENSA\u00c7\u00c3O REAL 24 UDS - Lovme","og_description":"DUREX - SENSA\u00c7\u00c3O REAL 24 UDS","og_url":"https:\/\/lovme.pt\/index.php\/produto\/durex-sensacao-real-24-uds\/","og_site_name":"Lovme","article_modified_time":"2026-04-14T12:39:32+00:00","og_image":[{"width":800,"height":800,"url":"https:\/\/erki24nd3ub.exactdn.com\/wp-content\/uploads\/dream\/img\/img_135032_d894b21c85a55bdfe172d816f283e232_1.jpg?strip=all","type":"image\/jpeg"}],"twitter_card":"summary_large_image","twitter_misc":{"Tempo estimado de leitura":"1 minuto"},"schema":{"@context":"https:\/\/schema.org","@graph":[{"@type":"WebPage","@id":"https:\/\/lovme.pt\/index.php\/produto\/durex-sensacao-real-24-uds\/","url":"https:\/\/lovme.pt\/index.php\/produto\/durex-sensacao-real-24-uds\/","name":"DUREX - SENSA\u00c7\u00c3O REAL 24 UDS - Lovme","isPartOf":{"@id":"https:\/\/lovme.pt\/#website"},"primaryImageOfPage":{"@id":"https:\/\/lovme.pt\/index.php\/produto\/durex-sensacao-real-24-uds\/#primaryimage"},"image":{"@id":"https:\/\/lovme.pt\/index.php\/produto\/durex-sensacao-real-24-uds\/#primaryimage"},"thumbnailUrl":"https:\/\/erki24nd3ub.exactdn.com\/wp-content\/uploads\/dream\/img\/img_135032_d894b21c85a55bdfe172d816f283e232_1.jpg?strip=all","datePublished":"2025-10-01T02:06:19+00:00","dateModified":"2026-04-14T12:39:32+00:00","breadcrumb":{"@id":"https:\/\/lovme.pt\/index.php\/produto\/durex-sensacao-real-24-uds\/#breadcrumb"},"inLanguage":"pt-PT","potentialAction":[{"@type":"ReadAction","target":["https:\/\/lovme.pt\/index.php\/produto\/durex-sensacao-real-24-uds\/"]}]},{"@type":"ImageObject","inLanguage":"pt-PT","@id":"https:\/\/lovme.pt\/index.php\/produto\/durex-sensacao-real-24-uds\/#primaryimage","url":"https:\/\/erki24nd3ub.exactdn.com\/wp-content\/uploads\/dream\/img\/img_135032_d894b21c85a55bdfe172d816f283e232_1.jpg?strip=all","contentUrl":"https:\/\/erki24nd3ub.exactdn.com\/wp-content\/uploads\/dream\/img\/img_135032_d894b21c85a55bdfe172d816f283e232_1.jpg?strip=all","width":800,"height":800},{"@type":"BreadcrumbList","@id":"https:\/\/lovme.pt\/index.php\/produto\/durex-sensacao-real-24-uds\/#breadcrumb","itemListElement":[{"@type":"ListItem","position":1,"name":"In\u00edcio","item":"https:\/\/lovme.pt\/"},{"@type":"ListItem","position":2,"name":"Loja","item":"https:\/\/lovme.pt\/index.php\/loja\/"},{"@type":"ListItem","position":3,"name":"DUREX &#8211; SENSA\u00c7\u00c3O REAL 24 UDS"}]},{"@type":"WebSite","@id":"https:\/\/lovme.pt\/#website","url":"https:\/\/lovme.pt\/","name":"Lovme Loja Er\u00f3tica N\u00ba1 em Portugal","description":"A melhor loja er\u00f3tica de Portugal.","alternateName":"Loja Er\u00f3tica Lovme","potentialAction":[{"@type":"SearchAction","target":{"@type":"EntryPoint","urlTemplate":"https:\/\/lovme.pt\/?s={search_term_string}"},"query-input":{"@type":"PropertyValueSpecification","valueRequired":true,"valueName":"search_term_string"}}],"inLanguage":"pt-PT"}]}},"_links":{"self":[{"href":"https:\/\/lovme.pt\/index.php\/wp-json\/wp\/v2\/product\/11112","targetHints":{"allow":["GET"]}}],"collection":[{"href":"https:\/\/lovme.pt\/index.php\/wp-json\/wp\/v2\/product"}],"about":[{"href":"https:\/\/lovme.pt\/index.php\/wp-json\/wp\/v2\/types\/product"}],"wp:featuredmedia":[{"embeddable":true,"href":"https:\/\/lovme.pt\/index.php\/wp-json\/wp\/v2\/media\/94881"}],"wp:attachment":[{"href":"https:\/\/lovme.pt\/index.php\/wp-json\/wp\/v2\/media?parent=11112"}],"wp:term":[{"taxonomy":"product_brand","embeddable":true,"href":"https:\/\/lovme.pt\/index.php\/wp-json\/wp\/v2\/product_brand?post=11112"},{"taxonomy":"product_cat","embeddable":true,"href":"https:\/\/lovme.pt\/index.php\/wp-json\/wp\/v2\/product_cat?post=11112"},{"taxonomy":"product_tag","embeddable":true,"href":"https:\/\/lovme.pt\/index.php\/wp-json\/wp\/v2\/product_tag?post=11112"}],"curies":[{"name":"wp","href":"https:\/\/api.w.org\/{rel}","templated":true}]}}