{"id":107576,"date":"2026-02-20T11:27:13","date_gmt":"2026-02-20T11:27:13","guid":{"rendered":"https:\/\/lovme.pt\/index.php\/produto\/shunga-kit-colecao-prazeres-carnais\/"},"modified":"2026-04-14T09:53:00","modified_gmt":"2026-04-14T09:53:00","slug":"shunga-kit-colecao-prazeres-carnais","status":"publish","type":"product","link":"https:\/\/lovme.pt\/index.php\/produto\/shunga-kit-colecao-prazeres-carnais\/","title":{"rendered":"SHUNGA &#8211; KIT COLE\u00c7\u00c3O PRAZERES CARNAIS"},"content":{"rendered":"<p>Que melhor forma de apresentar a SHUNGA a novos clientes do que oferecendo de tudo um pouco! Esta cole&ccedil;&atilde;o inclui todos os produtos que voc&ecirc; precisa para oferecer uma experi&ecirc;ncia sexual de alto n&iacute;vel.<\/p>\n<p>Inclui;<\/p>\n<ul>\n<li>&Oacute;leo de massagem er&oacute;tica &#8211; frutas ex&oacute;ticas 240 ml.<\/li>\n<li>Creme de massagem beij&aacute;vel &#8211; frutas ex&oacute;ticas 200 ml.<\/li>\n<li>Divino prazer oral glos &#8211; espumante de morango 10 ml.<\/li>\n<li>Lubrificante pessoal Toko Aqua 165 ml.<\/li>\n<li>Creme intensivo sens&iacute;vel ao drag&atilde;o para casais 60 ml.<\/li>\n<li>Colar de p&eacute;rolas brancas.<\/li>\n<\/ul>\n<p>Shunga &eacute; l&iacute;der mundial em cosm&eacute;tica er&oacute;tica, seus ingredientes naturais fundidos com princ&iacute;pios ativos alcan&ccedil;am &oacute;timos resultados.<\/p>\n<p>Entrar no mundo er&oacute;tico de Shunga &eacute; como viajar ao passado. Traduzido literalmente, Shunga significa &ldquo;imagem da primavera&rdquo;, uma forma delicada de dizer &ldquo;rela&ccedil;&otilde;es sexuais&rdquo; entre pessoas.<\/p>\n<p>Essa palavra era usada para designar as pinturas er&oacute;ticas japonesas dos s&eacute;culos XVI, XVII e XVIII, tipo denominado ukiyo-e, que nada mais eram do que trabalhos em madeira ou pergaminho com cenas sensuais e epis&oacute;dios de amor carnal, sempre feitos com muito cuidado. e bom gosto.<\/p>\n<p>A arte Shunga, embora escondida durante s&eacute;culos, marcou o in&iacute;cio da ind&uacute;stria pornogr&aacute;fica para a classe m&eacute;dia japonesa e serviu durante gera&ccedil;&otilde;es como educa&ccedil;&atilde;o para filhos e filhas de muitas fam&iacute;lias.<\/p>\n<p><img decoding=\"async\" alt=\"\" src=\"https:\/\/store.dreamlove.es\/UserFiles\/image\/banderas.png\" style=\"width: 121px;height: 35px\" \/><\/p>\n","protected":false},"excerpt":{"rendered":"<p>RECONHECIMENTO DISPON\u00cdVEL EM: \/es\/en\/fr\/de\/<\/p>\n","protected":false},"featured_media":107577,"template":"","meta":{"_acf_changed":false},"product_brand":[],"product_cat":[49,65,51],"product_tag":[],"class_list":{"0":"post-107576","1":"product","2":"type-product","3":"status-publish","4":"has-post-thumbnail","6":"product_cat-cosmeticos","7":"product_cat-kits","8":"product_cat-oleos-de-massagem","9":"yith_product_brand-shungashunga-kits","11":"first","12":"instock","13":"taxable","14":"shipping-taxable","15":"purchasable","16":"product-type-simple"},"acf":[],"yoast_head":"<!-- This site is optimized with the Yoast SEO plugin v27.3 - https:\/\/yoast.com\/product\/yoast-seo-wordpress\/ -->\n<title>SHUNGA - KIT COLE\u00c7\u00c3O PRAZERES CARNAIS - Lovme<\/title>\n<meta name=\"robots\" content=\"index, follow, max-snippet:-1, max-image-preview:large, max-video-preview:-1\" \/>\n<link rel=\"canonical\" href=\"https:\/\/lovme.pt\/index.php\/produto\/shunga-kit-colecao-prazeres-carnais\/\" \/>\n<meta property=\"og:locale\" content=\"pt_PT\" \/>\n<meta property=\"og:type\" content=\"article\" \/>\n<meta property=\"og:title\" content=\"SHUNGA - KIT COLE\u00c7\u00c3O PRAZERES CARNAIS - Lovme\" \/>\n<meta property=\"og:description\" content=\"RECONHECIMENTO DISPON\u00cdVEL EM: \/es\/en\/fr\/de\/\" \/>\n<meta property=\"og:url\" content=\"https:\/\/lovme.pt\/index.php\/produto\/shunga-kit-colecao-prazeres-carnais\/\" \/>\n<meta property=\"og:site_name\" content=\"Lovme\" \/>\n<meta property=\"article:modified_time\" content=\"2026-04-14T09:53:00+00:00\" \/>\n<meta property=\"og:image\" content=\"https:\/\/erki24nd3ub.exactdn.com\/wp-content\/uploads\/2026\/02\/img_48984_32e4885f3323646cfcd37fbf8738c716_1.jpg?strip=all\" \/>\n\t<meta property=\"og:image:width\" content=\"790\" \/>\n\t<meta property=\"og:image:height\" content=\"789\" \/>\n\t<meta property=\"og:image:type\" content=\"image\/jpeg\" \/>\n<meta name=\"twitter:card\" content=\"summary_large_image\" \/>\n<meta name=\"twitter:label1\" content=\"Tempo estimado de leitura\" \/>\n\t<meta name=\"twitter:data1\" content=\"1 minuto\" \/>\n<script type=\"application\/ld+json\" class=\"yoast-schema-graph\">{\"@context\":\"https:\\\/\\\/schema.org\",\"@graph\":[{\"@type\":\"WebPage\",\"@id\":\"https:\\\/\\\/lovme.pt\\\/index.php\\\/produto\\\/shunga-kit-colecao-prazeres-carnais\\\/\",\"url\":\"https:\\\/\\\/lovme.pt\\\/index.php\\\/produto\\\/shunga-kit-colecao-prazeres-carnais\\\/\",\"name\":\"SHUNGA - KIT COLE\u00c7\u00c3O PRAZERES CARNAIS - Lovme\",\"isPartOf\":{\"@id\":\"https:\\\/\\\/lovme.pt\\\/#website\"},\"primaryImageOfPage\":{\"@id\":\"https:\\\/\\\/lovme.pt\\\/index.php\\\/produto\\\/shunga-kit-colecao-prazeres-carnais\\\/#primaryimage\"},\"image\":{\"@id\":\"https:\\\/\\\/lovme.pt\\\/index.php\\\/produto\\\/shunga-kit-colecao-prazeres-carnais\\\/#primaryimage\"},\"thumbnailUrl\":\"https:\\\/\\\/erki24nd3ub.exactdn.com\\\/wp-content\\\/uploads\\\/2026\\\/02\\\/img_48984_32e4885f3323646cfcd37fbf8738c716_1.jpg?strip=all\",\"datePublished\":\"2026-02-20T11:27:13+00:00\",\"dateModified\":\"2026-04-14T09:53:00+00:00\",\"breadcrumb\":{\"@id\":\"https:\\\/\\\/lovme.pt\\\/index.php\\\/produto\\\/shunga-kit-colecao-prazeres-carnais\\\/#breadcrumb\"},\"inLanguage\":\"pt-PT\",\"potentialAction\":[{\"@type\":\"ReadAction\",\"target\":[\"https:\\\/\\\/lovme.pt\\\/index.php\\\/produto\\\/shunga-kit-colecao-prazeres-carnais\\\/\"]}]},{\"@type\":\"ImageObject\",\"inLanguage\":\"pt-PT\",\"@id\":\"https:\\\/\\\/lovme.pt\\\/index.php\\\/produto\\\/shunga-kit-colecao-prazeres-carnais\\\/#primaryimage\",\"url\":\"https:\\\/\\\/erki24nd3ub.exactdn.com\\\/wp-content\\\/uploads\\\/2026\\\/02\\\/img_48984_32e4885f3323646cfcd37fbf8738c716_1.jpg?strip=all\",\"contentUrl\":\"https:\\\/\\\/erki24nd3ub.exactdn.com\\\/wp-content\\\/uploads\\\/2026\\\/02\\\/img_48984_32e4885f3323646cfcd37fbf8738c716_1.jpg?strip=all\",\"width\":790,\"height\":789},{\"@type\":\"BreadcrumbList\",\"@id\":\"https:\\\/\\\/lovme.pt\\\/index.php\\\/produto\\\/shunga-kit-colecao-prazeres-carnais\\\/#breadcrumb\",\"itemListElement\":[{\"@type\":\"ListItem\",\"position\":1,\"name\":\"In\u00edcio\",\"item\":\"https:\\\/\\\/lovme.pt\\\/\"},{\"@type\":\"ListItem\",\"position\":2,\"name\":\"Loja\",\"item\":\"https:\\\/\\\/lovme.pt\\\/index.php\\\/loja\\\/\"},{\"@type\":\"ListItem\",\"position\":3,\"name\":\"SHUNGA &#8211; KIT COLE\u00c7\u00c3O PRAZERES CARNAIS\"}]},{\"@type\":\"WebSite\",\"@id\":\"https:\\\/\\\/lovme.pt\\\/#website\",\"url\":\"https:\\\/\\\/lovme.pt\\\/\",\"name\":\"Lovme Loja Er\u00f3tica N\u00ba1 em Portugal\",\"description\":\"A melhor loja er\u00f3tica de Portugal.\",\"alternateName\":\"Loja Er\u00f3tica Lovme\",\"potentialAction\":[{\"@type\":\"SearchAction\",\"target\":{\"@type\":\"EntryPoint\",\"urlTemplate\":\"https:\\\/\\\/lovme.pt\\\/?s={search_term_string}\"},\"query-input\":{\"@type\":\"PropertyValueSpecification\",\"valueRequired\":true,\"valueName\":\"search_term_string\"}}],\"inLanguage\":\"pt-PT\"}]}<\/script>\n<!-- \/ Yoast SEO plugin. -->","yoast_head_json":{"title":"SHUNGA - KIT COLE\u00c7\u00c3O PRAZERES CARNAIS - Lovme","robots":{"index":"index","follow":"follow","max-snippet":"max-snippet:-1","max-image-preview":"max-image-preview:large","max-video-preview":"max-video-preview:-1"},"canonical":"https:\/\/lovme.pt\/index.php\/produto\/shunga-kit-colecao-prazeres-carnais\/","og_locale":"pt_PT","og_type":"article","og_title":"SHUNGA - KIT COLE\u00c7\u00c3O PRAZERES CARNAIS - Lovme","og_description":"RECONHECIMENTO DISPON\u00cdVEL EM: \/es\/en\/fr\/de\/","og_url":"https:\/\/lovme.pt\/index.php\/produto\/shunga-kit-colecao-prazeres-carnais\/","og_site_name":"Lovme","article_modified_time":"2026-04-14T09:53:00+00:00","og_image":[{"width":790,"height":789,"url":"https:\/\/erki24nd3ub.exactdn.com\/wp-content\/uploads\/2026\/02\/img_48984_32e4885f3323646cfcd37fbf8738c716_1.jpg?strip=all","type":"image\/jpeg"}],"twitter_card":"summary_large_image","twitter_misc":{"Tempo estimado de leitura":"1 minuto"},"schema":{"@context":"https:\/\/schema.org","@graph":[{"@type":"WebPage","@id":"https:\/\/lovme.pt\/index.php\/produto\/shunga-kit-colecao-prazeres-carnais\/","url":"https:\/\/lovme.pt\/index.php\/produto\/shunga-kit-colecao-prazeres-carnais\/","name":"SHUNGA - KIT COLE\u00c7\u00c3O PRAZERES CARNAIS - Lovme","isPartOf":{"@id":"https:\/\/lovme.pt\/#website"},"primaryImageOfPage":{"@id":"https:\/\/lovme.pt\/index.php\/produto\/shunga-kit-colecao-prazeres-carnais\/#primaryimage"},"image":{"@id":"https:\/\/lovme.pt\/index.php\/produto\/shunga-kit-colecao-prazeres-carnais\/#primaryimage"},"thumbnailUrl":"https:\/\/erki24nd3ub.exactdn.com\/wp-content\/uploads\/2026\/02\/img_48984_32e4885f3323646cfcd37fbf8738c716_1.jpg?strip=all","datePublished":"2026-02-20T11:27:13+00:00","dateModified":"2026-04-14T09:53:00+00:00","breadcrumb":{"@id":"https:\/\/lovme.pt\/index.php\/produto\/shunga-kit-colecao-prazeres-carnais\/#breadcrumb"},"inLanguage":"pt-PT","potentialAction":[{"@type":"ReadAction","target":["https:\/\/lovme.pt\/index.php\/produto\/shunga-kit-colecao-prazeres-carnais\/"]}]},{"@type":"ImageObject","inLanguage":"pt-PT","@id":"https:\/\/lovme.pt\/index.php\/produto\/shunga-kit-colecao-prazeres-carnais\/#primaryimage","url":"https:\/\/erki24nd3ub.exactdn.com\/wp-content\/uploads\/2026\/02\/img_48984_32e4885f3323646cfcd37fbf8738c716_1.jpg?strip=all","contentUrl":"https:\/\/erki24nd3ub.exactdn.com\/wp-content\/uploads\/2026\/02\/img_48984_32e4885f3323646cfcd37fbf8738c716_1.jpg?strip=all","width":790,"height":789},{"@type":"BreadcrumbList","@id":"https:\/\/lovme.pt\/index.php\/produto\/shunga-kit-colecao-prazeres-carnais\/#breadcrumb","itemListElement":[{"@type":"ListItem","position":1,"name":"In\u00edcio","item":"https:\/\/lovme.pt\/"},{"@type":"ListItem","position":2,"name":"Loja","item":"https:\/\/lovme.pt\/index.php\/loja\/"},{"@type":"ListItem","position":3,"name":"SHUNGA &#8211; KIT COLE\u00c7\u00c3O PRAZERES CARNAIS"}]},{"@type":"WebSite","@id":"https:\/\/lovme.pt\/#website","url":"https:\/\/lovme.pt\/","name":"Lovme Loja Er\u00f3tica N\u00ba1 em Portugal","description":"A melhor loja er\u00f3tica de Portugal.","alternateName":"Loja Er\u00f3tica Lovme","potentialAction":[{"@type":"SearchAction","target":{"@type":"EntryPoint","urlTemplate":"https:\/\/lovme.pt\/?s={search_term_string}"},"query-input":{"@type":"PropertyValueSpecification","valueRequired":true,"valueName":"search_term_string"}}],"inLanguage":"pt-PT"}]}},"_links":{"self":[{"href":"https:\/\/lovme.pt\/index.php\/wp-json\/wp\/v2\/product\/107576","targetHints":{"allow":["GET"]}}],"collection":[{"href":"https:\/\/lovme.pt\/index.php\/wp-json\/wp\/v2\/product"}],"about":[{"href":"https:\/\/lovme.pt\/index.php\/wp-json\/wp\/v2\/types\/product"}],"wp:featuredmedia":[{"embeddable":true,"href":"https:\/\/lovme.pt\/index.php\/wp-json\/wp\/v2\/media\/107577"}],"wp:attachment":[{"href":"https:\/\/lovme.pt\/index.php\/wp-json\/wp\/v2\/media?parent=107576"}],"wp:term":[{"taxonomy":"product_brand","embeddable":true,"href":"https:\/\/lovme.pt\/index.php\/wp-json\/wp\/v2\/product_brand?post=107576"},{"taxonomy":"product_cat","embeddable":true,"href":"https:\/\/lovme.pt\/index.php\/wp-json\/wp\/v2\/product_cat?post=107576"},{"taxonomy":"product_tag","embeddable":true,"href":"https:\/\/lovme.pt\/index.php\/wp-json\/wp\/v2\/product_tag?post=107576"}],"curies":[{"name":"wp","href":"https:\/\/api.w.org\/{rel}","templated":true}]}}