{"id":107423,"date":"2026-02-19T20:20:08","date_gmt":"2026-02-19T20:20:08","guid":{"rendered":"https:\/\/lovme.pt\/?post_type=product&p=107423"},"modified":"2026-02-20T04:01:49","modified_gmt":"2026-02-20T04:01:49","slug":"hot-perfume-de-feromonios-tokyo-urban-man-30-ml","status":"publish","type":"product","link":"https:\/\/lovme.pt\/index.php\/produto\/hot-perfume-de-feromonios-tokyo-urban-man-30-ml\/","title":{"rendered":"HOT &#8211; PERFUME DE FEROM\u00d4NIOS TOKYO URBAN MAN 30 ML"},"content":{"rendered":"<div class=\"product-description\">\n<p>Bem-vindo ao fascinante mundo de uma fragr\u00e2ncia criada para o homem urbano. Este perfume sensual e sedutor, \u00e0 base de ferom\u00f4nios, n\u00e3o \u00e9 apenas um aroma, mas uma viagem a uma vibrante metr\u00f3pole sensorial.<\/p>\n<p>\u00c9 uma poderosa combina\u00e7\u00e3o de elementos amadeirados robustos, aromas estimulantes e o mist\u00e9rio dos ferom\u00f4nios. As notas de topo s\u00e3o uma composi\u00e7\u00e3o magistral com tangerina revigorante, menta refrescante e hortel\u00e3-pimenta estimulante, que despertam os sentidos com uma onda de energia. O cora\u00e7\u00e3o de \u00e2mbar revela uma aura cativante com um calor sensual, enquanto as notas de fundo de gengibre picante e vetiver terroso adicionam um toque masculino distinto e uma intensidade irresist\u00edvel.<\/p>\n<p>Enriquecido com ferom\u00f4nios \u2014 atrativos naturais que atuam como um \u00edm\u00e3 sutil, por\u00e9m poderoso \u2014 este perfume intensifica a comunica\u00e7\u00e3o bioqu\u00edmica e a atra\u00e7\u00e3o pessoal. Ele foi criado para o homem din\u00e2mico que percorre a cidade com confian\u00e7a, oferecendo um mundo de aventuras e encanto.<\/p>\n<p><strong><u>CARACTER\u00cdSTICAS<\/u><\/strong><\/p>\n<ul>\n<li><strong>Energia Urbana:<\/strong> Notas refrescantes de menta e tangerina proporcionam uma dose instant\u00e2nea de vitalidade.<\/li>\n<li><strong>Enriquecido com ferom\u00f4nios:<\/strong> Formulado para real\u00e7ar seu carisma natural e magnetismo.<\/li>\n<li><strong>Calor sensual:<\/strong> Um cora\u00e7\u00e3o \u00e2mbar que oferece uma profundidade sofisticada e cativante.<\/li>\n<li><strong>Masculine Edge:<\/strong> Gengibre picante e vetiver terroso para um rastro olfativo distinto e poderoso.<\/li>\n<li><strong>Volume:<\/strong> 30ml \/ 1,0 fl.oz.<\/li>\n<\/ul>\n<p><strong><u>INGREDIENTES<\/u><\/strong><\/p>\n<p>\u00c1lcool desnaturado, perfume (fragr\u00e2ncia), \u00e1gua, linalol, limonenos, citronel\u00f3is, benzoato de benzila, citral, geraniol, cumarina, alfa-isometil ionona, salicilato de benzila, \u00e1lcool benz\u00edlico, ferom\u00f4nio.<\/p>\n<\/div>\n","protected":false},"excerpt":{"rendered":"<p>HOT &#8211; PERFUME DE FEROM\u00d4NIOS TOKYO URBAN MAN 30 ML<\/p>\n","protected":false},"featured_media":107424,"template":"","meta":{"_acf_changed":false},"product_brand":[],"product_cat":[49,88],"product_tag":[],"class_list":{"0":"post-107423","1":"product","2":"type-product","3":"status-publish","4":"has-post-thumbnail","6":"product_cat-cosmeticos","7":"product_cat-novidades","8":"yith_product_brand-hot","10":"first","11":"instock","12":"taxable","13":"shipping-taxable","14":"purchasable","15":"product-type-simple"},"acf":[],"yoast_head":"<!-- This site is optimized with the Yoast SEO plugin v27.4 - https:\/\/yoast.com\/product\/yoast-seo-wordpress\/ -->\n<title>HOT - PERFUME DE FEROM\u00d4NIOS TOKYO URBAN MAN 30 ML - Lovme<\/title>\n<meta name=\"robots\" content=\"index, follow, max-snippet:-1, max-image-preview:large, max-video-preview:-1\" \/>\n<link rel=\"canonical\" href=\"https:\/\/lovme.pt\/index.php\/produto\/hot-perfume-de-feromonios-tokyo-urban-man-30-ml\/\" \/>\n<meta property=\"og:locale\" content=\"pt_PT\" \/>\n<meta property=\"og:type\" content=\"article\" \/>\n<meta property=\"og:title\" content=\"HOT - PERFUME DE FEROM\u00d4NIOS TOKYO URBAN MAN 30 ML - Lovme\" \/>\n<meta property=\"og:description\" content=\"HOT - PERFUME DE FEROM\u00d4NIOS TOKYO URBAN MAN 30 ML\" \/>\n<meta property=\"og:url\" content=\"https:\/\/lovme.pt\/index.php\/produto\/hot-perfume-de-feromonios-tokyo-urban-man-30-ml\/\" \/>\n<meta property=\"og:site_name\" content=\"Lovme\" \/>\n<meta property=\"article:modified_time\" content=\"2026-02-20T04:01:49+00:00\" \/>\n<meta property=\"og:image\" content=\"https:\/\/erki24nd3ub.exactdn.com\/wp-content\/uploads\/dream\/img\/img_220873_d2cd315ef3aad8dd28fe39c61909162b_1.jpg?strip=all\" \/>\n\t<meta property=\"og:image:width\" content=\"900\" \/>\n\t<meta property=\"og:image:height\" content=\"900\" \/>\n\t<meta property=\"og:image:type\" content=\"image\/jpeg\" \/>\n<meta name=\"twitter:card\" content=\"summary_large_image\" \/>\n<meta name=\"twitter:label1\" content=\"Tempo estimado de leitura\" \/>\n\t<meta name=\"twitter:data1\" content=\"1 minuto\" \/>\n<script type=\"application\/ld+json\" class=\"yoast-schema-graph\">{\"@context\":\"https:\\\/\\\/schema.org\",\"@graph\":[{\"@type\":\"WebPage\",\"@id\":\"https:\\\/\\\/lovme.pt\\\/index.php\\\/produto\\\/hot-perfume-de-feromonios-tokyo-urban-man-30-ml\\\/\",\"url\":\"https:\\\/\\\/lovme.pt\\\/index.php\\\/produto\\\/hot-perfume-de-feromonios-tokyo-urban-man-30-ml\\\/\",\"name\":\"HOT - PERFUME DE FEROM\u00d4NIOS TOKYO URBAN MAN 30 ML - Lovme\",\"isPartOf\":{\"@id\":\"https:\\\/\\\/lovme.pt\\\/#website\"},\"primaryImageOfPage\":{\"@id\":\"https:\\\/\\\/lovme.pt\\\/index.php\\\/produto\\\/hot-perfume-de-feromonios-tokyo-urban-man-30-ml\\\/#primaryimage\"},\"image\":{\"@id\":\"https:\\\/\\\/lovme.pt\\\/index.php\\\/produto\\\/hot-perfume-de-feromonios-tokyo-urban-man-30-ml\\\/#primaryimage\"},\"thumbnailUrl\":\"https:\\\/\\\/erki24nd3ub.exactdn.com\\\/wp-content\\\/uploads\\\/dream\\\/img\\\/img_220873_d2cd315ef3aad8dd28fe39c61909162b_1.jpg?strip=all\",\"datePublished\":\"2026-02-19T20:20:08+00:00\",\"dateModified\":\"2026-02-20T04:01:49+00:00\",\"breadcrumb\":{\"@id\":\"https:\\\/\\\/lovme.pt\\\/index.php\\\/produto\\\/hot-perfume-de-feromonios-tokyo-urban-man-30-ml\\\/#breadcrumb\"},\"inLanguage\":\"pt-PT\",\"potentialAction\":[{\"@type\":\"ReadAction\",\"target\":[\"https:\\\/\\\/lovme.pt\\\/index.php\\\/produto\\\/hot-perfume-de-feromonios-tokyo-urban-man-30-ml\\\/\"]}]},{\"@type\":\"ImageObject\",\"inLanguage\":\"pt-PT\",\"@id\":\"https:\\\/\\\/lovme.pt\\\/index.php\\\/produto\\\/hot-perfume-de-feromonios-tokyo-urban-man-30-ml\\\/#primaryimage\",\"url\":\"https:\\\/\\\/erki24nd3ub.exactdn.com\\\/wp-content\\\/uploads\\\/dream\\\/img\\\/img_220873_d2cd315ef3aad8dd28fe39c61909162b_1.jpg?strip=all\",\"contentUrl\":\"https:\\\/\\\/erki24nd3ub.exactdn.com\\\/wp-content\\\/uploads\\\/dream\\\/img\\\/img_220873_d2cd315ef3aad8dd28fe39c61909162b_1.jpg?strip=all\",\"width\":900,\"height\":900},{\"@type\":\"BreadcrumbList\",\"@id\":\"https:\\\/\\\/lovme.pt\\\/index.php\\\/produto\\\/hot-perfume-de-feromonios-tokyo-urban-man-30-ml\\\/#breadcrumb\",\"itemListElement\":[{\"@type\":\"ListItem\",\"position\":1,\"name\":\"In\u00edcio\",\"item\":\"https:\\\/\\\/lovme.pt\\\/\"},{\"@type\":\"ListItem\",\"position\":2,\"name\":\"Loja\",\"item\":\"https:\\\/\\\/lovme.pt\\\/index.php\\\/loja\\\/\"},{\"@type\":\"ListItem\",\"position\":3,\"name\":\"HOT &#8211; PERFUME DE FEROM\u00d4NIOS TOKYO URBAN MAN 30 ML\"}]},{\"@type\":\"WebSite\",\"@id\":\"https:\\\/\\\/lovme.pt\\\/#website\",\"url\":\"https:\\\/\\\/lovme.pt\\\/\",\"name\":\"Lovme Loja Er\u00f3tica N\u00ba1 em Portugal\",\"description\":\"A melhor loja er\u00f3tica de Portugal.\",\"alternateName\":\"Loja Er\u00f3tica Lovme\",\"potentialAction\":[{\"@type\":\"SearchAction\",\"target\":{\"@type\":\"EntryPoint\",\"urlTemplate\":\"https:\\\/\\\/lovme.pt\\\/?s={search_term_string}\"},\"query-input\":{\"@type\":\"PropertyValueSpecification\",\"valueRequired\":true,\"valueName\":\"search_term_string\"}}],\"inLanguage\":\"pt-PT\"}]}<\/script>\n<!-- \/ Yoast SEO plugin. -->","yoast_head_json":{"title":"HOT - PERFUME DE FEROM\u00d4NIOS TOKYO URBAN MAN 30 ML - Lovme","robots":{"index":"index","follow":"follow","max-snippet":"max-snippet:-1","max-image-preview":"max-image-preview:large","max-video-preview":"max-video-preview:-1"},"canonical":"https:\/\/lovme.pt\/index.php\/produto\/hot-perfume-de-feromonios-tokyo-urban-man-30-ml\/","og_locale":"pt_PT","og_type":"article","og_title":"HOT - PERFUME DE FEROM\u00d4NIOS TOKYO URBAN MAN 30 ML - Lovme","og_description":"HOT - PERFUME DE FEROM\u00d4NIOS TOKYO URBAN MAN 30 ML","og_url":"https:\/\/lovme.pt\/index.php\/produto\/hot-perfume-de-feromonios-tokyo-urban-man-30-ml\/","og_site_name":"Lovme","article_modified_time":"2026-02-20T04:01:49+00:00","og_image":[{"width":900,"height":900,"url":"https:\/\/erki24nd3ub.exactdn.com\/wp-content\/uploads\/dream\/img\/img_220873_d2cd315ef3aad8dd28fe39c61909162b_1.jpg?strip=all","type":"image\/jpeg"}],"twitter_card":"summary_large_image","twitter_misc":{"Tempo estimado de leitura":"1 minuto"},"schema":{"@context":"https:\/\/schema.org","@graph":[{"@type":"WebPage","@id":"https:\/\/lovme.pt\/index.php\/produto\/hot-perfume-de-feromonios-tokyo-urban-man-30-ml\/","url":"https:\/\/lovme.pt\/index.php\/produto\/hot-perfume-de-feromonios-tokyo-urban-man-30-ml\/","name":"HOT - PERFUME DE FEROM\u00d4NIOS TOKYO URBAN MAN 30 ML - Lovme","isPartOf":{"@id":"https:\/\/lovme.pt\/#website"},"primaryImageOfPage":{"@id":"https:\/\/lovme.pt\/index.php\/produto\/hot-perfume-de-feromonios-tokyo-urban-man-30-ml\/#primaryimage"},"image":{"@id":"https:\/\/lovme.pt\/index.php\/produto\/hot-perfume-de-feromonios-tokyo-urban-man-30-ml\/#primaryimage"},"thumbnailUrl":"https:\/\/erki24nd3ub.exactdn.com\/wp-content\/uploads\/dream\/img\/img_220873_d2cd315ef3aad8dd28fe39c61909162b_1.jpg?strip=all","datePublished":"2026-02-19T20:20:08+00:00","dateModified":"2026-02-20T04:01:49+00:00","breadcrumb":{"@id":"https:\/\/lovme.pt\/index.php\/produto\/hot-perfume-de-feromonios-tokyo-urban-man-30-ml\/#breadcrumb"},"inLanguage":"pt-PT","potentialAction":[{"@type":"ReadAction","target":["https:\/\/lovme.pt\/index.php\/produto\/hot-perfume-de-feromonios-tokyo-urban-man-30-ml\/"]}]},{"@type":"ImageObject","inLanguage":"pt-PT","@id":"https:\/\/lovme.pt\/index.php\/produto\/hot-perfume-de-feromonios-tokyo-urban-man-30-ml\/#primaryimage","url":"https:\/\/erki24nd3ub.exactdn.com\/wp-content\/uploads\/dream\/img\/img_220873_d2cd315ef3aad8dd28fe39c61909162b_1.jpg?strip=all","contentUrl":"https:\/\/erki24nd3ub.exactdn.com\/wp-content\/uploads\/dream\/img\/img_220873_d2cd315ef3aad8dd28fe39c61909162b_1.jpg?strip=all","width":900,"height":900},{"@type":"BreadcrumbList","@id":"https:\/\/lovme.pt\/index.php\/produto\/hot-perfume-de-feromonios-tokyo-urban-man-30-ml\/#breadcrumb","itemListElement":[{"@type":"ListItem","position":1,"name":"In\u00edcio","item":"https:\/\/lovme.pt\/"},{"@type":"ListItem","position":2,"name":"Loja","item":"https:\/\/lovme.pt\/index.php\/loja\/"},{"@type":"ListItem","position":3,"name":"HOT &#8211; PERFUME DE FEROM\u00d4NIOS TOKYO URBAN MAN 30 ML"}]},{"@type":"WebSite","@id":"https:\/\/lovme.pt\/#website","url":"https:\/\/lovme.pt\/","name":"Lovme Loja Er\u00f3tica N\u00ba1 em Portugal","description":"A melhor loja er\u00f3tica de Portugal.","alternateName":"Loja Er\u00f3tica Lovme","potentialAction":[{"@type":"SearchAction","target":{"@type":"EntryPoint","urlTemplate":"https:\/\/lovme.pt\/?s={search_term_string}"},"query-input":{"@type":"PropertyValueSpecification","valueRequired":true,"valueName":"search_term_string"}}],"inLanguage":"pt-PT"}]}},"_links":{"self":[{"href":"https:\/\/lovme.pt\/index.php\/wp-json\/wp\/v2\/product\/107423","targetHints":{"allow":["GET"]}}],"collection":[{"href":"https:\/\/lovme.pt\/index.php\/wp-json\/wp\/v2\/product"}],"about":[{"href":"https:\/\/lovme.pt\/index.php\/wp-json\/wp\/v2\/types\/product"}],"wp:featuredmedia":[{"embeddable":true,"href":"https:\/\/lovme.pt\/index.php\/wp-json\/wp\/v2\/media\/107424"}],"wp:attachment":[{"href":"https:\/\/lovme.pt\/index.php\/wp-json\/wp\/v2\/media?parent=107423"}],"wp:term":[{"taxonomy":"product_brand","embeddable":true,"href":"https:\/\/lovme.pt\/index.php\/wp-json\/wp\/v2\/product_brand?post=107423"},{"taxonomy":"product_cat","embeddable":true,"href":"https:\/\/lovme.pt\/index.php\/wp-json\/wp\/v2\/product_cat?post=107423"},{"taxonomy":"product_tag","embeddable":true,"href":"https:\/\/lovme.pt\/index.php\/wp-json\/wp\/v2\/product_tag?post=107423"}],"curies":[{"name":"wp","href":"https:\/\/api.w.org\/{rel}","templated":true}]}}