{"id":107381,"date":"2026-02-19T20:11:36","date_gmt":"2026-02-19T20:11:36","guid":{"rendered":"https:\/\/lovme.pt\/?post_type=product&p=107381"},"modified":"2026-02-20T04:01:25","modified_gmt":"2026-02-20T04:01:25","slug":"hot-lubrificante-a-base-de-agua-com-aquecimento-e-deslizamento-30-ml","status":"publish","type":"product","link":"https:\/\/lovme.pt\/index.php\/produto\/hot-lubrificante-a-base-de-agua-com-aquecimento-e-deslizamento-30-ml\/","title":{"rendered":"HOT &#8211; LUBRIFICANTE \u00c0 BASE DE \u00c1GUA COM AQUECIMENTO E DESLIZAMENTO 30 ML"},"content":{"rendered":"<div class=\"product-description\">\n<p>Prazer l\u00edquido em tamanho ideal para viagens! Mergulhe no deleite sensual com este lubrificante \u00e0 base de \u00e1gua de alta qualidade, com um efeito de aquecimento exclusivo, agora dispon\u00edvel em um pr\u00e1tico frasco de 30ml.<\/p>\n<p>Criado para paladares exigentes, oferece uma experi\u00eancia suave, sem deixar a pele pegajosa ou com res\u00edduos. A sensa\u00e7\u00e3o de aquecimento adiciona uma camada extra de sensualidade aos seus momentos \u00edntimos e pode ser intensificada soprando suavemente na \u00e1rea aplicada.<\/p>\n<p>Por ser \u00e0 base de \u00e1gua, \u00e9 f\u00e1cil de remover e deixa uma sensa\u00e7\u00e3o agrad\u00e1vel e natural na pele. Al\u00e9m disso, \u00e9 compat\u00edvel com a maioria dos brinquedos e preservativos, permitindo que voc\u00ea vivencie momentos de pura paix\u00e3o sem concess\u00f5es, n\u00e3o importa onde esteja.<\/p>\n<p><strong><u>CARACTER\u00cdSTICAS<\/u><\/strong><\/p>\n<ul>\n<li><strong>Calor estimulante:<\/strong> Proporciona uma leve sensa\u00e7\u00e3o de aquecimento para aumentar a sensibilidade.<\/li>\n<li><strong>Tamanho ideal para viagem:<\/strong> Frasco pr\u00e1tico de 30ml \/ 1.0fl.oz, perfeito para momentos \u00edntimos em qualquer lugar.<\/li>\n<li><strong>Textura n\u00e3o pegajosa:<\/strong> Garante um deslizamento suave e fluido, sem deixar res\u00edduos.<\/li>\n<li><strong>Reativar com ar:<\/strong> O efeito de aquecimento pode ser intensificado soprando suavemente sobre ele.<\/li>\n<li><strong>Compatibilidade vers\u00e1til:<\/strong> Seguro para uso com preservativos de l\u00e1tex e diversos brinquedos er\u00f3ticos.<\/li>\n<\/ul>\n<p><strong><u>INGREDIENTES<\/u><\/strong><\/p>\n<p>\u00c1gua, Glicerina, Propilenoglicol, Hidroxietilcelulose, \u00c1cido L\u00e1ctico, Benzoato de S\u00f3dio, Levulinato de S\u00f3dio, Extrato da Folha de Rosmarinus Officinalis (Alecrim), Diacetato de Glutamato Tetrass\u00f3dico, \u00c9ter But\u00edlico de Vanilila.<\/p>\n<\/div>\n","protected":false},"excerpt":{"rendered":"<p>HOT &#8211; LUBRIFICANTE \u00c0 BASE DE \u00c1GUA COM AQUECIMENTO E DESLIZAMENTO 30 ML<\/p>\n","protected":false},"featured_media":107382,"template":"","meta":{"_acf_changed":false},"product_brand":[],"product_cat":[49,53,88],"product_tag":[],"class_list":{"0":"post-107381","1":"product","2":"type-product","3":"status-publish","4":"has-post-thumbnail","6":"product_cat-cosmeticos","7":"product_cat-lubrificantes-intimos","8":"product_cat-novidades","9":"yith_product_brand-hot","11":"first","12":"instock","13":"taxable","14":"shipping-taxable","15":"purchasable","16":"product-type-simple"},"acf":[],"yoast_head":"<!-- This site is optimized with the Yoast SEO plugin v27.4 - https:\/\/yoast.com\/product\/yoast-seo-wordpress\/ -->\n<title>HOT - LUBRIFICANTE \u00c0 BASE DE \u00c1GUA COM AQUECIMENTO E DESLIZAMENTO 30 ML - Lovme<\/title>\n<meta name=\"robots\" content=\"index, follow, max-snippet:-1, max-image-preview:large, max-video-preview:-1\" \/>\n<link rel=\"canonical\" href=\"https:\/\/lovme.pt\/index.php\/produto\/hot-lubrificante-a-base-de-agua-com-aquecimento-e-deslizamento-30-ml\/\" \/>\n<meta property=\"og:locale\" content=\"pt_PT\" \/>\n<meta property=\"og:type\" content=\"article\" \/>\n<meta property=\"og:title\" content=\"HOT - LUBRIFICANTE \u00c0 BASE DE \u00c1GUA COM AQUECIMENTO E DESLIZAMENTO 30 ML - Lovme\" \/>\n<meta property=\"og:description\" content=\"HOT - LUBRIFICANTE \u00c0 BASE DE \u00c1GUA COM AQUECIMENTO E DESLIZAMENTO 30 ML\" \/>\n<meta property=\"og:url\" content=\"https:\/\/lovme.pt\/index.php\/produto\/hot-lubrificante-a-base-de-agua-com-aquecimento-e-deslizamento-30-ml\/\" \/>\n<meta property=\"og:site_name\" content=\"Lovme\" \/>\n<meta property=\"article:modified_time\" content=\"2026-02-20T04:01:25+00:00\" \/>\n<meta property=\"og:image\" content=\"https:\/\/erki24nd3ub.exactdn.com\/wp-content\/uploads\/dream\/img\/img_220750_4e24ee67ca71fbe629585c8e56a3a611_1.jpg?strip=all\" \/>\n\t<meta property=\"og:image:width\" content=\"900\" \/>\n\t<meta property=\"og:image:height\" content=\"900\" \/>\n\t<meta property=\"og:image:type\" content=\"image\/jpeg\" \/>\n<meta name=\"twitter:card\" content=\"summary_large_image\" \/>\n<meta name=\"twitter:label1\" content=\"Tempo estimado de leitura\" \/>\n\t<meta name=\"twitter:data1\" content=\"1 minuto\" \/>\n<script type=\"application\/ld+json\" class=\"yoast-schema-graph\">{\"@context\":\"https:\\\/\\\/schema.org\",\"@graph\":[{\"@type\":\"WebPage\",\"@id\":\"https:\\\/\\\/lovme.pt\\\/index.php\\\/produto\\\/hot-lubrificante-a-base-de-agua-com-aquecimento-e-deslizamento-30-ml\\\/\",\"url\":\"https:\\\/\\\/lovme.pt\\\/index.php\\\/produto\\\/hot-lubrificante-a-base-de-agua-com-aquecimento-e-deslizamento-30-ml\\\/\",\"name\":\"HOT - LUBRIFICANTE \u00c0 BASE DE \u00c1GUA COM AQUECIMENTO E DESLIZAMENTO 30 ML - Lovme\",\"isPartOf\":{\"@id\":\"https:\\\/\\\/lovme.pt\\\/#website\"},\"primaryImageOfPage\":{\"@id\":\"https:\\\/\\\/lovme.pt\\\/index.php\\\/produto\\\/hot-lubrificante-a-base-de-agua-com-aquecimento-e-deslizamento-30-ml\\\/#primaryimage\"},\"image\":{\"@id\":\"https:\\\/\\\/lovme.pt\\\/index.php\\\/produto\\\/hot-lubrificante-a-base-de-agua-com-aquecimento-e-deslizamento-30-ml\\\/#primaryimage\"},\"thumbnailUrl\":\"https:\\\/\\\/erki24nd3ub.exactdn.com\\\/wp-content\\\/uploads\\\/dream\\\/img\\\/img_220750_4e24ee67ca71fbe629585c8e56a3a611_1.jpg?strip=all\",\"datePublished\":\"2026-02-19T20:11:36+00:00\",\"dateModified\":\"2026-02-20T04:01:25+00:00\",\"breadcrumb\":{\"@id\":\"https:\\\/\\\/lovme.pt\\\/index.php\\\/produto\\\/hot-lubrificante-a-base-de-agua-com-aquecimento-e-deslizamento-30-ml\\\/#breadcrumb\"},\"inLanguage\":\"pt-PT\",\"potentialAction\":[{\"@type\":\"ReadAction\",\"target\":[\"https:\\\/\\\/lovme.pt\\\/index.php\\\/produto\\\/hot-lubrificante-a-base-de-agua-com-aquecimento-e-deslizamento-30-ml\\\/\"]}]},{\"@type\":\"ImageObject\",\"inLanguage\":\"pt-PT\",\"@id\":\"https:\\\/\\\/lovme.pt\\\/index.php\\\/produto\\\/hot-lubrificante-a-base-de-agua-com-aquecimento-e-deslizamento-30-ml\\\/#primaryimage\",\"url\":\"https:\\\/\\\/erki24nd3ub.exactdn.com\\\/wp-content\\\/uploads\\\/dream\\\/img\\\/img_220750_4e24ee67ca71fbe629585c8e56a3a611_1.jpg?strip=all\",\"contentUrl\":\"https:\\\/\\\/erki24nd3ub.exactdn.com\\\/wp-content\\\/uploads\\\/dream\\\/img\\\/img_220750_4e24ee67ca71fbe629585c8e56a3a611_1.jpg?strip=all\",\"width\":900,\"height\":900},{\"@type\":\"BreadcrumbList\",\"@id\":\"https:\\\/\\\/lovme.pt\\\/index.php\\\/produto\\\/hot-lubrificante-a-base-de-agua-com-aquecimento-e-deslizamento-30-ml\\\/#breadcrumb\",\"itemListElement\":[{\"@type\":\"ListItem\",\"position\":1,\"name\":\"In\u00edcio\",\"item\":\"https:\\\/\\\/lovme.pt\\\/\"},{\"@type\":\"ListItem\",\"position\":2,\"name\":\"Loja\",\"item\":\"https:\\\/\\\/lovme.pt\\\/index.php\\\/loja\\\/\"},{\"@type\":\"ListItem\",\"position\":3,\"name\":\"HOT &#8211; LUBRIFICANTE \u00c0 BASE DE \u00c1GUA COM AQUECIMENTO E DESLIZAMENTO 30 ML\"}]},{\"@type\":\"WebSite\",\"@id\":\"https:\\\/\\\/lovme.pt\\\/#website\",\"url\":\"https:\\\/\\\/lovme.pt\\\/\",\"name\":\"Lovme Loja Er\u00f3tica N\u00ba1 em Portugal\",\"description\":\"A melhor loja er\u00f3tica de Portugal.\",\"alternateName\":\"Loja Er\u00f3tica Lovme\",\"potentialAction\":[{\"@type\":\"SearchAction\",\"target\":{\"@type\":\"EntryPoint\",\"urlTemplate\":\"https:\\\/\\\/lovme.pt\\\/?s={search_term_string}\"},\"query-input\":{\"@type\":\"PropertyValueSpecification\",\"valueRequired\":true,\"valueName\":\"search_term_string\"}}],\"inLanguage\":\"pt-PT\"}]}<\/script>\n<!-- \/ Yoast SEO plugin. -->","yoast_head_json":{"title":"HOT - LUBRIFICANTE \u00c0 BASE DE \u00c1GUA COM AQUECIMENTO E DESLIZAMENTO 30 ML - Lovme","robots":{"index":"index","follow":"follow","max-snippet":"max-snippet:-1","max-image-preview":"max-image-preview:large","max-video-preview":"max-video-preview:-1"},"canonical":"https:\/\/lovme.pt\/index.php\/produto\/hot-lubrificante-a-base-de-agua-com-aquecimento-e-deslizamento-30-ml\/","og_locale":"pt_PT","og_type":"article","og_title":"HOT - LUBRIFICANTE \u00c0 BASE DE \u00c1GUA COM AQUECIMENTO E DESLIZAMENTO 30 ML - Lovme","og_description":"HOT - LUBRIFICANTE \u00c0 BASE DE \u00c1GUA COM AQUECIMENTO E DESLIZAMENTO 30 ML","og_url":"https:\/\/lovme.pt\/index.php\/produto\/hot-lubrificante-a-base-de-agua-com-aquecimento-e-deslizamento-30-ml\/","og_site_name":"Lovme","article_modified_time":"2026-02-20T04:01:25+00:00","og_image":[{"width":900,"height":900,"url":"https:\/\/erki24nd3ub.exactdn.com\/wp-content\/uploads\/dream\/img\/img_220750_4e24ee67ca71fbe629585c8e56a3a611_1.jpg?strip=all","type":"image\/jpeg"}],"twitter_card":"summary_large_image","twitter_misc":{"Tempo estimado de leitura":"1 minuto"},"schema":{"@context":"https:\/\/schema.org","@graph":[{"@type":"WebPage","@id":"https:\/\/lovme.pt\/index.php\/produto\/hot-lubrificante-a-base-de-agua-com-aquecimento-e-deslizamento-30-ml\/","url":"https:\/\/lovme.pt\/index.php\/produto\/hot-lubrificante-a-base-de-agua-com-aquecimento-e-deslizamento-30-ml\/","name":"HOT - LUBRIFICANTE \u00c0 BASE DE \u00c1GUA COM AQUECIMENTO E DESLIZAMENTO 30 ML - Lovme","isPartOf":{"@id":"https:\/\/lovme.pt\/#website"},"primaryImageOfPage":{"@id":"https:\/\/lovme.pt\/index.php\/produto\/hot-lubrificante-a-base-de-agua-com-aquecimento-e-deslizamento-30-ml\/#primaryimage"},"image":{"@id":"https:\/\/lovme.pt\/index.php\/produto\/hot-lubrificante-a-base-de-agua-com-aquecimento-e-deslizamento-30-ml\/#primaryimage"},"thumbnailUrl":"https:\/\/erki24nd3ub.exactdn.com\/wp-content\/uploads\/dream\/img\/img_220750_4e24ee67ca71fbe629585c8e56a3a611_1.jpg?strip=all","datePublished":"2026-02-19T20:11:36+00:00","dateModified":"2026-02-20T04:01:25+00:00","breadcrumb":{"@id":"https:\/\/lovme.pt\/index.php\/produto\/hot-lubrificante-a-base-de-agua-com-aquecimento-e-deslizamento-30-ml\/#breadcrumb"},"inLanguage":"pt-PT","potentialAction":[{"@type":"ReadAction","target":["https:\/\/lovme.pt\/index.php\/produto\/hot-lubrificante-a-base-de-agua-com-aquecimento-e-deslizamento-30-ml\/"]}]},{"@type":"ImageObject","inLanguage":"pt-PT","@id":"https:\/\/lovme.pt\/index.php\/produto\/hot-lubrificante-a-base-de-agua-com-aquecimento-e-deslizamento-30-ml\/#primaryimage","url":"https:\/\/erki24nd3ub.exactdn.com\/wp-content\/uploads\/dream\/img\/img_220750_4e24ee67ca71fbe629585c8e56a3a611_1.jpg?strip=all","contentUrl":"https:\/\/erki24nd3ub.exactdn.com\/wp-content\/uploads\/dream\/img\/img_220750_4e24ee67ca71fbe629585c8e56a3a611_1.jpg?strip=all","width":900,"height":900},{"@type":"BreadcrumbList","@id":"https:\/\/lovme.pt\/index.php\/produto\/hot-lubrificante-a-base-de-agua-com-aquecimento-e-deslizamento-30-ml\/#breadcrumb","itemListElement":[{"@type":"ListItem","position":1,"name":"In\u00edcio","item":"https:\/\/lovme.pt\/"},{"@type":"ListItem","position":2,"name":"Loja","item":"https:\/\/lovme.pt\/index.php\/loja\/"},{"@type":"ListItem","position":3,"name":"HOT &#8211; LUBRIFICANTE \u00c0 BASE DE \u00c1GUA COM AQUECIMENTO E DESLIZAMENTO 30 ML"}]},{"@type":"WebSite","@id":"https:\/\/lovme.pt\/#website","url":"https:\/\/lovme.pt\/","name":"Lovme Loja Er\u00f3tica N\u00ba1 em Portugal","description":"A melhor loja er\u00f3tica de Portugal.","alternateName":"Loja Er\u00f3tica Lovme","potentialAction":[{"@type":"SearchAction","target":{"@type":"EntryPoint","urlTemplate":"https:\/\/lovme.pt\/?s={search_term_string}"},"query-input":{"@type":"PropertyValueSpecification","valueRequired":true,"valueName":"search_term_string"}}],"inLanguage":"pt-PT"}]}},"_links":{"self":[{"href":"https:\/\/lovme.pt\/index.php\/wp-json\/wp\/v2\/product\/107381","targetHints":{"allow":["GET"]}}],"collection":[{"href":"https:\/\/lovme.pt\/index.php\/wp-json\/wp\/v2\/product"}],"about":[{"href":"https:\/\/lovme.pt\/index.php\/wp-json\/wp\/v2\/types\/product"}],"wp:featuredmedia":[{"embeddable":true,"href":"https:\/\/lovme.pt\/index.php\/wp-json\/wp\/v2\/media\/107382"}],"wp:attachment":[{"href":"https:\/\/lovme.pt\/index.php\/wp-json\/wp\/v2\/media?parent=107381"}],"wp:term":[{"taxonomy":"product_brand","embeddable":true,"href":"https:\/\/lovme.pt\/index.php\/wp-json\/wp\/v2\/product_brand?post=107381"},{"taxonomy":"product_cat","embeddable":true,"href":"https:\/\/lovme.pt\/index.php\/wp-json\/wp\/v2\/product_cat?post=107381"},{"taxonomy":"product_tag","embeddable":true,"href":"https:\/\/lovme.pt\/index.php\/wp-json\/wp\/v2\/product_tag?post=107381"}],"curies":[{"name":"wp","href":"https:\/\/api.w.org\/{rel}","templated":true}]}}