{"id":107366,"date":"2026-02-19T20:11:04","date_gmt":"2026-02-19T20:11:04","guid":{"rendered":"https:\/\/lovme.pt\/?post_type=product&p=107366"},"modified":"2026-02-20T04:01:24","modified_gmt":"2026-02-20T04:01:24","slug":"hot-creme-xxl-para-homens-50-ml","status":"publish","type":"product","link":"https:\/\/lovme.pt\/index.php\/produto\/hot-creme-xxl-para-homens-50-ml\/","title":{"rendered":"HOT &#8211; CREME XXL PARA HOMENS 50 ML"},"content":{"rendered":"<div class=\"product-description\">\n<p>Experimente um cl\u00edmax mais intenso com este creme especializado para homens, desenvolvido para melhorar o seu bem-estar \u00edntimo.<\/p>\n<p>Este creme exclusivo proporciona uma a\u00e7\u00e3o profunda singular que, com o uso regular, pode contribuir para o espessamento e aumento do p\u00eanis. Concebido como um excelente produto complementar, este creme promove a circula\u00e7\u00e3o sangu\u00ednea e \u00e9 ideal para uso em conjunto com uma bomba peniana.<\/p>\n<p>Presenteie-se com este produto e descubra uma nova dimens\u00e3o no cuidado masculino e no aumento do prazer.<\/p>\n<p><strong><u>CARACTER\u00cdSTICAS<\/u><\/strong><\/p>\n<ul>\n<li><strong>Melhoria de desempenho:<\/strong> Formulado para promover a circula\u00e7\u00e3o e a vitalidade.<\/li>\n<li><strong>A\u00e7\u00e3o Profunda:<\/strong> Promove uma apar\u00eancia mais firme e volumosa com o uso cont\u00ednuo.<\/li>\n<li><strong>Cuidado com a pele:<\/strong> Enriquecido com Aloe Vera, Jojoba e Pantenol para uma hidrata\u00e7\u00e3o superior.<\/li>\n<li><strong>Extratos Naturais:<\/strong> Cont\u00e9m Ginseng e Ginkgo Biloba para aumentar a sensibilidade e os resultados.<\/li>\n<li><strong>Volume:<\/strong> 50ml \/ 1,7 fl.oz.<\/li>\n<\/ul>\n<p><strong><u>INGREDIENTES<\/u><\/strong><\/p>\n<p>\u00c1gua, palmitato de isopropila, suco da folha de Aloe barbadensis, estearato de poligliceril-3, \u00e1lcool cetoestear\u00edlico, estearato de glicerila, glicerina, estearoil lactilato de s\u00f3dio, dimeticona, \u00f3leo da semente de Simmondsia chinensis (jojoba), pantenol, acetato de tocoferila, extrato da raiz de Panax ginseng, extrato da folha de Ginkgo biloba, alanto\u00edna, tocoferol, mentol, \u00e1cido c\u00edtrico, frutose, dextrina, glicose, alanina, \u00e1cido asp\u00e1rtico, \u00e1cido glut\u00e2mico, ureia, sacarose, propilenoglicol, hexilenoglicol, goma xantana, etilhexilglicerina, fenoxietanol.<\/p>\n<\/div>\n","protected":false},"excerpt":{"rendered":"<p>HOT &#8211; CREME XXL PARA HOMENS 50 ML<\/p>\n","protected":false},"featured_media":107367,"template":"","meta":{"_acf_changed":false},"product_brand":[],"product_cat":[49,52,88],"product_tag":[],"class_list":{"0":"post-107366","1":"product","2":"type-product","3":"status-publish","4":"has-post-thumbnail","6":"product_cat-cosmeticos","7":"product_cat-estimulantes","8":"product_cat-novidades","9":"yith_product_brand-hot","11":"first","12":"instock","13":"taxable","14":"shipping-taxable","15":"purchasable","16":"product-type-simple"},"acf":[],"yoast_head":"<!-- This site is optimized with the Yoast SEO plugin v27.3 - https:\/\/yoast.com\/product\/yoast-seo-wordpress\/ -->\n<title>HOT - CREME XXL PARA HOMENS 50 ML - Lovme<\/title>\n<meta name=\"robots\" content=\"index, follow, max-snippet:-1, max-image-preview:large, max-video-preview:-1\" \/>\n<link rel=\"canonical\" href=\"https:\/\/lovme.pt\/index.php\/produto\/hot-creme-xxl-para-homens-50-ml\/\" \/>\n<meta property=\"og:locale\" content=\"pt_PT\" \/>\n<meta property=\"og:type\" content=\"article\" \/>\n<meta property=\"og:title\" content=\"HOT - CREME XXL PARA HOMENS 50 ML - Lovme\" \/>\n<meta property=\"og:description\" content=\"HOT - CREME XXL PARA HOMENS 50 ML\" \/>\n<meta property=\"og:url\" content=\"https:\/\/lovme.pt\/index.php\/produto\/hot-creme-xxl-para-homens-50-ml\/\" \/>\n<meta property=\"og:site_name\" content=\"Lovme\" \/>\n<meta property=\"article:modified_time\" content=\"2026-02-20T04:01:24+00:00\" \/>\n<meta property=\"og:image\" content=\"https:\/\/erki24nd3ub.exactdn.com\/wp-content\/uploads\/dream\/img\/img_220680_b40455ca5ffe26eaa51424f47543aa56_1.jpg?strip=all\" \/>\n\t<meta property=\"og:image:width\" content=\"900\" \/>\n\t<meta property=\"og:image:height\" content=\"900\" \/>\n\t<meta property=\"og:image:type\" content=\"image\/jpeg\" \/>\n<meta name=\"twitter:card\" content=\"summary_large_image\" \/>\n<meta name=\"twitter:label1\" content=\"Tempo estimado de leitura\" \/>\n\t<meta name=\"twitter:data1\" content=\"1 minuto\" \/>\n<script type=\"application\/ld+json\" class=\"yoast-schema-graph\">{\"@context\":\"https:\\\/\\\/schema.org\",\"@graph\":[{\"@type\":\"WebPage\",\"@id\":\"https:\\\/\\\/lovme.pt\\\/index.php\\\/produto\\\/hot-creme-xxl-para-homens-50-ml\\\/\",\"url\":\"https:\\\/\\\/lovme.pt\\\/index.php\\\/produto\\\/hot-creme-xxl-para-homens-50-ml\\\/\",\"name\":\"HOT - CREME XXL PARA HOMENS 50 ML - Lovme\",\"isPartOf\":{\"@id\":\"https:\\\/\\\/lovme.pt\\\/#website\"},\"primaryImageOfPage\":{\"@id\":\"https:\\\/\\\/lovme.pt\\\/index.php\\\/produto\\\/hot-creme-xxl-para-homens-50-ml\\\/#primaryimage\"},\"image\":{\"@id\":\"https:\\\/\\\/lovme.pt\\\/index.php\\\/produto\\\/hot-creme-xxl-para-homens-50-ml\\\/#primaryimage\"},\"thumbnailUrl\":\"https:\\\/\\\/erki24nd3ub.exactdn.com\\\/wp-content\\\/uploads\\\/dream\\\/img\\\/img_220680_b40455ca5ffe26eaa51424f47543aa56_1.jpg?strip=all\",\"datePublished\":\"2026-02-19T20:11:04+00:00\",\"dateModified\":\"2026-02-20T04:01:24+00:00\",\"breadcrumb\":{\"@id\":\"https:\\\/\\\/lovme.pt\\\/index.php\\\/produto\\\/hot-creme-xxl-para-homens-50-ml\\\/#breadcrumb\"},\"inLanguage\":\"pt-PT\",\"potentialAction\":[{\"@type\":\"ReadAction\",\"target\":[\"https:\\\/\\\/lovme.pt\\\/index.php\\\/produto\\\/hot-creme-xxl-para-homens-50-ml\\\/\"]}]},{\"@type\":\"ImageObject\",\"inLanguage\":\"pt-PT\",\"@id\":\"https:\\\/\\\/lovme.pt\\\/index.php\\\/produto\\\/hot-creme-xxl-para-homens-50-ml\\\/#primaryimage\",\"url\":\"https:\\\/\\\/erki24nd3ub.exactdn.com\\\/wp-content\\\/uploads\\\/dream\\\/img\\\/img_220680_b40455ca5ffe26eaa51424f47543aa56_1.jpg?strip=all\",\"contentUrl\":\"https:\\\/\\\/erki24nd3ub.exactdn.com\\\/wp-content\\\/uploads\\\/dream\\\/img\\\/img_220680_b40455ca5ffe26eaa51424f47543aa56_1.jpg?strip=all\",\"width\":900,\"height\":900},{\"@type\":\"BreadcrumbList\",\"@id\":\"https:\\\/\\\/lovme.pt\\\/index.php\\\/produto\\\/hot-creme-xxl-para-homens-50-ml\\\/#breadcrumb\",\"itemListElement\":[{\"@type\":\"ListItem\",\"position\":1,\"name\":\"In\u00edcio\",\"item\":\"https:\\\/\\\/lovme.pt\\\/\"},{\"@type\":\"ListItem\",\"position\":2,\"name\":\"Loja\",\"item\":\"https:\\\/\\\/lovme.pt\\\/index.php\\\/loja\\\/\"},{\"@type\":\"ListItem\",\"position\":3,\"name\":\"HOT &#8211; CREME XXL PARA HOMENS 50 ML\"}]},{\"@type\":\"WebSite\",\"@id\":\"https:\\\/\\\/lovme.pt\\\/#website\",\"url\":\"https:\\\/\\\/lovme.pt\\\/\",\"name\":\"Lovme Loja Er\u00f3tica N\u00ba1 em Portugal\",\"description\":\"A melhor loja er\u00f3tica de Portugal.\",\"alternateName\":\"Loja Er\u00f3tica Lovme\",\"potentialAction\":[{\"@type\":\"SearchAction\",\"target\":{\"@type\":\"EntryPoint\",\"urlTemplate\":\"https:\\\/\\\/lovme.pt\\\/?s={search_term_string}\"},\"query-input\":{\"@type\":\"PropertyValueSpecification\",\"valueRequired\":true,\"valueName\":\"search_term_string\"}}],\"inLanguage\":\"pt-PT\"}]}<\/script>\n<!-- \/ Yoast SEO plugin. -->","yoast_head_json":{"title":"HOT - CREME XXL PARA HOMENS 50 ML - Lovme","robots":{"index":"index","follow":"follow","max-snippet":"max-snippet:-1","max-image-preview":"max-image-preview:large","max-video-preview":"max-video-preview:-1"},"canonical":"https:\/\/lovme.pt\/index.php\/produto\/hot-creme-xxl-para-homens-50-ml\/","og_locale":"pt_PT","og_type":"article","og_title":"HOT - CREME XXL PARA HOMENS 50 ML - Lovme","og_description":"HOT - CREME XXL PARA HOMENS 50 ML","og_url":"https:\/\/lovme.pt\/index.php\/produto\/hot-creme-xxl-para-homens-50-ml\/","og_site_name":"Lovme","article_modified_time":"2026-02-20T04:01:24+00:00","og_image":[{"width":900,"height":900,"url":"https:\/\/erki24nd3ub.exactdn.com\/wp-content\/uploads\/dream\/img\/img_220680_b40455ca5ffe26eaa51424f47543aa56_1.jpg?strip=all","type":"image\/jpeg"}],"twitter_card":"summary_large_image","twitter_misc":{"Tempo estimado de leitura":"1 minuto"},"schema":{"@context":"https:\/\/schema.org","@graph":[{"@type":"WebPage","@id":"https:\/\/lovme.pt\/index.php\/produto\/hot-creme-xxl-para-homens-50-ml\/","url":"https:\/\/lovme.pt\/index.php\/produto\/hot-creme-xxl-para-homens-50-ml\/","name":"HOT - CREME XXL PARA HOMENS 50 ML - Lovme","isPartOf":{"@id":"https:\/\/lovme.pt\/#website"},"primaryImageOfPage":{"@id":"https:\/\/lovme.pt\/index.php\/produto\/hot-creme-xxl-para-homens-50-ml\/#primaryimage"},"image":{"@id":"https:\/\/lovme.pt\/index.php\/produto\/hot-creme-xxl-para-homens-50-ml\/#primaryimage"},"thumbnailUrl":"https:\/\/erki24nd3ub.exactdn.com\/wp-content\/uploads\/dream\/img\/img_220680_b40455ca5ffe26eaa51424f47543aa56_1.jpg?strip=all","datePublished":"2026-02-19T20:11:04+00:00","dateModified":"2026-02-20T04:01:24+00:00","breadcrumb":{"@id":"https:\/\/lovme.pt\/index.php\/produto\/hot-creme-xxl-para-homens-50-ml\/#breadcrumb"},"inLanguage":"pt-PT","potentialAction":[{"@type":"ReadAction","target":["https:\/\/lovme.pt\/index.php\/produto\/hot-creme-xxl-para-homens-50-ml\/"]}]},{"@type":"ImageObject","inLanguage":"pt-PT","@id":"https:\/\/lovme.pt\/index.php\/produto\/hot-creme-xxl-para-homens-50-ml\/#primaryimage","url":"https:\/\/erki24nd3ub.exactdn.com\/wp-content\/uploads\/dream\/img\/img_220680_b40455ca5ffe26eaa51424f47543aa56_1.jpg?strip=all","contentUrl":"https:\/\/erki24nd3ub.exactdn.com\/wp-content\/uploads\/dream\/img\/img_220680_b40455ca5ffe26eaa51424f47543aa56_1.jpg?strip=all","width":900,"height":900},{"@type":"BreadcrumbList","@id":"https:\/\/lovme.pt\/index.php\/produto\/hot-creme-xxl-para-homens-50-ml\/#breadcrumb","itemListElement":[{"@type":"ListItem","position":1,"name":"In\u00edcio","item":"https:\/\/lovme.pt\/"},{"@type":"ListItem","position":2,"name":"Loja","item":"https:\/\/lovme.pt\/index.php\/loja\/"},{"@type":"ListItem","position":3,"name":"HOT &#8211; CREME XXL PARA HOMENS 50 ML"}]},{"@type":"WebSite","@id":"https:\/\/lovme.pt\/#website","url":"https:\/\/lovme.pt\/","name":"Lovme Loja Er\u00f3tica N\u00ba1 em Portugal","description":"A melhor loja er\u00f3tica de Portugal.","alternateName":"Loja Er\u00f3tica Lovme","potentialAction":[{"@type":"SearchAction","target":{"@type":"EntryPoint","urlTemplate":"https:\/\/lovme.pt\/?s={search_term_string}"},"query-input":{"@type":"PropertyValueSpecification","valueRequired":true,"valueName":"search_term_string"}}],"inLanguage":"pt-PT"}]}},"_links":{"self":[{"href":"https:\/\/lovme.pt\/index.php\/wp-json\/wp\/v2\/product\/107366","targetHints":{"allow":["GET"]}}],"collection":[{"href":"https:\/\/lovme.pt\/index.php\/wp-json\/wp\/v2\/product"}],"about":[{"href":"https:\/\/lovme.pt\/index.php\/wp-json\/wp\/v2\/types\/product"}],"wp:featuredmedia":[{"embeddable":true,"href":"https:\/\/lovme.pt\/index.php\/wp-json\/wp\/v2\/media\/107367"}],"wp:attachment":[{"href":"https:\/\/lovme.pt\/index.php\/wp-json\/wp\/v2\/media?parent=107366"}],"wp:term":[{"taxonomy":"product_brand","embeddable":true,"href":"https:\/\/lovme.pt\/index.php\/wp-json\/wp\/v2\/product_brand?post=107366"},{"taxonomy":"product_cat","embeddable":true,"href":"https:\/\/lovme.pt\/index.php\/wp-json\/wp\/v2\/product_cat?post=107366"},{"taxonomy":"product_tag","embeddable":true,"href":"https:\/\/lovme.pt\/index.php\/wp-json\/wp\/v2\/product_tag?post=107366"}],"curies":[{"name":"wp","href":"https:\/\/api.w.org\/{rel}","templated":true}]}}