{"id":107191,"date":"2026-02-19T20:02:02","date_gmt":"2026-02-19T20:02:02","guid":{"rendered":"https:\/\/lovme.pt\/?post_type=product&p=107191"},"modified":"2026-02-20T04:00:54","modified_gmt":"2026-02-20T04:00:54","slug":"hot-exxtreme-glide-lubrificante-a-base-de-agua-oleo-confortante-a-30-ml","status":"publish","type":"product","link":"https:\/\/lovme.pt\/index.php\/produto\/hot-exxtreme-glide-lubrificante-a-base-de-agua-oleo-confortante-a-30-ml\/","title":{"rendered":"HOT &#8211; EXXTREME GLIDE LUBRIFICANTE \u00c0 BASE DE \u00c1GUA + \u00d3LEO CONFORTANTE A+ 30 ML"},"content":{"rendered":"<div class=\"product-description\">\n<p>Descubra a intensidade pura com este lubrificante premium \u00e0 base de \u00e1gua, especialmente desenvolvido para as necessidades espec\u00edficas do sexo anal, em um pr\u00e1tico tamanho para viagens.<\/p>\n<p> Enriquecido com extratos de erva-de-s\u00e3o-jo\u00e3o e \u00f3leo de pr\u00edmula, oferece uma experi\u00eancia extraordin\u00e1ria para quem busca o \u00e1pice do prazer. Sua f\u00f3rmula exclusiva ajuda a relaxar os m\u00fasculos e garante uma penetra\u00e7\u00e3o suave. Gra\u00e7as \u00e0 sua composi\u00e7\u00e3o \u00e0 base de \u00e1gua, \u00e9 particularmente delicado para a pele e muito f\u00e1cil de remover.<\/p>\n<p> Al\u00e9m disso, \u00e9 compat\u00edvel com a maioria dos brinquedos sexuais e preservativos, garantindo m\u00e1xima versatilidade. O alto n\u00edvel de deslizamento, prazer e qualidade atendem at\u00e9 \u00e0s exig\u00eancias mais extremas. Mergulhe num mundo de intensidade e paix\u00e3o com este lubrificante superior.<\/p>\n<p> <strong><u><span style=\"text-decoration: underline;\">CARACTER\u00cdSTICAS<\/span><\/u><\/strong><\/p>\n<ul>\n<li> <strong>F\u00f3rmula anal especializada:<\/strong> Desenvolvida para proporcionar o m\u00e1ximo conforto e relaxamento para experi\u00eancias intensas.<\/li>\n<li> <strong>Extratos Naturais:<\/strong> Cont\u00e9m erva-de-s\u00e3o-jo\u00e3o e \u00f3leo de pr\u00edmula para acalmar e proteger.<\/li>\n<li> <strong>\u00c0 base de \u00e1gua:<\/strong> N\u00e3o pegajoso, suave para a pele e f\u00e1cil de remover.<\/li>\n<li> <strong>Tamanho ideal para viagem:<\/strong> Frasco compacto de 30 ml \/ 1 fl oz, perfeito para uso em qualquer lugar.<\/li>\n<li> <strong>Uso vers\u00e1til:<\/strong> Seguro para uso com preservativos e todos os tipos de materiais de brinquedos.<\/li>\n<\/ul>\n<p> <strong><u>INGREDIENTES<\/u><\/strong><\/p>\n<p> \u00c1gua, Glicerina, Propilenoglicol, Bis-PEG-18 \u00c9ter Met\u00edlico Dimetil Silano, Hidroxietilcelulose, Polissorbato 20, Metoxi PEG-18, Benzoato de S\u00f3dio, Sorbato de Pot\u00e1ssio, Acetato de Tocoferila, \u00d3leo de Fruta de Olea Europaea (Azeitona), Diacetato de Glutamato Tetrass\u00f3dico, \u00c1cido L\u00e1ctico, \u00d3leo de Oenothera Biennis (Pr\u00edmula), \u00d3leo de Prunus Amygdalus Dulcis (Am\u00eandoa Doce), \u00d3leo de Semente de Simmondsia Chinensis (Jojoba), Tocoferol, \u00d3leo de Semente de Helanthus Annuus (Girassol), Extrato de Flor\/Folha\/Caule de Hypericum Perforatum (Erva de S\u00e3o Jo\u00e3o), Fosfato Diss\u00f3dico, Polissorbato 60, Fosfato de S\u00f3dio.<\/p>\n<\/div>\n","protected":false},"excerpt":{"rendered":"<p>HOT &#8211; EXXTREME GLIDE LUBRIFICANTE \u00c0 BASE DE \u00c1GUA + \u00d3LEO CONFORTANTE A+ 30 ML<\/p>\n","protected":false},"featured_media":107192,"template":"","meta":{"_acf_changed":false},"product_brand":[],"product_cat":[49,53,88],"product_tag":[],"class_list":{"0":"post-107191","1":"product","2":"type-product","3":"status-publish","4":"has-post-thumbnail","6":"product_cat-cosmeticos","7":"product_cat-lubrificantes-intimos","8":"product_cat-novidades","9":"yith_product_brand-hot","11":"first","12":"instock","13":"taxable","14":"shipping-taxable","15":"purchasable","16":"product-type-simple"},"acf":[],"yoast_head":"<!-- This site is optimized with the Yoast SEO plugin v27.4 - https:\/\/yoast.com\/product\/yoast-seo-wordpress\/ -->\n<title>HOT - EXXTREME GLIDE LUBRIFICANTE \u00c0 BASE DE \u00c1GUA + \u00d3LEO CONFORTANTE A+ 30 ML - Lovme<\/title>\n<meta name=\"robots\" content=\"index, follow, max-snippet:-1, max-image-preview:large, max-video-preview:-1\" \/>\n<link rel=\"canonical\" href=\"https:\/\/lovme.pt\/index.php\/produto\/hot-exxtreme-glide-lubrificante-a-base-de-agua-oleo-confortante-a-30-ml\/\" \/>\n<meta property=\"og:locale\" content=\"pt_PT\" \/>\n<meta property=\"og:type\" content=\"article\" \/>\n<meta property=\"og:title\" content=\"HOT - EXXTREME GLIDE LUBRIFICANTE \u00c0 BASE DE \u00c1GUA + \u00d3LEO CONFORTANTE A+ 30 ML - Lovme\" \/>\n<meta property=\"og:description\" content=\"HOT - EXXTREME GLIDE LUBRIFICANTE \u00c0 BASE DE \u00c1GUA + \u00d3LEO CONFORTANTE A+ 30 ML\" \/>\n<meta property=\"og:url\" content=\"https:\/\/lovme.pt\/index.php\/produto\/hot-exxtreme-glide-lubrificante-a-base-de-agua-oleo-confortante-a-30-ml\/\" \/>\n<meta property=\"og:site_name\" content=\"Lovme\" \/>\n<meta property=\"article:modified_time\" content=\"2026-02-20T04:00:54+00:00\" \/>\n<meta property=\"og:image\" content=\"https:\/\/erki24nd3ub.exactdn.com\/wp-content\/uploads\/dream\/img\/img_220689_42dd1cb77b0d8a6c18150ee586c27f3d_1.jpg?strip=all\" \/>\n\t<meta property=\"og:image:width\" content=\"900\" \/>\n\t<meta property=\"og:image:height\" content=\"900\" \/>\n\t<meta property=\"og:image:type\" content=\"image\/jpeg\" \/>\n<meta name=\"twitter:card\" content=\"summary_large_image\" \/>\n<meta name=\"twitter:label1\" content=\"Tempo estimado de leitura\" \/>\n\t<meta name=\"twitter:data1\" content=\"2 minutos\" \/>\n<script type=\"application\/ld+json\" class=\"yoast-schema-graph\">{\"@context\":\"https:\\\/\\\/schema.org\",\"@graph\":[{\"@type\":\"WebPage\",\"@id\":\"https:\\\/\\\/lovme.pt\\\/index.php\\\/produto\\\/hot-exxtreme-glide-lubrificante-a-base-de-agua-oleo-confortante-a-30-ml\\\/\",\"url\":\"https:\\\/\\\/lovme.pt\\\/index.php\\\/produto\\\/hot-exxtreme-glide-lubrificante-a-base-de-agua-oleo-confortante-a-30-ml\\\/\",\"name\":\"HOT - EXXTREME GLIDE LUBRIFICANTE \u00c0 BASE DE \u00c1GUA + \u00d3LEO CONFORTANTE A+ 30 ML - Lovme\",\"isPartOf\":{\"@id\":\"https:\\\/\\\/lovme.pt\\\/#website\"},\"primaryImageOfPage\":{\"@id\":\"https:\\\/\\\/lovme.pt\\\/index.php\\\/produto\\\/hot-exxtreme-glide-lubrificante-a-base-de-agua-oleo-confortante-a-30-ml\\\/#primaryimage\"},\"image\":{\"@id\":\"https:\\\/\\\/lovme.pt\\\/index.php\\\/produto\\\/hot-exxtreme-glide-lubrificante-a-base-de-agua-oleo-confortante-a-30-ml\\\/#primaryimage\"},\"thumbnailUrl\":\"https:\\\/\\\/erki24nd3ub.exactdn.com\\\/wp-content\\\/uploads\\\/dream\\\/img\\\/img_220689_42dd1cb77b0d8a6c18150ee586c27f3d_1.jpg?strip=all\",\"datePublished\":\"2026-02-19T20:02:02+00:00\",\"dateModified\":\"2026-02-20T04:00:54+00:00\",\"breadcrumb\":{\"@id\":\"https:\\\/\\\/lovme.pt\\\/index.php\\\/produto\\\/hot-exxtreme-glide-lubrificante-a-base-de-agua-oleo-confortante-a-30-ml\\\/#breadcrumb\"},\"inLanguage\":\"pt-PT\",\"potentialAction\":[{\"@type\":\"ReadAction\",\"target\":[\"https:\\\/\\\/lovme.pt\\\/index.php\\\/produto\\\/hot-exxtreme-glide-lubrificante-a-base-de-agua-oleo-confortante-a-30-ml\\\/\"]}]},{\"@type\":\"ImageObject\",\"inLanguage\":\"pt-PT\",\"@id\":\"https:\\\/\\\/lovme.pt\\\/index.php\\\/produto\\\/hot-exxtreme-glide-lubrificante-a-base-de-agua-oleo-confortante-a-30-ml\\\/#primaryimage\",\"url\":\"https:\\\/\\\/erki24nd3ub.exactdn.com\\\/wp-content\\\/uploads\\\/dream\\\/img\\\/img_220689_42dd1cb77b0d8a6c18150ee586c27f3d_1.jpg?strip=all\",\"contentUrl\":\"https:\\\/\\\/erki24nd3ub.exactdn.com\\\/wp-content\\\/uploads\\\/dream\\\/img\\\/img_220689_42dd1cb77b0d8a6c18150ee586c27f3d_1.jpg?strip=all\",\"width\":900,\"height\":900},{\"@type\":\"BreadcrumbList\",\"@id\":\"https:\\\/\\\/lovme.pt\\\/index.php\\\/produto\\\/hot-exxtreme-glide-lubrificante-a-base-de-agua-oleo-confortante-a-30-ml\\\/#breadcrumb\",\"itemListElement\":[{\"@type\":\"ListItem\",\"position\":1,\"name\":\"In\u00edcio\",\"item\":\"https:\\\/\\\/lovme.pt\\\/\"},{\"@type\":\"ListItem\",\"position\":2,\"name\":\"Loja\",\"item\":\"https:\\\/\\\/lovme.pt\\\/index.php\\\/loja\\\/\"},{\"@type\":\"ListItem\",\"position\":3,\"name\":\"HOT &#8211; EXXTREME GLIDE LUBRIFICANTE \u00c0 BASE DE \u00c1GUA + \u00d3LEO CONFORTANTE A+ 30 ML\"}]},{\"@type\":\"WebSite\",\"@id\":\"https:\\\/\\\/lovme.pt\\\/#website\",\"url\":\"https:\\\/\\\/lovme.pt\\\/\",\"name\":\"Lovme Loja Er\u00f3tica N\u00ba1 em Portugal\",\"description\":\"A melhor loja er\u00f3tica de Portugal.\",\"alternateName\":\"Loja Er\u00f3tica Lovme\",\"potentialAction\":[{\"@type\":\"SearchAction\",\"target\":{\"@type\":\"EntryPoint\",\"urlTemplate\":\"https:\\\/\\\/lovme.pt\\\/?s={search_term_string}\"},\"query-input\":{\"@type\":\"PropertyValueSpecification\",\"valueRequired\":true,\"valueName\":\"search_term_string\"}}],\"inLanguage\":\"pt-PT\"}]}<\/script>\n<!-- \/ Yoast SEO plugin. -->","yoast_head_json":{"title":"HOT - EXXTREME GLIDE LUBRIFICANTE \u00c0 BASE DE \u00c1GUA + \u00d3LEO CONFORTANTE A+ 30 ML - Lovme","robots":{"index":"index","follow":"follow","max-snippet":"max-snippet:-1","max-image-preview":"max-image-preview:large","max-video-preview":"max-video-preview:-1"},"canonical":"https:\/\/lovme.pt\/index.php\/produto\/hot-exxtreme-glide-lubrificante-a-base-de-agua-oleo-confortante-a-30-ml\/","og_locale":"pt_PT","og_type":"article","og_title":"HOT - EXXTREME GLIDE LUBRIFICANTE \u00c0 BASE DE \u00c1GUA + \u00d3LEO CONFORTANTE A+ 30 ML - Lovme","og_description":"HOT - EXXTREME GLIDE LUBRIFICANTE \u00c0 BASE DE \u00c1GUA + \u00d3LEO CONFORTANTE A+ 30 ML","og_url":"https:\/\/lovme.pt\/index.php\/produto\/hot-exxtreme-glide-lubrificante-a-base-de-agua-oleo-confortante-a-30-ml\/","og_site_name":"Lovme","article_modified_time":"2026-02-20T04:00:54+00:00","og_image":[{"width":900,"height":900,"url":"https:\/\/erki24nd3ub.exactdn.com\/wp-content\/uploads\/dream\/img\/img_220689_42dd1cb77b0d8a6c18150ee586c27f3d_1.jpg?strip=all","type":"image\/jpeg"}],"twitter_card":"summary_large_image","twitter_misc":{"Tempo estimado de leitura":"2 minutos"},"schema":{"@context":"https:\/\/schema.org","@graph":[{"@type":"WebPage","@id":"https:\/\/lovme.pt\/index.php\/produto\/hot-exxtreme-glide-lubrificante-a-base-de-agua-oleo-confortante-a-30-ml\/","url":"https:\/\/lovme.pt\/index.php\/produto\/hot-exxtreme-glide-lubrificante-a-base-de-agua-oleo-confortante-a-30-ml\/","name":"HOT - EXXTREME GLIDE LUBRIFICANTE \u00c0 BASE DE \u00c1GUA + \u00d3LEO CONFORTANTE A+ 30 ML - Lovme","isPartOf":{"@id":"https:\/\/lovme.pt\/#website"},"primaryImageOfPage":{"@id":"https:\/\/lovme.pt\/index.php\/produto\/hot-exxtreme-glide-lubrificante-a-base-de-agua-oleo-confortante-a-30-ml\/#primaryimage"},"image":{"@id":"https:\/\/lovme.pt\/index.php\/produto\/hot-exxtreme-glide-lubrificante-a-base-de-agua-oleo-confortante-a-30-ml\/#primaryimage"},"thumbnailUrl":"https:\/\/erki24nd3ub.exactdn.com\/wp-content\/uploads\/dream\/img\/img_220689_42dd1cb77b0d8a6c18150ee586c27f3d_1.jpg?strip=all","datePublished":"2026-02-19T20:02:02+00:00","dateModified":"2026-02-20T04:00:54+00:00","breadcrumb":{"@id":"https:\/\/lovme.pt\/index.php\/produto\/hot-exxtreme-glide-lubrificante-a-base-de-agua-oleo-confortante-a-30-ml\/#breadcrumb"},"inLanguage":"pt-PT","potentialAction":[{"@type":"ReadAction","target":["https:\/\/lovme.pt\/index.php\/produto\/hot-exxtreme-glide-lubrificante-a-base-de-agua-oleo-confortante-a-30-ml\/"]}]},{"@type":"ImageObject","inLanguage":"pt-PT","@id":"https:\/\/lovme.pt\/index.php\/produto\/hot-exxtreme-glide-lubrificante-a-base-de-agua-oleo-confortante-a-30-ml\/#primaryimage","url":"https:\/\/erki24nd3ub.exactdn.com\/wp-content\/uploads\/dream\/img\/img_220689_42dd1cb77b0d8a6c18150ee586c27f3d_1.jpg?strip=all","contentUrl":"https:\/\/erki24nd3ub.exactdn.com\/wp-content\/uploads\/dream\/img\/img_220689_42dd1cb77b0d8a6c18150ee586c27f3d_1.jpg?strip=all","width":900,"height":900},{"@type":"BreadcrumbList","@id":"https:\/\/lovme.pt\/index.php\/produto\/hot-exxtreme-glide-lubrificante-a-base-de-agua-oleo-confortante-a-30-ml\/#breadcrumb","itemListElement":[{"@type":"ListItem","position":1,"name":"In\u00edcio","item":"https:\/\/lovme.pt\/"},{"@type":"ListItem","position":2,"name":"Loja","item":"https:\/\/lovme.pt\/index.php\/loja\/"},{"@type":"ListItem","position":3,"name":"HOT &#8211; EXXTREME GLIDE LUBRIFICANTE \u00c0 BASE DE \u00c1GUA + \u00d3LEO CONFORTANTE A+ 30 ML"}]},{"@type":"WebSite","@id":"https:\/\/lovme.pt\/#website","url":"https:\/\/lovme.pt\/","name":"Lovme Loja Er\u00f3tica N\u00ba1 em Portugal","description":"A melhor loja er\u00f3tica de Portugal.","alternateName":"Loja Er\u00f3tica Lovme","potentialAction":[{"@type":"SearchAction","target":{"@type":"EntryPoint","urlTemplate":"https:\/\/lovme.pt\/?s={search_term_string}"},"query-input":{"@type":"PropertyValueSpecification","valueRequired":true,"valueName":"search_term_string"}}],"inLanguage":"pt-PT"}]}},"_links":{"self":[{"href":"https:\/\/lovme.pt\/index.php\/wp-json\/wp\/v2\/product\/107191","targetHints":{"allow":["GET"]}}],"collection":[{"href":"https:\/\/lovme.pt\/index.php\/wp-json\/wp\/v2\/product"}],"about":[{"href":"https:\/\/lovme.pt\/index.php\/wp-json\/wp\/v2\/types\/product"}],"wp:featuredmedia":[{"embeddable":true,"href":"https:\/\/lovme.pt\/index.php\/wp-json\/wp\/v2\/media\/107192"}],"wp:attachment":[{"href":"https:\/\/lovme.pt\/index.php\/wp-json\/wp\/v2\/media?parent=107191"}],"wp:term":[{"taxonomy":"product_brand","embeddable":true,"href":"https:\/\/lovme.pt\/index.php\/wp-json\/wp\/v2\/product_brand?post=107191"},{"taxonomy":"product_cat","embeddable":true,"href":"https:\/\/lovme.pt\/index.php\/wp-json\/wp\/v2\/product_cat?post=107191"},{"taxonomy":"product_tag","embeddable":true,"href":"https:\/\/lovme.pt\/index.php\/wp-json\/wp\/v2\/product_tag?post=107191"}],"curies":[{"name":"wp","href":"https:\/\/api.w.org\/{rel}","templated":true}]}}