{"id":107182,"date":"2026-02-19T20:01:52","date_gmt":"2026-02-19T20:01:52","guid":{"rendered":"https:\/\/lovme.pt\/?post_type=product&p=107182"},"modified":"2026-02-20T04:00:53","modified_gmt":"2026-02-20T04:00:53","slug":"hot-superglide-lubrificante-a-base-de-agua-30-ml","status":"publish","type":"product","link":"https:\/\/lovme.pt\/index.php\/produto\/hot-superglide-lubrificante-a-base-de-agua-30-ml\/","title":{"rendered":"HOT &#8211; SUPERGLIDE LUBRIFICANTE \u00c0 BASE DE \u00c1GUA 30 ML"},"content":{"rendered":"<div class=\"product-description\">\n<p>Descubra um prazer ainda mais duradouro com este lubrificante \u00e0 base de \u00e1gua de alta qualidade, agora dispon\u00edvel em um pr\u00e1tico frasco de tamanho ideal para viagens, projetado para uma experi\u00eancia agrad\u00e1vel e sensual em qualquer lugar.<\/p>\n<p>Com sua f\u00f3rmula especial, garante lubrifica\u00e7\u00e3o duradoura e uma sensa\u00e7\u00e3o suave na pele, sem qualquer sensa\u00e7\u00e3o pegajosa ou res\u00edduo. Isso permite que voc\u00ea se concentre totalmente na experi\u00eancia sensual e em seus momentos \u00edntimos.<\/p>\n<p>Este lubrificante oferece muitas vantagens: \u00e9 vers\u00e1til e compat\u00edvel com a maioria dos brinquedos sexuais e preservativos. Al\u00e9m disso, \u00e9 f\u00e1cil de remover com \u00e1gua e proporciona uma sensa\u00e7\u00e3o leve e agrad\u00e1vel na pele. Desfrute do prazer er\u00f3tico sem concess\u00f5es e entregue-se completamente ao momento.<\/p>\n<p><strong><u>CARACTER\u00cdSTICAS<\/u><\/strong><\/p>\n<ul>\n<li><strong>Desempenho duradouro:<\/strong> F\u00f3rmula avan\u00e7ada \u00e0 base de \u00e1gua para um deslizamento prolongado e consistente.<\/li>\n<li><strong>Sensa\u00e7\u00e3o Suave:<\/strong> Proporciona uma textura sedosa na pele, sem qualquer sensa\u00e7\u00e3o pegajosa desagrad\u00e1vel.<\/li>\n<li><strong>Tamanho ideal para viagem:<\/strong> Frasco compacto de 30ml \/ 1.0fl.oz, perfeito para momentos \u00edntimos em qualquer lugar.<\/li>\n<li><strong>Alta compatibilidade:<\/strong> Seguro para uso com todos os tipos de brinquedos sexuais e preservativos de l\u00e1tex.<\/li>\n<li><strong>Sem res\u00edduos:<\/strong> Composi\u00e7\u00e3o leve que facilita a limpeza com \u00e1gua.<\/li>\n<\/ul>\n<p><strong><u>INGREDIENTES<\/u><\/strong><\/p>\n<p>\u00c1gua, Glicerina, Propilenoglicol, Bis-PEG-18 \u00c9ter Met\u00edlico Dimetil Silano, Goma Xantana, Benzoato de S\u00f3dio, Metoxi PEG-18, P\u00f3 de Chondrus Crispus (Carragenina), Gluconato de S\u00f3dio, \u00c1cido C\u00edtrico, Tocoferol.<\/p>\n<\/div>\n","protected":false},"excerpt":{"rendered":"<p>HOT &#8211; SUPERGLIDE LUBRIFICANTE \u00c0 BASE DE \u00c1GUA 30 ML<\/p>\n","protected":false},"featured_media":107183,"template":"","meta":{"_acf_changed":false},"product_brand":[],"product_cat":[49,53,88],"product_tag":[],"class_list":{"0":"post-107182","1":"product","2":"type-product","3":"status-publish","4":"has-post-thumbnail","6":"product_cat-cosmeticos","7":"product_cat-lubrificantes-intimos","8":"product_cat-novidades","9":"yith_product_brand-hot","11":"first","12":"instock","13":"taxable","14":"shipping-taxable","15":"purchasable","16":"product-type-simple"},"acf":[],"yoast_head":"<!-- This site is optimized with the Yoast SEO plugin v27.4 - https:\/\/yoast.com\/product\/yoast-seo-wordpress\/ -->\n<title>HOT - SUPERGLIDE LUBRIFICANTE \u00c0 BASE DE \u00c1GUA 30 ML - Lovme<\/title>\n<meta name=\"robots\" content=\"index, follow, max-snippet:-1, max-image-preview:large, max-video-preview:-1\" \/>\n<link rel=\"canonical\" href=\"https:\/\/lovme.pt\/index.php\/produto\/hot-superglide-lubrificante-a-base-de-agua-30-ml\/\" \/>\n<meta property=\"og:locale\" content=\"pt_PT\" \/>\n<meta property=\"og:type\" content=\"article\" \/>\n<meta property=\"og:title\" content=\"HOT - SUPERGLIDE LUBRIFICANTE \u00c0 BASE DE \u00c1GUA 30 ML - Lovme\" \/>\n<meta property=\"og:description\" content=\"HOT - SUPERGLIDE LUBRIFICANTE \u00c0 BASE DE \u00c1GUA 30 ML\" \/>\n<meta property=\"og:url\" content=\"https:\/\/lovme.pt\/index.php\/produto\/hot-superglide-lubrificante-a-base-de-agua-30-ml\/\" \/>\n<meta property=\"og:site_name\" content=\"Lovme\" \/>\n<meta property=\"article:modified_time\" content=\"2026-02-20T04:00:53+00:00\" \/>\n<meta property=\"og:image\" content=\"https:\/\/erki24nd3ub.exactdn.com\/wp-content\/uploads\/dream\/img\/img_220732_80ee58e360a39d5edbd7165d56e62af2_1.jpg?strip=all\" \/>\n\t<meta property=\"og:image:width\" content=\"900\" \/>\n\t<meta property=\"og:image:height\" content=\"900\" \/>\n\t<meta property=\"og:image:type\" content=\"image\/jpeg\" \/>\n<meta name=\"twitter:card\" content=\"summary_large_image\" \/>\n<meta name=\"twitter:label1\" content=\"Tempo estimado de leitura\" \/>\n\t<meta name=\"twitter:data1\" content=\"1 minuto\" \/>\n<script type=\"application\/ld+json\" class=\"yoast-schema-graph\">{\"@context\":\"https:\\\/\\\/schema.org\",\"@graph\":[{\"@type\":\"WebPage\",\"@id\":\"https:\\\/\\\/lovme.pt\\\/index.php\\\/produto\\\/hot-superglide-lubrificante-a-base-de-agua-30-ml\\\/\",\"url\":\"https:\\\/\\\/lovme.pt\\\/index.php\\\/produto\\\/hot-superglide-lubrificante-a-base-de-agua-30-ml\\\/\",\"name\":\"HOT - SUPERGLIDE LUBRIFICANTE \u00c0 BASE DE \u00c1GUA 30 ML - Lovme\",\"isPartOf\":{\"@id\":\"https:\\\/\\\/lovme.pt\\\/#website\"},\"primaryImageOfPage\":{\"@id\":\"https:\\\/\\\/lovme.pt\\\/index.php\\\/produto\\\/hot-superglide-lubrificante-a-base-de-agua-30-ml\\\/#primaryimage\"},\"image\":{\"@id\":\"https:\\\/\\\/lovme.pt\\\/index.php\\\/produto\\\/hot-superglide-lubrificante-a-base-de-agua-30-ml\\\/#primaryimage\"},\"thumbnailUrl\":\"https:\\\/\\\/erki24nd3ub.exactdn.com\\\/wp-content\\\/uploads\\\/dream\\\/img\\\/img_220732_80ee58e360a39d5edbd7165d56e62af2_1.jpg?strip=all\",\"datePublished\":\"2026-02-19T20:01:52+00:00\",\"dateModified\":\"2026-02-20T04:00:53+00:00\",\"breadcrumb\":{\"@id\":\"https:\\\/\\\/lovme.pt\\\/index.php\\\/produto\\\/hot-superglide-lubrificante-a-base-de-agua-30-ml\\\/#breadcrumb\"},\"inLanguage\":\"pt-PT\",\"potentialAction\":[{\"@type\":\"ReadAction\",\"target\":[\"https:\\\/\\\/lovme.pt\\\/index.php\\\/produto\\\/hot-superglide-lubrificante-a-base-de-agua-30-ml\\\/\"]}]},{\"@type\":\"ImageObject\",\"inLanguage\":\"pt-PT\",\"@id\":\"https:\\\/\\\/lovme.pt\\\/index.php\\\/produto\\\/hot-superglide-lubrificante-a-base-de-agua-30-ml\\\/#primaryimage\",\"url\":\"https:\\\/\\\/erki24nd3ub.exactdn.com\\\/wp-content\\\/uploads\\\/dream\\\/img\\\/img_220732_80ee58e360a39d5edbd7165d56e62af2_1.jpg?strip=all\",\"contentUrl\":\"https:\\\/\\\/erki24nd3ub.exactdn.com\\\/wp-content\\\/uploads\\\/dream\\\/img\\\/img_220732_80ee58e360a39d5edbd7165d56e62af2_1.jpg?strip=all\",\"width\":900,\"height\":900},{\"@type\":\"BreadcrumbList\",\"@id\":\"https:\\\/\\\/lovme.pt\\\/index.php\\\/produto\\\/hot-superglide-lubrificante-a-base-de-agua-30-ml\\\/#breadcrumb\",\"itemListElement\":[{\"@type\":\"ListItem\",\"position\":1,\"name\":\"In\u00edcio\",\"item\":\"https:\\\/\\\/lovme.pt\\\/\"},{\"@type\":\"ListItem\",\"position\":2,\"name\":\"Loja\",\"item\":\"https:\\\/\\\/lovme.pt\\\/index.php\\\/loja\\\/\"},{\"@type\":\"ListItem\",\"position\":3,\"name\":\"HOT &#8211; SUPERGLIDE LUBRIFICANTE \u00c0 BASE DE \u00c1GUA 30 ML\"}]},{\"@type\":\"WebSite\",\"@id\":\"https:\\\/\\\/lovme.pt\\\/#website\",\"url\":\"https:\\\/\\\/lovme.pt\\\/\",\"name\":\"Lovme Loja Er\u00f3tica N\u00ba1 em Portugal\",\"description\":\"A melhor loja er\u00f3tica de Portugal.\",\"alternateName\":\"Loja Er\u00f3tica Lovme\",\"potentialAction\":[{\"@type\":\"SearchAction\",\"target\":{\"@type\":\"EntryPoint\",\"urlTemplate\":\"https:\\\/\\\/lovme.pt\\\/?s={search_term_string}\"},\"query-input\":{\"@type\":\"PropertyValueSpecification\",\"valueRequired\":true,\"valueName\":\"search_term_string\"}}],\"inLanguage\":\"pt-PT\"}]}<\/script>\n<!-- \/ Yoast SEO plugin. -->","yoast_head_json":{"title":"HOT - SUPERGLIDE LUBRIFICANTE \u00c0 BASE DE \u00c1GUA 30 ML - Lovme","robots":{"index":"index","follow":"follow","max-snippet":"max-snippet:-1","max-image-preview":"max-image-preview:large","max-video-preview":"max-video-preview:-1"},"canonical":"https:\/\/lovme.pt\/index.php\/produto\/hot-superglide-lubrificante-a-base-de-agua-30-ml\/","og_locale":"pt_PT","og_type":"article","og_title":"HOT - SUPERGLIDE LUBRIFICANTE \u00c0 BASE DE \u00c1GUA 30 ML - Lovme","og_description":"HOT - SUPERGLIDE LUBRIFICANTE \u00c0 BASE DE \u00c1GUA 30 ML","og_url":"https:\/\/lovme.pt\/index.php\/produto\/hot-superglide-lubrificante-a-base-de-agua-30-ml\/","og_site_name":"Lovme","article_modified_time":"2026-02-20T04:00:53+00:00","og_image":[{"width":900,"height":900,"url":"https:\/\/erki24nd3ub.exactdn.com\/wp-content\/uploads\/dream\/img\/img_220732_80ee58e360a39d5edbd7165d56e62af2_1.jpg?strip=all","type":"image\/jpeg"}],"twitter_card":"summary_large_image","twitter_misc":{"Tempo estimado de leitura":"1 minuto"},"schema":{"@context":"https:\/\/schema.org","@graph":[{"@type":"WebPage","@id":"https:\/\/lovme.pt\/index.php\/produto\/hot-superglide-lubrificante-a-base-de-agua-30-ml\/","url":"https:\/\/lovme.pt\/index.php\/produto\/hot-superglide-lubrificante-a-base-de-agua-30-ml\/","name":"HOT - SUPERGLIDE LUBRIFICANTE \u00c0 BASE DE \u00c1GUA 30 ML - Lovme","isPartOf":{"@id":"https:\/\/lovme.pt\/#website"},"primaryImageOfPage":{"@id":"https:\/\/lovme.pt\/index.php\/produto\/hot-superglide-lubrificante-a-base-de-agua-30-ml\/#primaryimage"},"image":{"@id":"https:\/\/lovme.pt\/index.php\/produto\/hot-superglide-lubrificante-a-base-de-agua-30-ml\/#primaryimage"},"thumbnailUrl":"https:\/\/erki24nd3ub.exactdn.com\/wp-content\/uploads\/dream\/img\/img_220732_80ee58e360a39d5edbd7165d56e62af2_1.jpg?strip=all","datePublished":"2026-02-19T20:01:52+00:00","dateModified":"2026-02-20T04:00:53+00:00","breadcrumb":{"@id":"https:\/\/lovme.pt\/index.php\/produto\/hot-superglide-lubrificante-a-base-de-agua-30-ml\/#breadcrumb"},"inLanguage":"pt-PT","potentialAction":[{"@type":"ReadAction","target":["https:\/\/lovme.pt\/index.php\/produto\/hot-superglide-lubrificante-a-base-de-agua-30-ml\/"]}]},{"@type":"ImageObject","inLanguage":"pt-PT","@id":"https:\/\/lovme.pt\/index.php\/produto\/hot-superglide-lubrificante-a-base-de-agua-30-ml\/#primaryimage","url":"https:\/\/erki24nd3ub.exactdn.com\/wp-content\/uploads\/dream\/img\/img_220732_80ee58e360a39d5edbd7165d56e62af2_1.jpg?strip=all","contentUrl":"https:\/\/erki24nd3ub.exactdn.com\/wp-content\/uploads\/dream\/img\/img_220732_80ee58e360a39d5edbd7165d56e62af2_1.jpg?strip=all","width":900,"height":900},{"@type":"BreadcrumbList","@id":"https:\/\/lovme.pt\/index.php\/produto\/hot-superglide-lubrificante-a-base-de-agua-30-ml\/#breadcrumb","itemListElement":[{"@type":"ListItem","position":1,"name":"In\u00edcio","item":"https:\/\/lovme.pt\/"},{"@type":"ListItem","position":2,"name":"Loja","item":"https:\/\/lovme.pt\/index.php\/loja\/"},{"@type":"ListItem","position":3,"name":"HOT &#8211; SUPERGLIDE LUBRIFICANTE \u00c0 BASE DE \u00c1GUA 30 ML"}]},{"@type":"WebSite","@id":"https:\/\/lovme.pt\/#website","url":"https:\/\/lovme.pt\/","name":"Lovme Loja Er\u00f3tica N\u00ba1 em Portugal","description":"A melhor loja er\u00f3tica de Portugal.","alternateName":"Loja Er\u00f3tica Lovme","potentialAction":[{"@type":"SearchAction","target":{"@type":"EntryPoint","urlTemplate":"https:\/\/lovme.pt\/?s={search_term_string}"},"query-input":{"@type":"PropertyValueSpecification","valueRequired":true,"valueName":"search_term_string"}}],"inLanguage":"pt-PT"}]}},"_links":{"self":[{"href":"https:\/\/lovme.pt\/index.php\/wp-json\/wp\/v2\/product\/107182","targetHints":{"allow":["GET"]}}],"collection":[{"href":"https:\/\/lovme.pt\/index.php\/wp-json\/wp\/v2\/product"}],"about":[{"href":"https:\/\/lovme.pt\/index.php\/wp-json\/wp\/v2\/types\/product"}],"wp:featuredmedia":[{"embeddable":true,"href":"https:\/\/lovme.pt\/index.php\/wp-json\/wp\/v2\/media\/107183"}],"wp:attachment":[{"href":"https:\/\/lovme.pt\/index.php\/wp-json\/wp\/v2\/media?parent=107182"}],"wp:term":[{"taxonomy":"product_brand","embeddable":true,"href":"https:\/\/lovme.pt\/index.php\/wp-json\/wp\/v2\/product_brand?post=107182"},{"taxonomy":"product_cat","embeddable":true,"href":"https:\/\/lovme.pt\/index.php\/wp-json\/wp\/v2\/product_cat?post=107182"},{"taxonomy":"product_tag","embeddable":true,"href":"https:\/\/lovme.pt\/index.php\/wp-json\/wp\/v2\/product_tag?post=107182"}],"curies":[{"name":"wp","href":"https:\/\/api.w.org\/{rel}","templated":true}]}}