{"id":107044,"date":"2026-02-11T16:01:59","date_gmt":"2026-02-11T16:01:59","guid":{"rendered":"https:\/\/lovme.pt\/?post_type=product&p=107044"},"modified":"2026-02-19T20:09:24","modified_gmt":"2026-02-19T20:09:24","slug":"womanizer-chuveiro-estimulante-clitorial-wave-preto","status":"publish","type":"product","link":"https:\/\/lovme.pt\/index.php\/produto\/womanizer-chuveiro-estimulante-clitorial-wave-preto\/","title":{"rendered":"WOMANIZER &#8211; CHUVEIRO ESTIMULANTE CLITORIAL WAVE PRETO"},"content":{"rendered":"<p>O primeiro chuveiro do mundo com fun\u00e7\u00e3o de prazer, como visto na Netflix. O Womanizer Wave \u00e9 o primeiro chuveiro com estimulador clitoriano e massagem aqu\u00e1tica combinada, unindo a expertise em banho da hansgrohe e os pioneiros do prazer da Womanizer para criar uma fus\u00e3o verdadeiramente excepcional: o chuveiro do prazer.<\/p>\n<p> Os modos PleasureJet e PleasureWhirl estimulam o clit\u00f3ris, enquanto o modo PowderRain proporciona uma experi\u00eancia de banho luxuosa. Todas as configura\u00e7\u00f5es foram aperfei\u00e7oadas pela hansgrohe, fabricante l\u00edder de produtos para banheiro, para um desempenho ideal. O Wave pode ser usado como um chuveiro comum ou como um brinquedo sexual. Discreto e elegante, o Wave funciona como um chuveiro de alta qualidade, proporcionando tamb\u00e9m orgasmos excepcionais.<\/p>\n<p> <strong>Fun\u00e7\u00e3o exclusiva 2 em 1 <\/strong> O Wave \u00e9 um chuveiro de alta qualidade e um massageador clitoriano com press\u00e3o de \u00e1gua, tudo em um s\u00f3 produto: o \u00fanico do seu tipo.<\/p>\n<p> <strong>Projetado por especialistas <\/strong> O melhor chuveiro do mundo encontra a marca n\u00famero um em prazer do mundo para a rotina de autocuidado definitiva.<\/p>\n<p> <strong>Formato ergon\u00f4mico <\/strong> O chuveiro foi projetado para um controle confort\u00e1vel com uma s\u00f3 m\u00e3o, permitindo uma massagem com \u00e1gua sem esfor\u00e7o.<\/p>\n<p> <strong>Controles intuitivos <\/strong> Desfrute de uma variedade de sensa\u00e7\u00f5es com 3 modos diferentes de jato de \u00e1gua e intensidades de press\u00e3o com o toque de um bot\u00e3o.<\/p>\n<p> <strong>Economia de \u00e1gua <\/strong> A tecnologia EcoSmart utiliza 60% menos \u00e1gua do que os chuveiros convencionais, mantendo um desempenho ideal.<\/p>\n<p> <strong>Instala\u00e7\u00e3o sem esfor\u00e7o <\/strong> Basta substituir seu chuveiro antigo pelo Wave  \u00e9 muito f\u00e1cil!<\/p>\n<\/p>\n<p> <u><strong>CARACTER\u00cdSTICAS:<\/strong><\/u><\/p>\n<ul>\n<li> Preto, branco, cromado<\/li>\n<li> Materiais: ABS<\/li>\n<li> Peso: 191 gramas<\/li>\n<li> Dimens\u00f5es: 88 x 73 x 270 mil\u00edmetros<\/li>\n<\/ul>\n<p> <strong>Como usar:<\/strong><\/p>\n<ol>\n<li> Instale o Womanizer Wave facilmente conectando-o \u00e0 mangueira do chuveiro.<\/li>\n<li> Alterne entre PowderRain para um banho luxuoso, massagem sensual com PleasureWhirl e pulsa\u00e7\u00e3o poderosa com PleasureJet.<\/li>\n<li> Utilize o chuveiro ergon\u00f4mico com uma s\u00f3 m\u00e3o para uma estimula\u00e7\u00e3o sem esfor\u00e7o.<\/li>\n<li> Use o controle deslizante de intensidade no chuveiro para ajustar a intensidade e variar a press\u00e3o da \u00e1gua.<\/li>\n<li> Desfrute de sensa\u00e7\u00f5es novas e emocionantes usando o poder natural da \u00e1gua em seu corpo.<\/li>\n<\/ol>\n","protected":false},"excerpt":{"rendered":"<p>WOMANIZER &#8211; CHUVEIRO ESTIMULANTE CLITORIAL WAVE PRETO<\/p>\n","protected":false},"featured_media":107045,"template":"","meta":{"_acf_changed":false},"product_brand":[],"product_cat":[17,61],"product_tag":[],"class_list":{"0":"post-107044","1":"product","2":"type-product","3":"status-publish","4":"has-post-thumbnail","6":"product_cat-brinquedos-de-bem-estar-sexual","7":"product_cat-para-elas","8":"yith_product_brand-womanizer","10":"first","11":"instock","12":"taxable","13":"shipping-taxable","14":"purchasable","15":"product-type-simple"},"acf":[],"yoast_head":"<!-- This site is optimized with the Yoast SEO plugin v27.4 - https:\/\/yoast.com\/product\/yoast-seo-wordpress\/ -->\n<title>WOMANIZER - CHUVEIRO ESTIMULANTE CLITORIAL WAVE PRETO - Lovme<\/title>\n<meta name=\"robots\" content=\"index, follow, max-snippet:-1, max-image-preview:large, max-video-preview:-1\" \/>\n<link rel=\"canonical\" href=\"https:\/\/lovme.pt\/index.php\/produto\/womanizer-chuveiro-estimulante-clitorial-wave-preto\/\" \/>\n<meta property=\"og:locale\" content=\"pt_PT\" \/>\n<meta property=\"og:type\" content=\"article\" \/>\n<meta property=\"og:title\" content=\"WOMANIZER - CHUVEIRO ESTIMULANTE CLITORIAL WAVE PRETO - Lovme\" \/>\n<meta property=\"og:description\" content=\"WOMANIZER - CHUVEIRO ESTIMULANTE CLITORIAL WAVE PRETO\" \/>\n<meta property=\"og:url\" content=\"https:\/\/lovme.pt\/index.php\/produto\/womanizer-chuveiro-estimulante-clitorial-wave-preto\/\" \/>\n<meta property=\"og:site_name\" content=\"Lovme\" \/>\n<meta property=\"article:modified_time\" content=\"2026-02-19T20:09:24+00:00\" \/>\n<meta property=\"og:image\" content=\"https:\/\/erki24nd3ub.exactdn.com\/wp-content\/uploads\/dream\/img\/img_220906_ab08b1268d5aafac80aa008b35aa36b7_1.png?strip=all\" \/>\n\t<meta property=\"og:image:width\" content=\"900\" \/>\n\t<meta property=\"og:image:height\" content=\"900\" \/>\n\t<meta property=\"og:image:type\" content=\"image\/png\" \/>\n<meta name=\"twitter:card\" content=\"summary_large_image\" \/>\n<meta name=\"twitter:label1\" content=\"Tempo estimado de leitura\" \/>\n\t<meta name=\"twitter:data1\" content=\"2 minutos\" \/>\n<script type=\"application\/ld+json\" class=\"yoast-schema-graph\">{\"@context\":\"https:\\\/\\\/schema.org\",\"@graph\":[{\"@type\":\"WebPage\",\"@id\":\"https:\\\/\\\/lovme.pt\\\/index.php\\\/produto\\\/womanizer-chuveiro-estimulante-clitorial-wave-preto\\\/\",\"url\":\"https:\\\/\\\/lovme.pt\\\/index.php\\\/produto\\\/womanizer-chuveiro-estimulante-clitorial-wave-preto\\\/\",\"name\":\"WOMANIZER - CHUVEIRO ESTIMULANTE CLITORIAL WAVE PRETO - Lovme\",\"isPartOf\":{\"@id\":\"https:\\\/\\\/lovme.pt\\\/#website\"},\"primaryImageOfPage\":{\"@id\":\"https:\\\/\\\/lovme.pt\\\/index.php\\\/produto\\\/womanizer-chuveiro-estimulante-clitorial-wave-preto\\\/#primaryimage\"},\"image\":{\"@id\":\"https:\\\/\\\/lovme.pt\\\/index.php\\\/produto\\\/womanizer-chuveiro-estimulante-clitorial-wave-preto\\\/#primaryimage\"},\"thumbnailUrl\":\"https:\\\/\\\/erki24nd3ub.exactdn.com\\\/wp-content\\\/uploads\\\/dream\\\/img\\\/img_220906_ab08b1268d5aafac80aa008b35aa36b7_1.png?strip=all\",\"datePublished\":\"2026-02-11T16:01:59+00:00\",\"dateModified\":\"2026-02-19T20:09:24+00:00\",\"breadcrumb\":{\"@id\":\"https:\\\/\\\/lovme.pt\\\/index.php\\\/produto\\\/womanizer-chuveiro-estimulante-clitorial-wave-preto\\\/#breadcrumb\"},\"inLanguage\":\"pt-PT\",\"potentialAction\":[{\"@type\":\"ReadAction\",\"target\":[\"https:\\\/\\\/lovme.pt\\\/index.php\\\/produto\\\/womanizer-chuveiro-estimulante-clitorial-wave-preto\\\/\"]}]},{\"@type\":\"ImageObject\",\"inLanguage\":\"pt-PT\",\"@id\":\"https:\\\/\\\/lovme.pt\\\/index.php\\\/produto\\\/womanizer-chuveiro-estimulante-clitorial-wave-preto\\\/#primaryimage\",\"url\":\"https:\\\/\\\/erki24nd3ub.exactdn.com\\\/wp-content\\\/uploads\\\/dream\\\/img\\\/img_220906_ab08b1268d5aafac80aa008b35aa36b7_1.png?strip=all\",\"contentUrl\":\"https:\\\/\\\/erki24nd3ub.exactdn.com\\\/wp-content\\\/uploads\\\/dream\\\/img\\\/img_220906_ab08b1268d5aafac80aa008b35aa36b7_1.png?strip=all\",\"width\":900,\"height\":900},{\"@type\":\"BreadcrumbList\",\"@id\":\"https:\\\/\\\/lovme.pt\\\/index.php\\\/produto\\\/womanizer-chuveiro-estimulante-clitorial-wave-preto\\\/#breadcrumb\",\"itemListElement\":[{\"@type\":\"ListItem\",\"position\":1,\"name\":\"In\u00edcio\",\"item\":\"https:\\\/\\\/lovme.pt\\\/\"},{\"@type\":\"ListItem\",\"position\":2,\"name\":\"Loja\",\"item\":\"https:\\\/\\\/lovme.pt\\\/index.php\\\/loja\\\/\"},{\"@type\":\"ListItem\",\"position\":3,\"name\":\"WOMANIZER &#8211; CHUVEIRO ESTIMULANTE CLITORIAL WAVE PRETO\"}]},{\"@type\":\"WebSite\",\"@id\":\"https:\\\/\\\/lovme.pt\\\/#website\",\"url\":\"https:\\\/\\\/lovme.pt\\\/\",\"name\":\"Lovme Loja Er\u00f3tica N\u00ba1 em Portugal\",\"description\":\"A melhor loja er\u00f3tica de Portugal.\",\"alternateName\":\"Loja Er\u00f3tica Lovme\",\"potentialAction\":[{\"@type\":\"SearchAction\",\"target\":{\"@type\":\"EntryPoint\",\"urlTemplate\":\"https:\\\/\\\/lovme.pt\\\/?s={search_term_string}\"},\"query-input\":{\"@type\":\"PropertyValueSpecification\",\"valueRequired\":true,\"valueName\":\"search_term_string\"}}],\"inLanguage\":\"pt-PT\"}]}<\/script>\n<!-- \/ Yoast SEO plugin. -->","yoast_head_json":{"title":"WOMANIZER - CHUVEIRO ESTIMULANTE CLITORIAL WAVE PRETO - Lovme","robots":{"index":"index","follow":"follow","max-snippet":"max-snippet:-1","max-image-preview":"max-image-preview:large","max-video-preview":"max-video-preview:-1"},"canonical":"https:\/\/lovme.pt\/index.php\/produto\/womanizer-chuveiro-estimulante-clitorial-wave-preto\/","og_locale":"pt_PT","og_type":"article","og_title":"WOMANIZER - CHUVEIRO ESTIMULANTE CLITORIAL WAVE PRETO - Lovme","og_description":"WOMANIZER - CHUVEIRO ESTIMULANTE CLITORIAL WAVE PRETO","og_url":"https:\/\/lovme.pt\/index.php\/produto\/womanizer-chuveiro-estimulante-clitorial-wave-preto\/","og_site_name":"Lovme","article_modified_time":"2026-02-19T20:09:24+00:00","og_image":[{"width":900,"height":900,"url":"https:\/\/erki24nd3ub.exactdn.com\/wp-content\/uploads\/dream\/img\/img_220906_ab08b1268d5aafac80aa008b35aa36b7_1.png?strip=all","type":"image\/png"}],"twitter_card":"summary_large_image","twitter_misc":{"Tempo estimado de leitura":"2 minutos"},"schema":{"@context":"https:\/\/schema.org","@graph":[{"@type":"WebPage","@id":"https:\/\/lovme.pt\/index.php\/produto\/womanizer-chuveiro-estimulante-clitorial-wave-preto\/","url":"https:\/\/lovme.pt\/index.php\/produto\/womanizer-chuveiro-estimulante-clitorial-wave-preto\/","name":"WOMANIZER - CHUVEIRO ESTIMULANTE CLITORIAL WAVE PRETO - Lovme","isPartOf":{"@id":"https:\/\/lovme.pt\/#website"},"primaryImageOfPage":{"@id":"https:\/\/lovme.pt\/index.php\/produto\/womanizer-chuveiro-estimulante-clitorial-wave-preto\/#primaryimage"},"image":{"@id":"https:\/\/lovme.pt\/index.php\/produto\/womanizer-chuveiro-estimulante-clitorial-wave-preto\/#primaryimage"},"thumbnailUrl":"https:\/\/erki24nd3ub.exactdn.com\/wp-content\/uploads\/dream\/img\/img_220906_ab08b1268d5aafac80aa008b35aa36b7_1.png?strip=all","datePublished":"2026-02-11T16:01:59+00:00","dateModified":"2026-02-19T20:09:24+00:00","breadcrumb":{"@id":"https:\/\/lovme.pt\/index.php\/produto\/womanizer-chuveiro-estimulante-clitorial-wave-preto\/#breadcrumb"},"inLanguage":"pt-PT","potentialAction":[{"@type":"ReadAction","target":["https:\/\/lovme.pt\/index.php\/produto\/womanizer-chuveiro-estimulante-clitorial-wave-preto\/"]}]},{"@type":"ImageObject","inLanguage":"pt-PT","@id":"https:\/\/lovme.pt\/index.php\/produto\/womanizer-chuveiro-estimulante-clitorial-wave-preto\/#primaryimage","url":"https:\/\/erki24nd3ub.exactdn.com\/wp-content\/uploads\/dream\/img\/img_220906_ab08b1268d5aafac80aa008b35aa36b7_1.png?strip=all","contentUrl":"https:\/\/erki24nd3ub.exactdn.com\/wp-content\/uploads\/dream\/img\/img_220906_ab08b1268d5aafac80aa008b35aa36b7_1.png?strip=all","width":900,"height":900},{"@type":"BreadcrumbList","@id":"https:\/\/lovme.pt\/index.php\/produto\/womanizer-chuveiro-estimulante-clitorial-wave-preto\/#breadcrumb","itemListElement":[{"@type":"ListItem","position":1,"name":"In\u00edcio","item":"https:\/\/lovme.pt\/"},{"@type":"ListItem","position":2,"name":"Loja","item":"https:\/\/lovme.pt\/index.php\/loja\/"},{"@type":"ListItem","position":3,"name":"WOMANIZER &#8211; CHUVEIRO ESTIMULANTE CLITORIAL WAVE PRETO"}]},{"@type":"WebSite","@id":"https:\/\/lovme.pt\/#website","url":"https:\/\/lovme.pt\/","name":"Lovme Loja Er\u00f3tica N\u00ba1 em Portugal","description":"A melhor loja er\u00f3tica de Portugal.","alternateName":"Loja Er\u00f3tica Lovme","potentialAction":[{"@type":"SearchAction","target":{"@type":"EntryPoint","urlTemplate":"https:\/\/lovme.pt\/?s={search_term_string}"},"query-input":{"@type":"PropertyValueSpecification","valueRequired":true,"valueName":"search_term_string"}}],"inLanguage":"pt-PT"}]}},"_links":{"self":[{"href":"https:\/\/lovme.pt\/index.php\/wp-json\/wp\/v2\/product\/107044","targetHints":{"allow":["GET"]}}],"collection":[{"href":"https:\/\/lovme.pt\/index.php\/wp-json\/wp\/v2\/product"}],"about":[{"href":"https:\/\/lovme.pt\/index.php\/wp-json\/wp\/v2\/types\/product"}],"wp:featuredmedia":[{"embeddable":true,"href":"https:\/\/lovme.pt\/index.php\/wp-json\/wp\/v2\/media\/107045"}],"wp:attachment":[{"href":"https:\/\/lovme.pt\/index.php\/wp-json\/wp\/v2\/media?parent=107044"}],"wp:term":[{"taxonomy":"product_brand","embeddable":true,"href":"https:\/\/lovme.pt\/index.php\/wp-json\/wp\/v2\/product_brand?post=107044"},{"taxonomy":"product_cat","embeddable":true,"href":"https:\/\/lovme.pt\/index.php\/wp-json\/wp\/v2\/product_cat?post=107044"},{"taxonomy":"product_tag","embeddable":true,"href":"https:\/\/lovme.pt\/index.php\/wp-json\/wp\/v2\/product_tag?post=107044"}],"curies":[{"name":"wp","href":"https:\/\/api.w.org\/{rel}","templated":true}]}}