{"id":106345,"date":"2026-01-20T00:04:00","date_gmt":"2026-01-20T00:04:00","guid":{"rendered":"https:\/\/lovme.pt\/?post_type=product&p=106345"},"modified":"2026-02-19T20:22:30","modified_gmt":"2026-02-19T20:22:30","slug":"joydivion-eropharm-capsulas-estimulantes-penianas-para-homens-40-unidades","status":"publish","type":"product","link":"https:\/\/lovme.pt\/index.php\/produto\/joydivion-eropharm-capsulas-estimulantes-penianas-para-homens-40-unidades\/","title":{"rendered":"JOYDIVION EROPHARM &#8211; C\u00c1PSULAS ESTIMULANTES PENIANAS PARA HOMENS &#8211; 40 UNIDADES"},"content":{"rendered":"<p>H\u00e1 mais de 45 anos, a PENISEX \u00e9 sin\u00f4nimo de alt\u00edssima qualidade e desempenho convincente, adaptando-se continuamente aos mais recentes avan\u00e7os tecnol\u00f3gicos. O que torna nossos produtos t\u00e3o valiosos s\u00e3o seus componentes.<\/p>\n<p>Combinamos ingredientes tradicionais em f\u00f3rmulas modernas para proporcionar mais resist\u00eancia, energia e um desejo renovado na sua vida sexual. Amino\u00e1cidos, vitaminas selecionadas, extratos vegetais de alta qualidade e \u00f3leos essenciais valiosos promovem uma sexualidade saud\u00e1vel. Com PENISEX, voc\u00ea encontrar\u00e1 um conceito complementar para homens e mulheres que promove a sexualidade n\u00e3o apenas externamente, mas tamb\u00e9m internamente.<\/p>\n<p>Suplemento alimentar com vitaminas, oligoelementos, cafe\u00edna e arginina. Cont\u00e9m cafe\u00edna. N\u00e3o recomendado para crian\u00e7as ou mulheres gr\u00e1vidas. (Ingest\u00e3o di\u00e1ria de cafe\u00edna: 216 mg). Recomenda-se evitar o consumo de outros suplementos que contenham zinco. O zinco contribui para a fertilidade e reprodu\u00e7\u00e3o normais, bem como para a manuten\u00e7\u00e3o de n\u00edveis normais de testosterona no sangue. O sel\u00eanio contribui para a espermatog\u00eanese normal.<\/p>\n<p>\u00a0<\/p>\n<p><u><strong>CARACTER\u00cdSTICAS:<\/strong><\/u><\/p>\n<ul>\n<li>Amino\u00e1cidos naturais, extrato de aveia, \u00e1cido f\u00f3lico, oligoelementos e vitaminas que proporcionam energia renovada.<\/li>\n<li>Suplemento alimentar com L-arginina e cafe\u00edna.<\/li>\n<li>Especialmente adaptado ao corpo masculino.<\/li>\n<li>O \u00e1cido asc\u00f3rbico contribui para o metabolismo energ\u00e9tico normal e para a redu\u00e7\u00e3o do cansa\u00e7o e da fadiga.<\/li>\n<li>O zinco contribui para a manuten\u00e7\u00e3o de n\u00edveis normais de testosterona no sangue.<\/li>\n<li>Feito com amor na Alemanha<\/li>\n<li>Recomenda-se a ingest\u00e3o di\u00e1ria de 3 c\u00e1psulas durante um per\u00edodo prolongado, o que pode produzir resultados surpreendentes.<\/li>\n<li>Caixa com 40 c\u00e1psulas<\/li>\n<li><span style=\"font-size: 13px;\">Folheto informativo no interior com os seguintes idiomas: DE\/EN\/ES\/NL\/IT\/DK\/GR\/FR\/FI\/PL\/NO\/PT\/CZ\/SE\/RU\/HU\/LV<\/span><\/li>\n<li><strong>Ingredientes<\/strong> : Cloridrato de L-arginina, cafe\u00edna, extrato de aveia 10:1 (solvente de extra\u00e7\u00e3o H\u2082O), \u00e1cido L-asc\u00f3rbico, extrato de casca de pinheiro mar\u00edtimo 10:1 (Pinus pinaster), gluconato de zinco, acetato de DL-alfa-tocoferila, \u00e1cido f\u00f3lico, selenito de s\u00f3dio, cloreto de cromo (III), hidroxipropilmetilcelulose (E464), agente de volume: celulose microcristalina, antiaglomerante: sais de magn\u00e9sio de \u00e1cidos graxos (estearato de magn\u00e9sio), corante: espirulina<\/li>\n<\/ul>\n","protected":false},"excerpt":{"rendered":"<p>EMBALAGEM DISPON\u00cdVEL EM: \/en\/de\/<\/p>\n","protected":false},"featured_media":106346,"template":"","meta":{"_acf_changed":false},"product_brand":[],"product_cat":[49,52,70],"product_tag":[],"class_list":{"0":"post-106345","1":"product","2":"type-product","3":"status-publish","4":"has-post-thumbnail","6":"product_cat-cosmeticos","7":"product_cat-estimulantes","8":"product_cat-saude","9":"yith_product_brand-joydivision","10":"yith_product_brand-joydivisionjoydivision-eropharm","12":"first","13":"instock","14":"taxable","15":"shipping-taxable","16":"purchasable","17":"product-type-simple"},"acf":[],"yoast_head":"<!-- This site is optimized with the Yoast SEO plugin v27.4 - https:\/\/yoast.com\/product\/yoast-seo-wordpress\/ -->\n<title>JOYDIVION EROPHARM - C\u00c1PSULAS ESTIMULANTES PENIANAS PARA HOMENS - 40 UNIDADES - Lovme<\/title>\n<meta name=\"robots\" content=\"index, follow, max-snippet:-1, max-image-preview:large, max-video-preview:-1\" \/>\n<link rel=\"canonical\" href=\"https:\/\/lovme.pt\/index.php\/produto\/joydivion-eropharm-capsulas-estimulantes-penianas-para-homens-40-unidades\/\" \/>\n<meta property=\"og:locale\" content=\"pt_PT\" \/>\n<meta property=\"og:type\" content=\"article\" \/>\n<meta property=\"og:title\" content=\"JOYDIVION EROPHARM - C\u00c1PSULAS ESTIMULANTES PENIANAS PARA HOMENS - 40 UNIDADES - Lovme\" \/>\n<meta property=\"og:description\" content=\"EMBALAGEM DISPON\u00cdVEL EM: \/en\/de\/\" \/>\n<meta property=\"og:url\" content=\"https:\/\/lovme.pt\/index.php\/produto\/joydivion-eropharm-capsulas-estimulantes-penianas-para-homens-40-unidades\/\" \/>\n<meta property=\"og:site_name\" content=\"Lovme\" \/>\n<meta property=\"article:modified_time\" content=\"2026-02-19T20:22:30+00:00\" \/>\n<meta property=\"og:image\" content=\"https:\/\/erki24nd3ub.exactdn.com\/wp-content\/uploads\/dream\/img\/img_219064_9a0771d53e581284c60004d783237e41_1.png?strip=all\" \/>\n\t<meta property=\"og:image:width\" content=\"900\" \/>\n\t<meta property=\"og:image:height\" content=\"900\" \/>\n\t<meta property=\"og:image:type\" content=\"image\/png\" \/>\n<meta name=\"twitter:card\" content=\"summary_large_image\" \/>\n<meta name=\"twitter:label1\" content=\"Tempo estimado de leitura\" \/>\n\t<meta name=\"twitter:data1\" content=\"2 minutos\" \/>\n<script type=\"application\/ld+json\" class=\"yoast-schema-graph\">{\"@context\":\"https:\\\/\\\/schema.org\",\"@graph\":[{\"@type\":\"WebPage\",\"@id\":\"https:\\\/\\\/lovme.pt\\\/index.php\\\/produto\\\/joydivion-eropharm-capsulas-estimulantes-penianas-para-homens-40-unidades\\\/\",\"url\":\"https:\\\/\\\/lovme.pt\\\/index.php\\\/produto\\\/joydivion-eropharm-capsulas-estimulantes-penianas-para-homens-40-unidades\\\/\",\"name\":\"JOYDIVION EROPHARM - C\u00c1PSULAS ESTIMULANTES PENIANAS PARA HOMENS - 40 UNIDADES - Lovme\",\"isPartOf\":{\"@id\":\"https:\\\/\\\/lovme.pt\\\/#website\"},\"primaryImageOfPage\":{\"@id\":\"https:\\\/\\\/lovme.pt\\\/index.php\\\/produto\\\/joydivion-eropharm-capsulas-estimulantes-penianas-para-homens-40-unidades\\\/#primaryimage\"},\"image\":{\"@id\":\"https:\\\/\\\/lovme.pt\\\/index.php\\\/produto\\\/joydivion-eropharm-capsulas-estimulantes-penianas-para-homens-40-unidades\\\/#primaryimage\"},\"thumbnailUrl\":\"https:\\\/\\\/erki24nd3ub.exactdn.com\\\/wp-content\\\/uploads\\\/dream\\\/img\\\/img_219064_9a0771d53e581284c60004d783237e41_1.png?strip=all\",\"datePublished\":\"2026-01-20T00:04:00+00:00\",\"dateModified\":\"2026-02-19T20:22:30+00:00\",\"breadcrumb\":{\"@id\":\"https:\\\/\\\/lovme.pt\\\/index.php\\\/produto\\\/joydivion-eropharm-capsulas-estimulantes-penianas-para-homens-40-unidades\\\/#breadcrumb\"},\"inLanguage\":\"pt-PT\",\"potentialAction\":[{\"@type\":\"ReadAction\",\"target\":[\"https:\\\/\\\/lovme.pt\\\/index.php\\\/produto\\\/joydivion-eropharm-capsulas-estimulantes-penianas-para-homens-40-unidades\\\/\"]}]},{\"@type\":\"ImageObject\",\"inLanguage\":\"pt-PT\",\"@id\":\"https:\\\/\\\/lovme.pt\\\/index.php\\\/produto\\\/joydivion-eropharm-capsulas-estimulantes-penianas-para-homens-40-unidades\\\/#primaryimage\",\"url\":\"https:\\\/\\\/erki24nd3ub.exactdn.com\\\/wp-content\\\/uploads\\\/dream\\\/img\\\/img_219064_9a0771d53e581284c60004d783237e41_1.png?strip=all\",\"contentUrl\":\"https:\\\/\\\/erki24nd3ub.exactdn.com\\\/wp-content\\\/uploads\\\/dream\\\/img\\\/img_219064_9a0771d53e581284c60004d783237e41_1.png?strip=all\",\"width\":900,\"height\":900},{\"@type\":\"BreadcrumbList\",\"@id\":\"https:\\\/\\\/lovme.pt\\\/index.php\\\/produto\\\/joydivion-eropharm-capsulas-estimulantes-penianas-para-homens-40-unidades\\\/#breadcrumb\",\"itemListElement\":[{\"@type\":\"ListItem\",\"position\":1,\"name\":\"In\u00edcio\",\"item\":\"https:\\\/\\\/lovme.pt\\\/\"},{\"@type\":\"ListItem\",\"position\":2,\"name\":\"Loja\",\"item\":\"https:\\\/\\\/lovme.pt\\\/index.php\\\/loja\\\/\"},{\"@type\":\"ListItem\",\"position\":3,\"name\":\"JOYDIVION EROPHARM &#8211; C\u00c1PSULAS ESTIMULANTES PENIANAS PARA HOMENS &#8211; 40 UNIDADES\"}]},{\"@type\":\"WebSite\",\"@id\":\"https:\\\/\\\/lovme.pt\\\/#website\",\"url\":\"https:\\\/\\\/lovme.pt\\\/\",\"name\":\"Lovme Loja Er\u00f3tica N\u00ba1 em Portugal\",\"description\":\"A melhor loja er\u00f3tica de Portugal.\",\"alternateName\":\"Loja Er\u00f3tica Lovme\",\"potentialAction\":[{\"@type\":\"SearchAction\",\"target\":{\"@type\":\"EntryPoint\",\"urlTemplate\":\"https:\\\/\\\/lovme.pt\\\/?s={search_term_string}\"},\"query-input\":{\"@type\":\"PropertyValueSpecification\",\"valueRequired\":true,\"valueName\":\"search_term_string\"}}],\"inLanguage\":\"pt-PT\"}]}<\/script>\n<!-- \/ Yoast SEO plugin. -->","yoast_head_json":{"title":"JOYDIVION EROPHARM - C\u00c1PSULAS ESTIMULANTES PENIANAS PARA HOMENS - 40 UNIDADES - Lovme","robots":{"index":"index","follow":"follow","max-snippet":"max-snippet:-1","max-image-preview":"max-image-preview:large","max-video-preview":"max-video-preview:-1"},"canonical":"https:\/\/lovme.pt\/index.php\/produto\/joydivion-eropharm-capsulas-estimulantes-penianas-para-homens-40-unidades\/","og_locale":"pt_PT","og_type":"article","og_title":"JOYDIVION EROPHARM - C\u00c1PSULAS ESTIMULANTES PENIANAS PARA HOMENS - 40 UNIDADES - Lovme","og_description":"EMBALAGEM DISPON\u00cdVEL EM: \/en\/de\/","og_url":"https:\/\/lovme.pt\/index.php\/produto\/joydivion-eropharm-capsulas-estimulantes-penianas-para-homens-40-unidades\/","og_site_name":"Lovme","article_modified_time":"2026-02-19T20:22:30+00:00","og_image":[{"width":900,"height":900,"url":"https:\/\/erki24nd3ub.exactdn.com\/wp-content\/uploads\/dream\/img\/img_219064_9a0771d53e581284c60004d783237e41_1.png?strip=all","type":"image\/png"}],"twitter_card":"summary_large_image","twitter_misc":{"Tempo estimado de leitura":"2 minutos"},"schema":{"@context":"https:\/\/schema.org","@graph":[{"@type":"WebPage","@id":"https:\/\/lovme.pt\/index.php\/produto\/joydivion-eropharm-capsulas-estimulantes-penianas-para-homens-40-unidades\/","url":"https:\/\/lovme.pt\/index.php\/produto\/joydivion-eropharm-capsulas-estimulantes-penianas-para-homens-40-unidades\/","name":"JOYDIVION EROPHARM - C\u00c1PSULAS ESTIMULANTES PENIANAS PARA HOMENS - 40 UNIDADES - Lovme","isPartOf":{"@id":"https:\/\/lovme.pt\/#website"},"primaryImageOfPage":{"@id":"https:\/\/lovme.pt\/index.php\/produto\/joydivion-eropharm-capsulas-estimulantes-penianas-para-homens-40-unidades\/#primaryimage"},"image":{"@id":"https:\/\/lovme.pt\/index.php\/produto\/joydivion-eropharm-capsulas-estimulantes-penianas-para-homens-40-unidades\/#primaryimage"},"thumbnailUrl":"https:\/\/erki24nd3ub.exactdn.com\/wp-content\/uploads\/dream\/img\/img_219064_9a0771d53e581284c60004d783237e41_1.png?strip=all","datePublished":"2026-01-20T00:04:00+00:00","dateModified":"2026-02-19T20:22:30+00:00","breadcrumb":{"@id":"https:\/\/lovme.pt\/index.php\/produto\/joydivion-eropharm-capsulas-estimulantes-penianas-para-homens-40-unidades\/#breadcrumb"},"inLanguage":"pt-PT","potentialAction":[{"@type":"ReadAction","target":["https:\/\/lovme.pt\/index.php\/produto\/joydivion-eropharm-capsulas-estimulantes-penianas-para-homens-40-unidades\/"]}]},{"@type":"ImageObject","inLanguage":"pt-PT","@id":"https:\/\/lovme.pt\/index.php\/produto\/joydivion-eropharm-capsulas-estimulantes-penianas-para-homens-40-unidades\/#primaryimage","url":"https:\/\/erki24nd3ub.exactdn.com\/wp-content\/uploads\/dream\/img\/img_219064_9a0771d53e581284c60004d783237e41_1.png?strip=all","contentUrl":"https:\/\/erki24nd3ub.exactdn.com\/wp-content\/uploads\/dream\/img\/img_219064_9a0771d53e581284c60004d783237e41_1.png?strip=all","width":900,"height":900},{"@type":"BreadcrumbList","@id":"https:\/\/lovme.pt\/index.php\/produto\/joydivion-eropharm-capsulas-estimulantes-penianas-para-homens-40-unidades\/#breadcrumb","itemListElement":[{"@type":"ListItem","position":1,"name":"In\u00edcio","item":"https:\/\/lovme.pt\/"},{"@type":"ListItem","position":2,"name":"Loja","item":"https:\/\/lovme.pt\/index.php\/loja\/"},{"@type":"ListItem","position":3,"name":"JOYDIVION EROPHARM &#8211; C\u00c1PSULAS ESTIMULANTES PENIANAS PARA HOMENS &#8211; 40 UNIDADES"}]},{"@type":"WebSite","@id":"https:\/\/lovme.pt\/#website","url":"https:\/\/lovme.pt\/","name":"Lovme Loja Er\u00f3tica N\u00ba1 em Portugal","description":"A melhor loja er\u00f3tica de Portugal.","alternateName":"Loja Er\u00f3tica Lovme","potentialAction":[{"@type":"SearchAction","target":{"@type":"EntryPoint","urlTemplate":"https:\/\/lovme.pt\/?s={search_term_string}"},"query-input":{"@type":"PropertyValueSpecification","valueRequired":true,"valueName":"search_term_string"}}],"inLanguage":"pt-PT"}]}},"_links":{"self":[{"href":"https:\/\/lovme.pt\/index.php\/wp-json\/wp\/v2\/product\/106345","targetHints":{"allow":["GET"]}}],"collection":[{"href":"https:\/\/lovme.pt\/index.php\/wp-json\/wp\/v2\/product"}],"about":[{"href":"https:\/\/lovme.pt\/index.php\/wp-json\/wp\/v2\/types\/product"}],"wp:featuredmedia":[{"embeddable":true,"href":"https:\/\/lovme.pt\/index.php\/wp-json\/wp\/v2\/media\/106346"}],"wp:attachment":[{"href":"https:\/\/lovme.pt\/index.php\/wp-json\/wp\/v2\/media?parent=106345"}],"wp:term":[{"taxonomy":"product_brand","embeddable":true,"href":"https:\/\/lovme.pt\/index.php\/wp-json\/wp\/v2\/product_brand?post=106345"},{"taxonomy":"product_cat","embeddable":true,"href":"https:\/\/lovme.pt\/index.php\/wp-json\/wp\/v2\/product_cat?post=106345"},{"taxonomy":"product_tag","embeddable":true,"href":"https:\/\/lovme.pt\/index.php\/wp-json\/wp\/v2\/product_tag?post=106345"}],"curies":[{"name":"wp","href":"https:\/\/api.w.org\/{rel}","templated":true}]}}