{"id":105939,"date":"2026-01-16T16:01:27","date_gmt":"2026-01-16T16:01:27","guid":{"rendered":"https:\/\/lovme.pt\/?post_type=product&p=105939"},"modified":"2026-02-19T20:04:43","modified_gmt":"2026-02-19T20:04:43","slug":"cobeco-fist-assist-creme-lubrificante-500-ml","status":"publish","type":"product","link":"https:\/\/lovme.pt\/index.php\/produto\/cobeco-fist-assist-creme-lubrificante-500-ml\/","title":{"rendered":"COBECO &#8211; FIST ASSIST CREME LUBRIFICANTE 500 ML"},"content":{"rendered":"<p>O creme para fisting <strong>Fist Assist<\/strong> oferece um deslizamento inspirado no silicone, combinado com uma textura cremosa, macia e envolvente. Desenvolvido para sess\u00f5es mais lentas e \u00edntimas, proporciona uma sensa\u00e7\u00e3o sensual e acolchoada com desempenho duradouro. Sua f\u00f3rmula equilibrada permite uma experi\u00eancia confort\u00e1vel e cont\u00ednua \u2014 ideal para prolongar o prazer, estimula\u00e7\u00e3o de todo o corpo e conex\u00e3o profunda sem interrup\u00e7\u00f5es.<\/p>\n<p> <u><strong>CARACTER\u00cdSTICAS:<\/strong><\/u><\/p>\n<ul>\n<li> Deslizamento suave e ultraconfort\u00e1vel para maior comodidade.<\/li>\n<li> Textura cremosa com suavidade semelhante \u00e0 do silicone.<\/li>\n<li> Nutre a pele enquanto reduz eficazmente o atrito.<\/li>\n<li> F\u00f3rmula vegana, livre de crueldade animal e segura para peles sens\u00edveis.<\/li>\n<li> Conte\u00fado: 500 ml<\/li>\n<li> <strong>Ingredientes<\/strong> : \u00c1gua, petrolato, parafina l\u00edquida, \u00e1lcool cetoestear\u00edlico, propilenoglicol, estearato de PEG-8, ceteareth-25, dimeticona, fenoxietanol, miristato de isopropila, etilhexilglicerina, \u00e1cido c\u00edtrico.<\/li>\n<\/ul>\n<p> <strong>Como funciona?<\/strong><\/p>\n<p> Sua f\u00f3rmula macia e cremosa se espalha facilmente e permanece no lugar sem ser absorvida muito rapidamente. Isso permite um deslizamento constante e duradouro, reduzindo as interrup\u00e7\u00f5es durante o jogo. Rica, por\u00e9m nunca oleosa, foi desenvolvida para minimizar o atrito e maximizar o conforto, mesmo durante sess\u00f5es prolongadas.<\/p>\n<p> <strong>Instru\u00e7\u00f5es de uso:<\/strong><\/p>\n<ol>\n<li> Aplique uma quantidade generosa nas m\u00e3os, em brinquedos ou diretamente sobre o corpo. Ideal para explora\u00e7\u00e3o corporal completa, estimula\u00e7\u00e3o prolongada ou momentos \u00edntimos a s\u00f3s ou a dois.<\/li>\n<li> Compat\u00edvel com a maioria dos materiais de brinquedos; recomenda-se verificar a sensibilidade ao usar com l\u00e1tex.<\/li>\n<\/ol>\n","protected":false},"excerpt":{"rendered":"<p>EMBALAGEM DISPON\u00cdVEL EM: \/en\/nl\/de\/fr\/es\/<\/p>\n","protected":false},"featured_media":105940,"template":"","meta":{"_acf_changed":false},"product_brand":[],"product_cat":[49,88,51],"product_tag":[],"class_list":{"0":"post-105939","1":"product","2":"type-product","3":"status-publish","4":"has-post-thumbnail","6":"product_cat-cosmeticos","7":"product_cat-novidades","8":"product_cat-oleos-de-massagem","9":"yith_product_brand-cobeco-pharmacobeco-fist-assist","10":"yith_product_brand-cobeco-pharma","12":"first","13":"instock","14":"taxable","15":"shipping-taxable","16":"purchasable","17":"product-type-simple"},"acf":[],"yoast_head":"<!-- This site is optimized with the Yoast SEO plugin v27.4 - https:\/\/yoast.com\/product\/yoast-seo-wordpress\/ -->\n<title>COBECO - FIST ASSIST CREME LUBRIFICANTE 500 ML - Lovme<\/title>\n<meta name=\"robots\" content=\"index, follow, max-snippet:-1, max-image-preview:large, max-video-preview:-1\" \/>\n<link rel=\"canonical\" href=\"https:\/\/lovme.pt\/index.php\/produto\/cobeco-fist-assist-creme-lubrificante-500-ml\/\" \/>\n<meta property=\"og:locale\" content=\"pt_PT\" \/>\n<meta property=\"og:type\" content=\"article\" \/>\n<meta property=\"og:title\" content=\"COBECO - FIST ASSIST CREME LUBRIFICANTE 500 ML - Lovme\" \/>\n<meta property=\"og:description\" content=\"EMBALAGEM DISPON\u00cdVEL EM: \/en\/nl\/de\/fr\/es\/\" \/>\n<meta property=\"og:url\" content=\"https:\/\/lovme.pt\/index.php\/produto\/cobeco-fist-assist-creme-lubrificante-500-ml\/\" \/>\n<meta property=\"og:site_name\" content=\"Lovme\" \/>\n<meta property=\"article:modified_time\" content=\"2026-02-19T20:04:43+00:00\" \/>\n<meta property=\"og:image\" content=\"https:\/\/erki24nd3ub.exactdn.com\/wp-content\/uploads\/dream\/img\/img_218604_c1d8078c5d3e665eb9b53227e0019ed8_1.jpg?strip=all\" \/>\n\t<meta property=\"og:image:width\" content=\"900\" \/>\n\t<meta property=\"og:image:height\" content=\"900\" \/>\n\t<meta property=\"og:image:type\" content=\"image\/jpeg\" \/>\n<meta name=\"twitter:card\" content=\"summary_large_image\" \/>\n<meta name=\"twitter:label1\" content=\"Tempo estimado de leitura\" \/>\n\t<meta name=\"twitter:data1\" content=\"1 minuto\" \/>\n<script type=\"application\/ld+json\" class=\"yoast-schema-graph\">{\"@context\":\"https:\\\/\\\/schema.org\",\"@graph\":[{\"@type\":\"WebPage\",\"@id\":\"https:\\\/\\\/lovme.pt\\\/index.php\\\/produto\\\/cobeco-fist-assist-creme-lubrificante-500-ml\\\/\",\"url\":\"https:\\\/\\\/lovme.pt\\\/index.php\\\/produto\\\/cobeco-fist-assist-creme-lubrificante-500-ml\\\/\",\"name\":\"COBECO - FIST ASSIST CREME LUBRIFICANTE 500 ML - Lovme\",\"isPartOf\":{\"@id\":\"https:\\\/\\\/lovme.pt\\\/#website\"},\"primaryImageOfPage\":{\"@id\":\"https:\\\/\\\/lovme.pt\\\/index.php\\\/produto\\\/cobeco-fist-assist-creme-lubrificante-500-ml\\\/#primaryimage\"},\"image\":{\"@id\":\"https:\\\/\\\/lovme.pt\\\/index.php\\\/produto\\\/cobeco-fist-assist-creme-lubrificante-500-ml\\\/#primaryimage\"},\"thumbnailUrl\":\"https:\\\/\\\/erki24nd3ub.exactdn.com\\\/wp-content\\\/uploads\\\/dream\\\/img\\\/img_218604_c1d8078c5d3e665eb9b53227e0019ed8_1.jpg?strip=all\",\"datePublished\":\"2026-01-16T16:01:27+00:00\",\"dateModified\":\"2026-02-19T20:04:43+00:00\",\"breadcrumb\":{\"@id\":\"https:\\\/\\\/lovme.pt\\\/index.php\\\/produto\\\/cobeco-fist-assist-creme-lubrificante-500-ml\\\/#breadcrumb\"},\"inLanguage\":\"pt-PT\",\"potentialAction\":[{\"@type\":\"ReadAction\",\"target\":[\"https:\\\/\\\/lovme.pt\\\/index.php\\\/produto\\\/cobeco-fist-assist-creme-lubrificante-500-ml\\\/\"]}]},{\"@type\":\"ImageObject\",\"inLanguage\":\"pt-PT\",\"@id\":\"https:\\\/\\\/lovme.pt\\\/index.php\\\/produto\\\/cobeco-fist-assist-creme-lubrificante-500-ml\\\/#primaryimage\",\"url\":\"https:\\\/\\\/erki24nd3ub.exactdn.com\\\/wp-content\\\/uploads\\\/dream\\\/img\\\/img_218604_c1d8078c5d3e665eb9b53227e0019ed8_1.jpg?strip=all\",\"contentUrl\":\"https:\\\/\\\/erki24nd3ub.exactdn.com\\\/wp-content\\\/uploads\\\/dream\\\/img\\\/img_218604_c1d8078c5d3e665eb9b53227e0019ed8_1.jpg?strip=all\",\"width\":900,\"height\":900},{\"@type\":\"BreadcrumbList\",\"@id\":\"https:\\\/\\\/lovme.pt\\\/index.php\\\/produto\\\/cobeco-fist-assist-creme-lubrificante-500-ml\\\/#breadcrumb\",\"itemListElement\":[{\"@type\":\"ListItem\",\"position\":1,\"name\":\"In\u00edcio\",\"item\":\"https:\\\/\\\/lovme.pt\\\/\"},{\"@type\":\"ListItem\",\"position\":2,\"name\":\"Loja\",\"item\":\"https:\\\/\\\/lovme.pt\\\/index.php\\\/loja\\\/\"},{\"@type\":\"ListItem\",\"position\":3,\"name\":\"COBECO &#8211; FIST ASSIST CREME LUBRIFICANTE 500 ML\"}]},{\"@type\":\"WebSite\",\"@id\":\"https:\\\/\\\/lovme.pt\\\/#website\",\"url\":\"https:\\\/\\\/lovme.pt\\\/\",\"name\":\"Lovme Loja Er\u00f3tica N\u00ba1 em Portugal\",\"description\":\"A melhor loja er\u00f3tica de Portugal.\",\"alternateName\":\"Loja Er\u00f3tica Lovme\",\"potentialAction\":[{\"@type\":\"SearchAction\",\"target\":{\"@type\":\"EntryPoint\",\"urlTemplate\":\"https:\\\/\\\/lovme.pt\\\/?s={search_term_string}\"},\"query-input\":{\"@type\":\"PropertyValueSpecification\",\"valueRequired\":true,\"valueName\":\"search_term_string\"}}],\"inLanguage\":\"pt-PT\"}]}<\/script>\n<!-- \/ Yoast SEO plugin. -->","yoast_head_json":{"title":"COBECO - FIST ASSIST CREME LUBRIFICANTE 500 ML - Lovme","robots":{"index":"index","follow":"follow","max-snippet":"max-snippet:-1","max-image-preview":"max-image-preview:large","max-video-preview":"max-video-preview:-1"},"canonical":"https:\/\/lovme.pt\/index.php\/produto\/cobeco-fist-assist-creme-lubrificante-500-ml\/","og_locale":"pt_PT","og_type":"article","og_title":"COBECO - FIST ASSIST CREME LUBRIFICANTE 500 ML - Lovme","og_description":"EMBALAGEM DISPON\u00cdVEL EM: \/en\/nl\/de\/fr\/es\/","og_url":"https:\/\/lovme.pt\/index.php\/produto\/cobeco-fist-assist-creme-lubrificante-500-ml\/","og_site_name":"Lovme","article_modified_time":"2026-02-19T20:04:43+00:00","og_image":[{"width":900,"height":900,"url":"https:\/\/erki24nd3ub.exactdn.com\/wp-content\/uploads\/dream\/img\/img_218604_c1d8078c5d3e665eb9b53227e0019ed8_1.jpg?strip=all","type":"image\/jpeg"}],"twitter_card":"summary_large_image","twitter_misc":{"Tempo estimado de leitura":"1 minuto"},"schema":{"@context":"https:\/\/schema.org","@graph":[{"@type":"WebPage","@id":"https:\/\/lovme.pt\/index.php\/produto\/cobeco-fist-assist-creme-lubrificante-500-ml\/","url":"https:\/\/lovme.pt\/index.php\/produto\/cobeco-fist-assist-creme-lubrificante-500-ml\/","name":"COBECO - FIST ASSIST CREME LUBRIFICANTE 500 ML - Lovme","isPartOf":{"@id":"https:\/\/lovme.pt\/#website"},"primaryImageOfPage":{"@id":"https:\/\/lovme.pt\/index.php\/produto\/cobeco-fist-assist-creme-lubrificante-500-ml\/#primaryimage"},"image":{"@id":"https:\/\/lovme.pt\/index.php\/produto\/cobeco-fist-assist-creme-lubrificante-500-ml\/#primaryimage"},"thumbnailUrl":"https:\/\/erki24nd3ub.exactdn.com\/wp-content\/uploads\/dream\/img\/img_218604_c1d8078c5d3e665eb9b53227e0019ed8_1.jpg?strip=all","datePublished":"2026-01-16T16:01:27+00:00","dateModified":"2026-02-19T20:04:43+00:00","breadcrumb":{"@id":"https:\/\/lovme.pt\/index.php\/produto\/cobeco-fist-assist-creme-lubrificante-500-ml\/#breadcrumb"},"inLanguage":"pt-PT","potentialAction":[{"@type":"ReadAction","target":["https:\/\/lovme.pt\/index.php\/produto\/cobeco-fist-assist-creme-lubrificante-500-ml\/"]}]},{"@type":"ImageObject","inLanguage":"pt-PT","@id":"https:\/\/lovme.pt\/index.php\/produto\/cobeco-fist-assist-creme-lubrificante-500-ml\/#primaryimage","url":"https:\/\/erki24nd3ub.exactdn.com\/wp-content\/uploads\/dream\/img\/img_218604_c1d8078c5d3e665eb9b53227e0019ed8_1.jpg?strip=all","contentUrl":"https:\/\/erki24nd3ub.exactdn.com\/wp-content\/uploads\/dream\/img\/img_218604_c1d8078c5d3e665eb9b53227e0019ed8_1.jpg?strip=all","width":900,"height":900},{"@type":"BreadcrumbList","@id":"https:\/\/lovme.pt\/index.php\/produto\/cobeco-fist-assist-creme-lubrificante-500-ml\/#breadcrumb","itemListElement":[{"@type":"ListItem","position":1,"name":"In\u00edcio","item":"https:\/\/lovme.pt\/"},{"@type":"ListItem","position":2,"name":"Loja","item":"https:\/\/lovme.pt\/index.php\/loja\/"},{"@type":"ListItem","position":3,"name":"COBECO &#8211; FIST ASSIST CREME LUBRIFICANTE 500 ML"}]},{"@type":"WebSite","@id":"https:\/\/lovme.pt\/#website","url":"https:\/\/lovme.pt\/","name":"Lovme Loja Er\u00f3tica N\u00ba1 em Portugal","description":"A melhor loja er\u00f3tica de Portugal.","alternateName":"Loja Er\u00f3tica Lovme","potentialAction":[{"@type":"SearchAction","target":{"@type":"EntryPoint","urlTemplate":"https:\/\/lovme.pt\/?s={search_term_string}"},"query-input":{"@type":"PropertyValueSpecification","valueRequired":true,"valueName":"search_term_string"}}],"inLanguage":"pt-PT"}]}},"_links":{"self":[{"href":"https:\/\/lovme.pt\/index.php\/wp-json\/wp\/v2\/product\/105939","targetHints":{"allow":["GET"]}}],"collection":[{"href":"https:\/\/lovme.pt\/index.php\/wp-json\/wp\/v2\/product"}],"about":[{"href":"https:\/\/lovme.pt\/index.php\/wp-json\/wp\/v2\/types\/product"}],"wp:featuredmedia":[{"embeddable":true,"href":"https:\/\/lovme.pt\/index.php\/wp-json\/wp\/v2\/media\/105940"}],"wp:attachment":[{"href":"https:\/\/lovme.pt\/index.php\/wp-json\/wp\/v2\/media?parent=105939"}],"wp:term":[{"taxonomy":"product_brand","embeddable":true,"href":"https:\/\/lovme.pt\/index.php\/wp-json\/wp\/v2\/product_brand?post=105939"},{"taxonomy":"product_cat","embeddable":true,"href":"https:\/\/lovme.pt\/index.php\/wp-json\/wp\/v2\/product_cat?post=105939"},{"taxonomy":"product_tag","embeddable":true,"href":"https:\/\/lovme.pt\/index.php\/wp-json\/wp\/v2\/product_tag?post=105939"}],"curies":[{"name":"wp","href":"https:\/\/api.w.org\/{rel}","templated":true}]}}