{"id":105935,"date":"2026-01-16T16:01:20","date_gmt":"2026-01-16T16:01:20","guid":{"rendered":"https:\/\/lovme.pt\/?post_type=product&p=105935"},"modified":"2026-02-19T20:03:57","modified_gmt":"2026-02-19T20:03:57","slug":"cobeco-fist-assist-butter-lubrificante-a-base-de-oleo-500-ml","status":"publish","type":"product","link":"https:\/\/lovme.pt\/index.php\/produto\/cobeco-fist-assist-butter-lubrificante-a-base-de-oleo-500-ml\/","title":{"rendered":"COBECO &#8211; FIST ASSIST BUTTER LUBRIFICANTE \u00c0 BASE DE \u00d3LEO 500 ML"},"content":{"rendered":"<p><strong>O Fist Assist<\/strong> fisting butter \u00e9 um lubrificante \u00e0 base de \u00f3leo que derrete em contato com a pele, oferecendo o deslizamento mais denso, suave e confort\u00e1vel de toda a linha. Sua textura rica e indulgente cria uma experi\u00eancia ultra suave, ideal para brincadeiras intensas e conex\u00e3o profunda. Desenvolvido para quem busca o m\u00e1ximo conforto e desempenho, proporciona um deslizamento cont\u00ednuo e controlado \u2014 como sexo em c\u00e2mera lenta em um pote.<\/p>\n<p> Ideal para sess\u00f5es prolongadas, esta manteiga n\u00e3o seca nem \u00e9 absorvida rapidamente, garantindo prote\u00e7\u00e3o, maciez e movimentos fluidos mesmo durante as brincadeiras mais intensas.<\/p>\n<p> <u><strong>CARACTER\u00cdSTICAS:<\/strong><\/u><\/p>\n<ul>\n<li> Textura ultramacia que proporciona o m\u00e1ximo conforto durante sess\u00f5es de alto impacto.<\/li>\n<li> F\u00f3rmula de longa dura\u00e7\u00e3o que n\u00e3o requer reaplica\u00e7\u00e3o frequente.<\/li>\n<li> Ideal para uso externo e movimentos com toda a m\u00e3o.<\/li>\n<li> Aquece e suaviza em contato com a pele, proporcionando um deslizar aveludado.<\/li>\n<li> Vegano, livre de crueldade animal e seguro para a pele.<\/li>\n<li> N\u00e3o compat\u00edvel com l\u00e1tex; adequado para materiais de nitrilo ou resistentes a \u00f3leo.<\/li>\n<li> Conte\u00fado: 500 ml<\/li>\n<li> <strong>Ingredientes<\/strong> : Petrolato, octildodecanol<\/li>\n<\/ul>\n<p> <strong>Como funciona?<\/strong><\/p>\n<p> Aquece e amolece ao entrar em contato com a pele, transformando-se em uma camada espessa, aveludada e extremamente deslizante. Sua f\u00f3rmula \u00e0 base de \u00f3leo foi desenvolvida para permanecer na superf\u00edcie sem ressecar ou ser absorvida rapidamente, proporcionando deslizamento cont\u00ednuo, prote\u00e7\u00e3o superior e m\u00e1ximo conforto mesmo durante sess\u00f5es intensas e prolongadas.<\/p>\n<p> <strong>Instru\u00e7\u00f5es de uso:<\/strong><\/p>\n<ol>\n<li> Aplique a quantidade desejada diretamente na pele ou nos brinquedos. Ideal para brincadeiras externas e fisting.<\/li>\n<li> N\u00e3o compat\u00edvel com l\u00e1tex. Use somente com luvas de nitrilo ou brinquedos feitos de materiais resistentes a \u00f3leo.<\/li>\n<\/ol>\n","protected":false},"excerpt":{"rendered":"<p>EMBALAGEM DISPON\u00cdVEL EM: \/en\/nl\/de\/fr\/es\/<\/p>\n","protected":false},"featured_media":105936,"template":"","meta":{"_acf_changed":false},"product_brand":[],"product_cat":[49,53,88,51],"product_tag":[],"class_list":{"0":"post-105935","1":"product","2":"type-product","3":"status-publish","4":"has-post-thumbnail","6":"product_cat-cosmeticos","7":"product_cat-lubrificantes-intimos","8":"product_cat-novidades","9":"product_cat-oleos-de-massagem","10":"yith_product_brand-cobeco-pharmacobeco-fist-assist","11":"yith_product_brand-cobeco-pharma","13":"first","14":"instock","15":"taxable","16":"shipping-taxable","17":"purchasable","18":"product-type-simple"},"acf":[],"yoast_head":"<!-- This site is optimized with the Yoast SEO plugin v27.4 - https:\/\/yoast.com\/product\/yoast-seo-wordpress\/ -->\n<title>COBECO - FIST ASSIST BUTTER LUBRIFICANTE \u00c0 BASE DE \u00d3LEO 500 ML - Lovme<\/title>\n<meta name=\"robots\" content=\"index, follow, max-snippet:-1, max-image-preview:large, max-video-preview:-1\" \/>\n<link rel=\"canonical\" href=\"https:\/\/lovme.pt\/index.php\/produto\/cobeco-fist-assist-butter-lubrificante-a-base-de-oleo-500-ml\/\" \/>\n<meta property=\"og:locale\" content=\"pt_PT\" \/>\n<meta property=\"og:type\" content=\"article\" \/>\n<meta property=\"og:title\" content=\"COBECO - FIST ASSIST BUTTER LUBRIFICANTE \u00c0 BASE DE \u00d3LEO 500 ML - Lovme\" \/>\n<meta property=\"og:description\" content=\"EMBALAGEM DISPON\u00cdVEL EM: \/en\/nl\/de\/fr\/es\/\" \/>\n<meta property=\"og:url\" content=\"https:\/\/lovme.pt\/index.php\/produto\/cobeco-fist-assist-butter-lubrificante-a-base-de-oleo-500-ml\/\" \/>\n<meta property=\"og:site_name\" content=\"Lovme\" \/>\n<meta property=\"article:modified_time\" content=\"2026-02-19T20:03:57+00:00\" \/>\n<meta property=\"og:image\" content=\"https:\/\/erki24nd3ub.exactdn.com\/wp-content\/uploads\/dream\/img\/img_218601_124658ed4b619a1c7cbf375701e6ad6a_1.jpg?strip=all\" \/>\n\t<meta property=\"og:image:width\" content=\"900\" \/>\n\t<meta property=\"og:image:height\" content=\"900\" \/>\n\t<meta property=\"og:image:type\" content=\"image\/jpeg\" \/>\n<meta name=\"twitter:card\" content=\"summary_large_image\" \/>\n<meta name=\"twitter:label1\" content=\"Tempo estimado de leitura\" \/>\n\t<meta name=\"twitter:data1\" content=\"1 minuto\" \/>\n<script type=\"application\/ld+json\" class=\"yoast-schema-graph\">{\"@context\":\"https:\\\/\\\/schema.org\",\"@graph\":[{\"@type\":\"WebPage\",\"@id\":\"https:\\\/\\\/lovme.pt\\\/index.php\\\/produto\\\/cobeco-fist-assist-butter-lubrificante-a-base-de-oleo-500-ml\\\/\",\"url\":\"https:\\\/\\\/lovme.pt\\\/index.php\\\/produto\\\/cobeco-fist-assist-butter-lubrificante-a-base-de-oleo-500-ml\\\/\",\"name\":\"COBECO - FIST ASSIST BUTTER LUBRIFICANTE \u00c0 BASE DE \u00d3LEO 500 ML - Lovme\",\"isPartOf\":{\"@id\":\"https:\\\/\\\/lovme.pt\\\/#website\"},\"primaryImageOfPage\":{\"@id\":\"https:\\\/\\\/lovme.pt\\\/index.php\\\/produto\\\/cobeco-fist-assist-butter-lubrificante-a-base-de-oleo-500-ml\\\/#primaryimage\"},\"image\":{\"@id\":\"https:\\\/\\\/lovme.pt\\\/index.php\\\/produto\\\/cobeco-fist-assist-butter-lubrificante-a-base-de-oleo-500-ml\\\/#primaryimage\"},\"thumbnailUrl\":\"https:\\\/\\\/erki24nd3ub.exactdn.com\\\/wp-content\\\/uploads\\\/dream\\\/img\\\/img_218601_124658ed4b619a1c7cbf375701e6ad6a_1.jpg?strip=all\",\"datePublished\":\"2026-01-16T16:01:20+00:00\",\"dateModified\":\"2026-02-19T20:03:57+00:00\",\"breadcrumb\":{\"@id\":\"https:\\\/\\\/lovme.pt\\\/index.php\\\/produto\\\/cobeco-fist-assist-butter-lubrificante-a-base-de-oleo-500-ml\\\/#breadcrumb\"},\"inLanguage\":\"pt-PT\",\"potentialAction\":[{\"@type\":\"ReadAction\",\"target\":[\"https:\\\/\\\/lovme.pt\\\/index.php\\\/produto\\\/cobeco-fist-assist-butter-lubrificante-a-base-de-oleo-500-ml\\\/\"]}]},{\"@type\":\"ImageObject\",\"inLanguage\":\"pt-PT\",\"@id\":\"https:\\\/\\\/lovme.pt\\\/index.php\\\/produto\\\/cobeco-fist-assist-butter-lubrificante-a-base-de-oleo-500-ml\\\/#primaryimage\",\"url\":\"https:\\\/\\\/erki24nd3ub.exactdn.com\\\/wp-content\\\/uploads\\\/dream\\\/img\\\/img_218601_124658ed4b619a1c7cbf375701e6ad6a_1.jpg?strip=all\",\"contentUrl\":\"https:\\\/\\\/erki24nd3ub.exactdn.com\\\/wp-content\\\/uploads\\\/dream\\\/img\\\/img_218601_124658ed4b619a1c7cbf375701e6ad6a_1.jpg?strip=all\",\"width\":900,\"height\":900},{\"@type\":\"BreadcrumbList\",\"@id\":\"https:\\\/\\\/lovme.pt\\\/index.php\\\/produto\\\/cobeco-fist-assist-butter-lubrificante-a-base-de-oleo-500-ml\\\/#breadcrumb\",\"itemListElement\":[{\"@type\":\"ListItem\",\"position\":1,\"name\":\"In\u00edcio\",\"item\":\"https:\\\/\\\/lovme.pt\\\/\"},{\"@type\":\"ListItem\",\"position\":2,\"name\":\"Loja\",\"item\":\"https:\\\/\\\/lovme.pt\\\/index.php\\\/loja\\\/\"},{\"@type\":\"ListItem\",\"position\":3,\"name\":\"COBECO &#8211; FIST ASSIST BUTTER LUBRIFICANTE \u00c0 BASE DE \u00d3LEO 500 ML\"}]},{\"@type\":\"WebSite\",\"@id\":\"https:\\\/\\\/lovme.pt\\\/#website\",\"url\":\"https:\\\/\\\/lovme.pt\\\/\",\"name\":\"Lovme Loja Er\u00f3tica N\u00ba1 em Portugal\",\"description\":\"A melhor loja er\u00f3tica de Portugal.\",\"alternateName\":\"Loja Er\u00f3tica Lovme\",\"potentialAction\":[{\"@type\":\"SearchAction\",\"target\":{\"@type\":\"EntryPoint\",\"urlTemplate\":\"https:\\\/\\\/lovme.pt\\\/?s={search_term_string}\"},\"query-input\":{\"@type\":\"PropertyValueSpecification\",\"valueRequired\":true,\"valueName\":\"search_term_string\"}}],\"inLanguage\":\"pt-PT\"}]}<\/script>\n<!-- \/ Yoast SEO plugin. -->","yoast_head_json":{"title":"COBECO - FIST ASSIST BUTTER LUBRIFICANTE \u00c0 BASE DE \u00d3LEO 500 ML - Lovme","robots":{"index":"index","follow":"follow","max-snippet":"max-snippet:-1","max-image-preview":"max-image-preview:large","max-video-preview":"max-video-preview:-1"},"canonical":"https:\/\/lovme.pt\/index.php\/produto\/cobeco-fist-assist-butter-lubrificante-a-base-de-oleo-500-ml\/","og_locale":"pt_PT","og_type":"article","og_title":"COBECO - FIST ASSIST BUTTER LUBRIFICANTE \u00c0 BASE DE \u00d3LEO 500 ML - Lovme","og_description":"EMBALAGEM DISPON\u00cdVEL EM: \/en\/nl\/de\/fr\/es\/","og_url":"https:\/\/lovme.pt\/index.php\/produto\/cobeco-fist-assist-butter-lubrificante-a-base-de-oleo-500-ml\/","og_site_name":"Lovme","article_modified_time":"2026-02-19T20:03:57+00:00","og_image":[{"width":900,"height":900,"url":"https:\/\/erki24nd3ub.exactdn.com\/wp-content\/uploads\/dream\/img\/img_218601_124658ed4b619a1c7cbf375701e6ad6a_1.jpg?strip=all","type":"image\/jpeg"}],"twitter_card":"summary_large_image","twitter_misc":{"Tempo estimado de leitura":"1 minuto"},"schema":{"@context":"https:\/\/schema.org","@graph":[{"@type":"WebPage","@id":"https:\/\/lovme.pt\/index.php\/produto\/cobeco-fist-assist-butter-lubrificante-a-base-de-oleo-500-ml\/","url":"https:\/\/lovme.pt\/index.php\/produto\/cobeco-fist-assist-butter-lubrificante-a-base-de-oleo-500-ml\/","name":"COBECO - FIST ASSIST BUTTER LUBRIFICANTE \u00c0 BASE DE \u00d3LEO 500 ML - Lovme","isPartOf":{"@id":"https:\/\/lovme.pt\/#website"},"primaryImageOfPage":{"@id":"https:\/\/lovme.pt\/index.php\/produto\/cobeco-fist-assist-butter-lubrificante-a-base-de-oleo-500-ml\/#primaryimage"},"image":{"@id":"https:\/\/lovme.pt\/index.php\/produto\/cobeco-fist-assist-butter-lubrificante-a-base-de-oleo-500-ml\/#primaryimage"},"thumbnailUrl":"https:\/\/erki24nd3ub.exactdn.com\/wp-content\/uploads\/dream\/img\/img_218601_124658ed4b619a1c7cbf375701e6ad6a_1.jpg?strip=all","datePublished":"2026-01-16T16:01:20+00:00","dateModified":"2026-02-19T20:03:57+00:00","breadcrumb":{"@id":"https:\/\/lovme.pt\/index.php\/produto\/cobeco-fist-assist-butter-lubrificante-a-base-de-oleo-500-ml\/#breadcrumb"},"inLanguage":"pt-PT","potentialAction":[{"@type":"ReadAction","target":["https:\/\/lovme.pt\/index.php\/produto\/cobeco-fist-assist-butter-lubrificante-a-base-de-oleo-500-ml\/"]}]},{"@type":"ImageObject","inLanguage":"pt-PT","@id":"https:\/\/lovme.pt\/index.php\/produto\/cobeco-fist-assist-butter-lubrificante-a-base-de-oleo-500-ml\/#primaryimage","url":"https:\/\/erki24nd3ub.exactdn.com\/wp-content\/uploads\/dream\/img\/img_218601_124658ed4b619a1c7cbf375701e6ad6a_1.jpg?strip=all","contentUrl":"https:\/\/erki24nd3ub.exactdn.com\/wp-content\/uploads\/dream\/img\/img_218601_124658ed4b619a1c7cbf375701e6ad6a_1.jpg?strip=all","width":900,"height":900},{"@type":"BreadcrumbList","@id":"https:\/\/lovme.pt\/index.php\/produto\/cobeco-fist-assist-butter-lubrificante-a-base-de-oleo-500-ml\/#breadcrumb","itemListElement":[{"@type":"ListItem","position":1,"name":"In\u00edcio","item":"https:\/\/lovme.pt\/"},{"@type":"ListItem","position":2,"name":"Loja","item":"https:\/\/lovme.pt\/index.php\/loja\/"},{"@type":"ListItem","position":3,"name":"COBECO &#8211; FIST ASSIST BUTTER LUBRIFICANTE \u00c0 BASE DE \u00d3LEO 500 ML"}]},{"@type":"WebSite","@id":"https:\/\/lovme.pt\/#website","url":"https:\/\/lovme.pt\/","name":"Lovme Loja Er\u00f3tica N\u00ba1 em Portugal","description":"A melhor loja er\u00f3tica de Portugal.","alternateName":"Loja Er\u00f3tica Lovme","potentialAction":[{"@type":"SearchAction","target":{"@type":"EntryPoint","urlTemplate":"https:\/\/lovme.pt\/?s={search_term_string}"},"query-input":{"@type":"PropertyValueSpecification","valueRequired":true,"valueName":"search_term_string"}}],"inLanguage":"pt-PT"}]}},"_links":{"self":[{"href":"https:\/\/lovme.pt\/index.php\/wp-json\/wp\/v2\/product\/105935","targetHints":{"allow":["GET"]}}],"collection":[{"href":"https:\/\/lovme.pt\/index.php\/wp-json\/wp\/v2\/product"}],"about":[{"href":"https:\/\/lovme.pt\/index.php\/wp-json\/wp\/v2\/types\/product"}],"wp:featuredmedia":[{"embeddable":true,"href":"https:\/\/lovme.pt\/index.php\/wp-json\/wp\/v2\/media\/105936"}],"wp:attachment":[{"href":"https:\/\/lovme.pt\/index.php\/wp-json\/wp\/v2\/media?parent=105935"}],"wp:term":[{"taxonomy":"product_brand","embeddable":true,"href":"https:\/\/lovme.pt\/index.php\/wp-json\/wp\/v2\/product_brand?post=105935"},{"taxonomy":"product_cat","embeddable":true,"href":"https:\/\/lovme.pt\/index.php\/wp-json\/wp\/v2\/product_cat?post=105935"},{"taxonomy":"product_tag","embeddable":true,"href":"https:\/\/lovme.pt\/index.php\/wp-json\/wp\/v2\/product_tag?post=105935"}],"curies":[{"name":"wp","href":"https:\/\/api.w.org\/{rel}","templated":true}]}}