{"id":105925,"date":"2026-01-15T14:05:25","date_gmt":"2026-01-15T14:05:25","guid":{"rendered":"https:\/\/lovme.pt\/?post_type=product&p=105925"},"modified":"2026-02-19T20:22:29","modified_gmt":"2026-02-19T20:22:29","slug":"xpower-volume-de-esperma-caps-60-cpsulas-2","status":"publish","type":"product","link":"https:\/\/lovme.pt\/index.php\/produto\/xpower-volume-de-esperma-caps-60-cpsulas-2\/","title":{"rendered":"XPOWER &#8211; VOLUME DE ESPERMA CAPS 60 CPSULAS"},"content":{"rendered":"<p>Sperm Volume Caps da nova linha XPOWER \u00e9 um suplemento alimentar natural desenvolvido para aumentar o volume do esperma e assim aumentar a intensidade dos orgasmos.<\/p>\n<p>Seus ingredientes naturais como o a\u00e7afr\u00e3o melhoram o movimento dos espermatoz\u00f3ides. Am\u00eandoa, astr\u00e1galo e maca aumentam o volume do esperma. Um maior volume de esperma intensifica seus orgasmos e aumenta o prazer sexual.<\/p>\n<p>Nossos Sperm Volume Caps aumentam a quantidade de esperma e, portanto, intensificam o prazer durante o orgasmo.<\/p>\n<ul>\n<li>Os Sperm Volume Caps da Labophyto ajudam a aumentar a quantidade de esperma.<\/li>\n<li>60 c\u00e1psulas<\/li>\n<\/ul>\n<p>Destaques<\/p>\n<ul>\n<li>Sperm Volume Caps s\u00e3o a solu\u00e7\u00e3o perfeita para homens que desejam aumentar o volume do esperma e experimentar um orgasmo mais intenso.<\/li>\n<li>Prunus Amygdalus aumenta o volume do esperma<\/li>\n<li>Tribulus ajuda a aumentar os n\u00edveis de testosterona.<\/li>\n<li>O a\u00e7afr\u00e3o estimula a capacidade dos espermatozoides de se moverem espontaneamente<\/li>\n<\/ul>\n<p>Dire\u00e7\u00e3o para uso:<\/p>\n<ul>\n<li>2 c\u00e1psulas por dia com um copo grande de \u00e1gua<\/li>\n<\/ul>\n<p>Suplemento alimentar. N\u00e3o pode ser substitu\u00eddo por uma alimenta\u00e7\u00e3o variada e equilibrada. Para ser tomado como parte de um estilo de vida saud\u00e1vel. Mantenha fora do alcance de crian\u00e7as. N\u00e3o exceda a dose di\u00e1ria recomendada. Produto exclusivo para homens adultos. N\u00e3o recomendado para crian\u00e7as, adolescentes, mulheres gr\u00e1vidas ou lactantes, mulheres com hist\u00f3rico pessoal ou familiar de c\u00e2ncer de mama e pessoas em terapia anti-hipertensiva, antidiab\u00e9tica ou antidepressiva.<\/p>\n","protected":false},"excerpt":{"rendered":"<p>XPOWER &#8211; VOLUME DE ESPERMA CAPS 60 CPSULAS<\/p>\n","protected":false},"featured_media":105926,"template":"","meta":{"_acf_changed":false},"product_brand":[],"product_cat":[49,52,70],"product_tag":[],"class_list":{"0":"post-105925","1":"product","2":"type-product","3":"status-publish","4":"has-post-thumbnail","6":"product_cat-cosmeticos","7":"product_cat-estimulantes","8":"product_cat-saude","9":"yith_product_brand-labophyto","10":"yith_product_brand-labophytoxpower","12":"first","13":"instock","14":"taxable","15":"shipping-taxable","16":"purchasable","17":"product-type-simple"},"acf":[],"yoast_head":"<!-- This site is optimized with the Yoast SEO plugin v27.4 - https:\/\/yoast.com\/product\/yoast-seo-wordpress\/ -->\n<title>XPOWER - VOLUME DE ESPERMA CAPS 60 CPSULAS - Lovme<\/title>\n<meta name=\"robots\" content=\"index, follow, max-snippet:-1, max-image-preview:large, max-video-preview:-1\" \/>\n<link rel=\"canonical\" href=\"https:\/\/lovme.pt\/index.php\/produto\/xpower-volume-de-esperma-caps-60-cpsulas-2\/\" \/>\n<meta property=\"og:locale\" content=\"pt_PT\" \/>\n<meta property=\"og:type\" content=\"article\" \/>\n<meta property=\"og:title\" content=\"XPOWER - VOLUME DE ESPERMA CAPS 60 CPSULAS - Lovme\" \/>\n<meta property=\"og:description\" content=\"XPOWER - VOLUME DE ESPERMA CAPS 60 CPSULAS\" \/>\n<meta property=\"og:url\" content=\"https:\/\/lovme.pt\/index.php\/produto\/xpower-volume-de-esperma-caps-60-cpsulas-2\/\" \/>\n<meta property=\"og:site_name\" content=\"Lovme\" \/>\n<meta property=\"article:modified_time\" content=\"2026-02-19T20:22:29+00:00\" \/>\n<meta property=\"og:image\" content=\"https:\/\/erki24nd3ub.exactdn.com\/wp-content\/uploads\/dream\/img\/img_217319_684c114f3b90bc5500051e8e1d55934b_1.jpg?strip=all\" \/>\n\t<meta property=\"og:image:width\" content=\"900\" \/>\n\t<meta property=\"og:image:height\" content=\"900\" \/>\n\t<meta property=\"og:image:type\" content=\"image\/jpeg\" \/>\n<meta name=\"twitter:card\" content=\"summary_large_image\" \/>\n<meta name=\"twitter:label1\" content=\"Tempo estimado de leitura\" \/>\n\t<meta name=\"twitter:data1\" content=\"1 minuto\" \/>\n<script type=\"application\/ld+json\" class=\"yoast-schema-graph\">{\"@context\":\"https:\\\/\\\/schema.org\",\"@graph\":[{\"@type\":\"WebPage\",\"@id\":\"https:\\\/\\\/lovme.pt\\\/index.php\\\/produto\\\/xpower-volume-de-esperma-caps-60-cpsulas-2\\\/\",\"url\":\"https:\\\/\\\/lovme.pt\\\/index.php\\\/produto\\\/xpower-volume-de-esperma-caps-60-cpsulas-2\\\/\",\"name\":\"XPOWER - VOLUME DE ESPERMA CAPS 60 CPSULAS - Lovme\",\"isPartOf\":{\"@id\":\"https:\\\/\\\/lovme.pt\\\/#website\"},\"primaryImageOfPage\":{\"@id\":\"https:\\\/\\\/lovme.pt\\\/index.php\\\/produto\\\/xpower-volume-de-esperma-caps-60-cpsulas-2\\\/#primaryimage\"},\"image\":{\"@id\":\"https:\\\/\\\/lovme.pt\\\/index.php\\\/produto\\\/xpower-volume-de-esperma-caps-60-cpsulas-2\\\/#primaryimage\"},\"thumbnailUrl\":\"https:\\\/\\\/erki24nd3ub.exactdn.com\\\/wp-content\\\/uploads\\\/dream\\\/img\\\/img_217319_684c114f3b90bc5500051e8e1d55934b_1.jpg?strip=all\",\"datePublished\":\"2026-01-15T14:05:25+00:00\",\"dateModified\":\"2026-02-19T20:22:29+00:00\",\"breadcrumb\":{\"@id\":\"https:\\\/\\\/lovme.pt\\\/index.php\\\/produto\\\/xpower-volume-de-esperma-caps-60-cpsulas-2\\\/#breadcrumb\"},\"inLanguage\":\"pt-PT\",\"potentialAction\":[{\"@type\":\"ReadAction\",\"target\":[\"https:\\\/\\\/lovme.pt\\\/index.php\\\/produto\\\/xpower-volume-de-esperma-caps-60-cpsulas-2\\\/\"]}]},{\"@type\":\"ImageObject\",\"inLanguage\":\"pt-PT\",\"@id\":\"https:\\\/\\\/lovme.pt\\\/index.php\\\/produto\\\/xpower-volume-de-esperma-caps-60-cpsulas-2\\\/#primaryimage\",\"url\":\"https:\\\/\\\/erki24nd3ub.exactdn.com\\\/wp-content\\\/uploads\\\/dream\\\/img\\\/img_217319_684c114f3b90bc5500051e8e1d55934b_1.jpg?strip=all\",\"contentUrl\":\"https:\\\/\\\/erki24nd3ub.exactdn.com\\\/wp-content\\\/uploads\\\/dream\\\/img\\\/img_217319_684c114f3b90bc5500051e8e1d55934b_1.jpg?strip=all\",\"width\":900,\"height\":900},{\"@type\":\"BreadcrumbList\",\"@id\":\"https:\\\/\\\/lovme.pt\\\/index.php\\\/produto\\\/xpower-volume-de-esperma-caps-60-cpsulas-2\\\/#breadcrumb\",\"itemListElement\":[{\"@type\":\"ListItem\",\"position\":1,\"name\":\"In\u00edcio\",\"item\":\"https:\\\/\\\/lovme.pt\\\/\"},{\"@type\":\"ListItem\",\"position\":2,\"name\":\"Loja\",\"item\":\"https:\\\/\\\/lovme.pt\\\/index.php\\\/loja\\\/\"},{\"@type\":\"ListItem\",\"position\":3,\"name\":\"XPOWER &#8211; VOLUME DE ESPERMA CAPS 60 CPSULAS\"}]},{\"@type\":\"WebSite\",\"@id\":\"https:\\\/\\\/lovme.pt\\\/#website\",\"url\":\"https:\\\/\\\/lovme.pt\\\/\",\"name\":\"Lovme Loja Er\u00f3tica N\u00ba1 em Portugal\",\"description\":\"A melhor loja er\u00f3tica de Portugal.\",\"alternateName\":\"Loja Er\u00f3tica Lovme\",\"potentialAction\":[{\"@type\":\"SearchAction\",\"target\":{\"@type\":\"EntryPoint\",\"urlTemplate\":\"https:\\\/\\\/lovme.pt\\\/?s={search_term_string}\"},\"query-input\":{\"@type\":\"PropertyValueSpecification\",\"valueRequired\":true,\"valueName\":\"search_term_string\"}}],\"inLanguage\":\"pt-PT\"}]}<\/script>\n<!-- \/ Yoast SEO plugin. -->","yoast_head_json":{"title":"XPOWER - VOLUME DE ESPERMA CAPS 60 CPSULAS - Lovme","robots":{"index":"index","follow":"follow","max-snippet":"max-snippet:-1","max-image-preview":"max-image-preview:large","max-video-preview":"max-video-preview:-1"},"canonical":"https:\/\/lovme.pt\/index.php\/produto\/xpower-volume-de-esperma-caps-60-cpsulas-2\/","og_locale":"pt_PT","og_type":"article","og_title":"XPOWER - VOLUME DE ESPERMA CAPS 60 CPSULAS - Lovme","og_description":"XPOWER - VOLUME DE ESPERMA CAPS 60 CPSULAS","og_url":"https:\/\/lovme.pt\/index.php\/produto\/xpower-volume-de-esperma-caps-60-cpsulas-2\/","og_site_name":"Lovme","article_modified_time":"2026-02-19T20:22:29+00:00","og_image":[{"width":900,"height":900,"url":"https:\/\/erki24nd3ub.exactdn.com\/wp-content\/uploads\/dream\/img\/img_217319_684c114f3b90bc5500051e8e1d55934b_1.jpg?strip=all","type":"image\/jpeg"}],"twitter_card":"summary_large_image","twitter_misc":{"Tempo estimado de leitura":"1 minuto"},"schema":{"@context":"https:\/\/schema.org","@graph":[{"@type":"WebPage","@id":"https:\/\/lovme.pt\/index.php\/produto\/xpower-volume-de-esperma-caps-60-cpsulas-2\/","url":"https:\/\/lovme.pt\/index.php\/produto\/xpower-volume-de-esperma-caps-60-cpsulas-2\/","name":"XPOWER - VOLUME DE ESPERMA CAPS 60 CPSULAS - Lovme","isPartOf":{"@id":"https:\/\/lovme.pt\/#website"},"primaryImageOfPage":{"@id":"https:\/\/lovme.pt\/index.php\/produto\/xpower-volume-de-esperma-caps-60-cpsulas-2\/#primaryimage"},"image":{"@id":"https:\/\/lovme.pt\/index.php\/produto\/xpower-volume-de-esperma-caps-60-cpsulas-2\/#primaryimage"},"thumbnailUrl":"https:\/\/erki24nd3ub.exactdn.com\/wp-content\/uploads\/dream\/img\/img_217319_684c114f3b90bc5500051e8e1d55934b_1.jpg?strip=all","datePublished":"2026-01-15T14:05:25+00:00","dateModified":"2026-02-19T20:22:29+00:00","breadcrumb":{"@id":"https:\/\/lovme.pt\/index.php\/produto\/xpower-volume-de-esperma-caps-60-cpsulas-2\/#breadcrumb"},"inLanguage":"pt-PT","potentialAction":[{"@type":"ReadAction","target":["https:\/\/lovme.pt\/index.php\/produto\/xpower-volume-de-esperma-caps-60-cpsulas-2\/"]}]},{"@type":"ImageObject","inLanguage":"pt-PT","@id":"https:\/\/lovme.pt\/index.php\/produto\/xpower-volume-de-esperma-caps-60-cpsulas-2\/#primaryimage","url":"https:\/\/erki24nd3ub.exactdn.com\/wp-content\/uploads\/dream\/img\/img_217319_684c114f3b90bc5500051e8e1d55934b_1.jpg?strip=all","contentUrl":"https:\/\/erki24nd3ub.exactdn.com\/wp-content\/uploads\/dream\/img\/img_217319_684c114f3b90bc5500051e8e1d55934b_1.jpg?strip=all","width":900,"height":900},{"@type":"BreadcrumbList","@id":"https:\/\/lovme.pt\/index.php\/produto\/xpower-volume-de-esperma-caps-60-cpsulas-2\/#breadcrumb","itemListElement":[{"@type":"ListItem","position":1,"name":"In\u00edcio","item":"https:\/\/lovme.pt\/"},{"@type":"ListItem","position":2,"name":"Loja","item":"https:\/\/lovme.pt\/index.php\/loja\/"},{"@type":"ListItem","position":3,"name":"XPOWER &#8211; VOLUME DE ESPERMA CAPS 60 CPSULAS"}]},{"@type":"WebSite","@id":"https:\/\/lovme.pt\/#website","url":"https:\/\/lovme.pt\/","name":"Lovme Loja Er\u00f3tica N\u00ba1 em Portugal","description":"A melhor loja er\u00f3tica de Portugal.","alternateName":"Loja Er\u00f3tica Lovme","potentialAction":[{"@type":"SearchAction","target":{"@type":"EntryPoint","urlTemplate":"https:\/\/lovme.pt\/?s={search_term_string}"},"query-input":{"@type":"PropertyValueSpecification","valueRequired":true,"valueName":"search_term_string"}}],"inLanguage":"pt-PT"}]}},"_links":{"self":[{"href":"https:\/\/lovme.pt\/index.php\/wp-json\/wp\/v2\/product\/105925","targetHints":{"allow":["GET"]}}],"collection":[{"href":"https:\/\/lovme.pt\/index.php\/wp-json\/wp\/v2\/product"}],"about":[{"href":"https:\/\/lovme.pt\/index.php\/wp-json\/wp\/v2\/types\/product"}],"wp:featuredmedia":[{"embeddable":true,"href":"https:\/\/lovme.pt\/index.php\/wp-json\/wp\/v2\/media\/105926"}],"wp:attachment":[{"href":"https:\/\/lovme.pt\/index.php\/wp-json\/wp\/v2\/media?parent=105925"}],"wp:term":[{"taxonomy":"product_brand","embeddable":true,"href":"https:\/\/lovme.pt\/index.php\/wp-json\/wp\/v2\/product_brand?post=105925"},{"taxonomy":"product_cat","embeddable":true,"href":"https:\/\/lovme.pt\/index.php\/wp-json\/wp\/v2\/product_cat?post=105925"},{"taxonomy":"product_tag","embeddable":true,"href":"https:\/\/lovme.pt\/index.php\/wp-json\/wp\/v2\/product_tag?post=105925"}],"curies":[{"name":"wp","href":"https:\/\/api.w.org\/{rel}","templated":true}]}}