{"id":105678,"date":"2026-01-08T18:01:27","date_gmt":"2026-01-08T18:01:27","guid":{"rendered":"https:\/\/lovme.pt\/?post_type=product&p=105678"},"modified":"2026-02-19T20:00:59","modified_gmt":"2026-02-19T20:00:59","slug":"intense-dolls-boneca-inflavel-anthony-com-penis-3d","status":"publish","type":"product","link":"https:\/\/lovme.pt\/index.php\/produto\/intense-dolls-boneca-inflavel-anthony-com-penis-3d\/","title":{"rendered":"INTENSE DOLLS &#8211; BONECA INFL\u00c1VEL ANTHONY COM P\u00caNIS 3D"},"content":{"rendered":"<p>Descubra uma nova forma de se divertir com <strong>Anthony<\/strong> , o boneco infl\u00e1vel masculino da Intense Dolls, projetado para oferecer uma experi\u00eancia sensual, realista e prazerosa. Com um corpo anat\u00f4mico e um grande p\u00eanis 3D, este boneco \u00e9 o companheiro ideal para explorar suas fantasias com total liberdade e conforto.<\/p>\n<p>Fabricado em PVC de alta qualidade, <strong>o Anthony<\/strong> oferece um material flex\u00edvel, dur\u00e1vel e macio ao toque, que se adapta perfeitamente ao corpo e proporciona uma sensa\u00e7\u00e3o agrad\u00e1vel durante o uso. Seu design leve e f\u00e1cil de inflar permite que voc\u00ea o prepare em minutos e aproveite a qualquer hora e em qualquer lugar.<\/p>\n<p>A principal caracter\u00edstica desta boneca \u00e9 o seu p\u00eanis impresso em 3D, projetado com volume realista para proporcionar uma sensa\u00e7\u00e3o visual e t\u00e1til mais intensa. Al\u00e9m disso, seu rosto impresso em 3D adiciona um toque mais humano e natural, tornando <strong>Anthony<\/strong> uma figura mais aut\u00eantica e expressiva.<\/p>\n<p>\u00a0<\/p>\n<p>Com aproximadamente 1,45 metros de altura, seu tamanho \u00e9 ideal para uma experi\u00eancia confort\u00e1vel e pr\u00e1tica. \u00c9 resistente \u00e0 \u00e1gua, podendo ser usado no chuveiro ou na banheira, e sua superf\u00edcie f\u00e1cil de limpar permite mant\u00ea-lo em perfeitas condi\u00e7\u00f5es o tempo todo.<\/p>\n<p><u><strong>CARACTER\u00cdSTICAS<\/strong><\/u> :<\/p>\n<ul>\n<li>Manequim masculino infl\u00e1vel com design anat\u00f4mico<\/li>\n<li>P\u00eanis grande em 3D<\/li>\n<li>Rosto impresso em 3D com detalhes expressivos<\/li>\n<li>Feito de PVC flex\u00edvel e dur\u00e1vel.<\/li>\n<li>Material seguro, dur\u00e1vel e agrad\u00e1vel ao toque.<\/li>\n<li>Dimens\u00f5es: 1,45 m<\/li>\n<li>Leve e f\u00e1cil de inflar.<\/li>\n<li>Resistente \u00e0 \u00e1gua e f\u00e1cil de esvaziar.<\/li>\n<li>limpar<\/li>\n<\/ul>\n<p><strong>A INTENSE<\/strong> \u00e9 uma marca especializada em brinquedos er\u00f3ticos modernos, concebidos para oferecer prazer com estilo, inova\u00e7\u00e3o e seguran\u00e7a. Os seus produtos destacam-se pela utiliza\u00e7\u00e3o de materiais de alta qualidade, como silicone supermacio e livre de ftalatos, sempre com o cuidado do corpo em mente. Com designs ergon\u00f4micos, motores potentes e recarreg\u00e1veis e fun\u00e7\u00f5es vers\u00e1teis, combina tecnologia, conforto e sensualidade em cada cria\u00e7\u00e3o.<\/p>\n","protected":false},"excerpt":{"rendered":"<p>INTENSE DOLLS &#8211; BONECA INFL\u00c1VEL ANTHONY COM P\u00caNIS 3D<\/p>\n","protected":false},"featured_media":105683,"template":"","meta":{"_acf_changed":false},"product_brand":[],"product_cat":[17,15,88],"product_tag":[],"class_list":{"0":"post-105678","1":"product","2":"type-product","3":"status-publish","4":"has-post-thumbnail","6":"product_cat-brinquedos-de-bem-estar-sexual","7":"product_cat-loja","8":"product_cat-novidades","9":"yith_product_brand-intense","10":"yith_product_brand-intenseintense-toysintense-dolls","11":"yith_product_brand-intenseintense-toys","13":"first","14":"instock","15":"taxable","16":"shipping-taxable","17":"purchasable","18":"product-type-simple"},"acf":[],"yoast_head":"<!-- This site is optimized with the Yoast SEO plugin v27.4 - https:\/\/yoast.com\/product\/yoast-seo-wordpress\/ -->\n<title>INTENSE DOLLS - BONECA INFL\u00c1VEL ANTHONY COM P\u00caNIS 3D - Lovme<\/title>\n<meta name=\"robots\" content=\"index, follow, max-snippet:-1, max-image-preview:large, max-video-preview:-1\" \/>\n<link rel=\"canonical\" href=\"https:\/\/lovme.pt\/index.php\/produto\/intense-dolls-boneca-inflavel-anthony-com-penis-3d\/\" \/>\n<meta property=\"og:locale\" content=\"pt_PT\" \/>\n<meta property=\"og:type\" content=\"article\" \/>\n<meta property=\"og:title\" content=\"INTENSE DOLLS - BONECA INFL\u00c1VEL ANTHONY COM P\u00caNIS 3D - Lovme\" \/>\n<meta property=\"og:description\" content=\"INTENSE DOLLS - BONECA INFL\u00c1VEL ANTHONY COM P\u00caNIS 3D\" \/>\n<meta property=\"og:url\" content=\"https:\/\/lovme.pt\/index.php\/produto\/intense-dolls-boneca-inflavel-anthony-com-penis-3d\/\" \/>\n<meta property=\"og:site_name\" content=\"Lovme\" \/>\n<meta property=\"article:modified_time\" content=\"2026-02-19T20:00:59+00:00\" \/>\n<meta property=\"og:image\" content=\"https:\/\/erki24nd3ub.exactdn.com\/wp-content\/uploads\/dream\/img\/img_218142_36cb7cc623f81e93705188d50cecfe61_1.png?strip=all\" \/>\n\t<meta property=\"og:image:width\" content=\"900\" \/>\n\t<meta property=\"og:image:height\" content=\"900\" \/>\n\t<meta property=\"og:image:type\" content=\"image\/png\" \/>\n<meta name=\"twitter:card\" content=\"summary_large_image\" \/>\n<meta name=\"twitter:label1\" content=\"Tempo estimado de leitura\" \/>\n\t<meta name=\"twitter:data1\" content=\"2 minutos\" \/>\n<script type=\"application\/ld+json\" class=\"yoast-schema-graph\">{\"@context\":\"https:\\\/\\\/schema.org\",\"@graph\":[{\"@type\":\"WebPage\",\"@id\":\"https:\\\/\\\/lovme.pt\\\/index.php\\\/produto\\\/intense-dolls-boneca-inflavel-anthony-com-penis-3d\\\/\",\"url\":\"https:\\\/\\\/lovme.pt\\\/index.php\\\/produto\\\/intense-dolls-boneca-inflavel-anthony-com-penis-3d\\\/\",\"name\":\"INTENSE DOLLS - BONECA INFL\u00c1VEL ANTHONY COM P\u00caNIS 3D - Lovme\",\"isPartOf\":{\"@id\":\"https:\\\/\\\/lovme.pt\\\/#website\"},\"primaryImageOfPage\":{\"@id\":\"https:\\\/\\\/lovme.pt\\\/index.php\\\/produto\\\/intense-dolls-boneca-inflavel-anthony-com-penis-3d\\\/#primaryimage\"},\"image\":{\"@id\":\"https:\\\/\\\/lovme.pt\\\/index.php\\\/produto\\\/intense-dolls-boneca-inflavel-anthony-com-penis-3d\\\/#primaryimage\"},\"thumbnailUrl\":\"https:\\\/\\\/erki24nd3ub.exactdn.com\\\/wp-content\\\/uploads\\\/dream\\\/img\\\/img_218142_36cb7cc623f81e93705188d50cecfe61_1.png?strip=all\",\"datePublished\":\"2026-01-08T18:01:27+00:00\",\"dateModified\":\"2026-02-19T20:00:59+00:00\",\"breadcrumb\":{\"@id\":\"https:\\\/\\\/lovme.pt\\\/index.php\\\/produto\\\/intense-dolls-boneca-inflavel-anthony-com-penis-3d\\\/#breadcrumb\"},\"inLanguage\":\"pt-PT\",\"potentialAction\":[{\"@type\":\"ReadAction\",\"target\":[\"https:\\\/\\\/lovme.pt\\\/index.php\\\/produto\\\/intense-dolls-boneca-inflavel-anthony-com-penis-3d\\\/\"]}]},{\"@type\":\"ImageObject\",\"inLanguage\":\"pt-PT\",\"@id\":\"https:\\\/\\\/lovme.pt\\\/index.php\\\/produto\\\/intense-dolls-boneca-inflavel-anthony-com-penis-3d\\\/#primaryimage\",\"url\":\"https:\\\/\\\/erki24nd3ub.exactdn.com\\\/wp-content\\\/uploads\\\/dream\\\/img\\\/img_218142_36cb7cc623f81e93705188d50cecfe61_1.png?strip=all\",\"contentUrl\":\"https:\\\/\\\/erki24nd3ub.exactdn.com\\\/wp-content\\\/uploads\\\/dream\\\/img\\\/img_218142_36cb7cc623f81e93705188d50cecfe61_1.png?strip=all\",\"width\":900,\"height\":900},{\"@type\":\"BreadcrumbList\",\"@id\":\"https:\\\/\\\/lovme.pt\\\/index.php\\\/produto\\\/intense-dolls-boneca-inflavel-anthony-com-penis-3d\\\/#breadcrumb\",\"itemListElement\":[{\"@type\":\"ListItem\",\"position\":1,\"name\":\"In\u00edcio\",\"item\":\"https:\\\/\\\/lovme.pt\\\/\"},{\"@type\":\"ListItem\",\"position\":2,\"name\":\"Loja\",\"item\":\"https:\\\/\\\/lovme.pt\\\/index.php\\\/loja\\\/\"},{\"@type\":\"ListItem\",\"position\":3,\"name\":\"INTENSE DOLLS &#8211; BONECA INFL\u00c1VEL ANTHONY COM P\u00caNIS 3D\"}]},{\"@type\":\"WebSite\",\"@id\":\"https:\\\/\\\/lovme.pt\\\/#website\",\"url\":\"https:\\\/\\\/lovme.pt\\\/\",\"name\":\"Lovme Loja Er\u00f3tica N\u00ba1 em Portugal\",\"description\":\"A melhor loja er\u00f3tica de Portugal.\",\"alternateName\":\"Loja Er\u00f3tica Lovme\",\"potentialAction\":[{\"@type\":\"SearchAction\",\"target\":{\"@type\":\"EntryPoint\",\"urlTemplate\":\"https:\\\/\\\/lovme.pt\\\/?s={search_term_string}\"},\"query-input\":{\"@type\":\"PropertyValueSpecification\",\"valueRequired\":true,\"valueName\":\"search_term_string\"}}],\"inLanguage\":\"pt-PT\"}]}<\/script>\n<!-- \/ Yoast SEO plugin. -->","yoast_head_json":{"title":"INTENSE DOLLS - BONECA INFL\u00c1VEL ANTHONY COM P\u00caNIS 3D - Lovme","robots":{"index":"index","follow":"follow","max-snippet":"max-snippet:-1","max-image-preview":"max-image-preview:large","max-video-preview":"max-video-preview:-1"},"canonical":"https:\/\/lovme.pt\/index.php\/produto\/intense-dolls-boneca-inflavel-anthony-com-penis-3d\/","og_locale":"pt_PT","og_type":"article","og_title":"INTENSE DOLLS - BONECA INFL\u00c1VEL ANTHONY COM P\u00caNIS 3D - Lovme","og_description":"INTENSE DOLLS - BONECA INFL\u00c1VEL ANTHONY COM P\u00caNIS 3D","og_url":"https:\/\/lovme.pt\/index.php\/produto\/intense-dolls-boneca-inflavel-anthony-com-penis-3d\/","og_site_name":"Lovme","article_modified_time":"2026-02-19T20:00:59+00:00","og_image":[{"width":900,"height":900,"url":"https:\/\/erki24nd3ub.exactdn.com\/wp-content\/uploads\/dream\/img\/img_218142_36cb7cc623f81e93705188d50cecfe61_1.png?strip=all","type":"image\/png"}],"twitter_card":"summary_large_image","twitter_misc":{"Tempo estimado de leitura":"2 minutos"},"schema":{"@context":"https:\/\/schema.org","@graph":[{"@type":"WebPage","@id":"https:\/\/lovme.pt\/index.php\/produto\/intense-dolls-boneca-inflavel-anthony-com-penis-3d\/","url":"https:\/\/lovme.pt\/index.php\/produto\/intense-dolls-boneca-inflavel-anthony-com-penis-3d\/","name":"INTENSE DOLLS - BONECA INFL\u00c1VEL ANTHONY COM P\u00caNIS 3D - Lovme","isPartOf":{"@id":"https:\/\/lovme.pt\/#website"},"primaryImageOfPage":{"@id":"https:\/\/lovme.pt\/index.php\/produto\/intense-dolls-boneca-inflavel-anthony-com-penis-3d\/#primaryimage"},"image":{"@id":"https:\/\/lovme.pt\/index.php\/produto\/intense-dolls-boneca-inflavel-anthony-com-penis-3d\/#primaryimage"},"thumbnailUrl":"https:\/\/erki24nd3ub.exactdn.com\/wp-content\/uploads\/dream\/img\/img_218142_36cb7cc623f81e93705188d50cecfe61_1.png?strip=all","datePublished":"2026-01-08T18:01:27+00:00","dateModified":"2026-02-19T20:00:59+00:00","breadcrumb":{"@id":"https:\/\/lovme.pt\/index.php\/produto\/intense-dolls-boneca-inflavel-anthony-com-penis-3d\/#breadcrumb"},"inLanguage":"pt-PT","potentialAction":[{"@type":"ReadAction","target":["https:\/\/lovme.pt\/index.php\/produto\/intense-dolls-boneca-inflavel-anthony-com-penis-3d\/"]}]},{"@type":"ImageObject","inLanguage":"pt-PT","@id":"https:\/\/lovme.pt\/index.php\/produto\/intense-dolls-boneca-inflavel-anthony-com-penis-3d\/#primaryimage","url":"https:\/\/erki24nd3ub.exactdn.com\/wp-content\/uploads\/dream\/img\/img_218142_36cb7cc623f81e93705188d50cecfe61_1.png?strip=all","contentUrl":"https:\/\/erki24nd3ub.exactdn.com\/wp-content\/uploads\/dream\/img\/img_218142_36cb7cc623f81e93705188d50cecfe61_1.png?strip=all","width":900,"height":900},{"@type":"BreadcrumbList","@id":"https:\/\/lovme.pt\/index.php\/produto\/intense-dolls-boneca-inflavel-anthony-com-penis-3d\/#breadcrumb","itemListElement":[{"@type":"ListItem","position":1,"name":"In\u00edcio","item":"https:\/\/lovme.pt\/"},{"@type":"ListItem","position":2,"name":"Loja","item":"https:\/\/lovme.pt\/index.php\/loja\/"},{"@type":"ListItem","position":3,"name":"INTENSE DOLLS &#8211; BONECA INFL\u00c1VEL ANTHONY COM P\u00caNIS 3D"}]},{"@type":"WebSite","@id":"https:\/\/lovme.pt\/#website","url":"https:\/\/lovme.pt\/","name":"Lovme Loja Er\u00f3tica N\u00ba1 em Portugal","description":"A melhor loja er\u00f3tica de Portugal.","alternateName":"Loja Er\u00f3tica Lovme","potentialAction":[{"@type":"SearchAction","target":{"@type":"EntryPoint","urlTemplate":"https:\/\/lovme.pt\/?s={search_term_string}"},"query-input":{"@type":"PropertyValueSpecification","valueRequired":true,"valueName":"search_term_string"}}],"inLanguage":"pt-PT"}]}},"_links":{"self":[{"href":"https:\/\/lovme.pt\/index.php\/wp-json\/wp\/v2\/product\/105678","targetHints":{"allow":["GET"]}}],"collection":[{"href":"https:\/\/lovme.pt\/index.php\/wp-json\/wp\/v2\/product"}],"about":[{"href":"https:\/\/lovme.pt\/index.php\/wp-json\/wp\/v2\/types\/product"}],"wp:featuredmedia":[{"embeddable":true,"href":"https:\/\/lovme.pt\/index.php\/wp-json\/wp\/v2\/media\/105683"}],"wp:attachment":[{"href":"https:\/\/lovme.pt\/index.php\/wp-json\/wp\/v2\/media?parent=105678"}],"wp:term":[{"taxonomy":"product_brand","embeddable":true,"href":"https:\/\/lovme.pt\/index.php\/wp-json\/wp\/v2\/product_brand?post=105678"},{"taxonomy":"product_cat","embeddable":true,"href":"https:\/\/lovme.pt\/index.php\/wp-json\/wp\/v2\/product_cat?post=105678"},{"taxonomy":"product_tag","embeddable":true,"href":"https:\/\/lovme.pt\/index.php\/wp-json\/wp\/v2\/product_tag?post=105678"}],"curies":[{"name":"wp","href":"https:\/\/api.w.org\/{rel}","templated":true}]}}