{"id":105012,"date":"2025-12-12T22:45:58","date_gmt":"2025-12-12T22:45:58","guid":{"rendered":"https:\/\/lovme.pt\/?post_type=product&#038;p=105012"},"modified":"2026-02-19T20:22:30","modified_gmt":"2026-02-19T20:22:30","slug":"cobeco-coolman-cum-enhancer-30cap-2","status":"publish","type":"product","link":"https:\/\/lovme.pt\/index.php\/produto\/cobeco-coolman-cum-enhancer-30cap-2\/","title":{"rendered":"COBECO &#8211; COOLMAN CUM ENHANCER 30 CAP"},"content":{"rendered":"<p>O suplemento <strong>CoolMann Cum Enhancer<\/strong> pode ajudar a melhorar a qualidade e a produ\u00e7\u00e3o de s\u00eamen gra\u00e7as aos seus ingredientes, zinco e sel\u00eanio. Essas c\u00e1psulas, feitas com ingredientes naturais, auxiliam na fertilidade masculina, na fun\u00e7\u00e3o dos \u00f3rg\u00e3os e no bem-estar f\u00edsico geral. O CoolMann Cum Enhancer pode ajudar a manter a qualidade do esperma.<\/p>\n<ul>\n<li> Ajuda a melhorar a qualidade do esperma.<\/li>\n<li> O sel\u00eanio contribui para a espermatog\u00eanese normal*<\/li>\n<li> O zinco ajuda a manter os n\u00edveis normais de testosterona no sangue.<\/li>\n<li> A vitamina B12 \u00e9 importante para o metabolismo energ\u00e9tico.<\/li>\n<\/ul>\n<p> \u00c9 uma prepara\u00e7\u00e3o \u00e0 base de ervas, vitaminas, minerais e amino\u00e1cidos. Um suplemento alimentar n\u00e3o deve ser utilizado como substituto de uma alimenta\u00e7\u00e3o variada e equilibrada e de um estilo de vida saud\u00e1vel. Manter fora do alcance das crian\u00e7as. Conservar em local seco e \u00e0 temperatura ambiente.<\/p>\n<ul>\n<li> <strong>Como funciona<\/strong><\/li>\n<\/ul>\n<p> As c\u00e1psulas, feitas com ingredientes naturais, auxiliam a fertilidade masculina, o funcionamento dos \u00f3rg\u00e3os e o bem-estar f\u00edsico geral. A f\u00f3rmula balanceada aproveita as propriedades do sel\u00eanio, zinco, vitamina E, maca e dong quai. O sel\u00eanio ajuda a normalizar a espermatog\u00eanese (produ\u00e7\u00e3o de espermatozoides). O sel\u00eanio cont\u00e9m antioxidantes e ajuda a proteger os componentes celulares do corpo, incluindo os espermatozoides, contra danos oxidativos. Al\u00e9m do sel\u00eanio, o zinco, a vitamina C e a vitamina E tamb\u00e9m ajudam a proteger os componentes celulares contra danos oxidativos. O zinco tamb\u00e9m contribui para a fertilidade e reprodu\u00e7\u00e3o normais em homens e ajuda a regular o metabolismo de \u00e1cidos graxos, auxiliando no equil\u00edbrio hormonal. O \u00e1cido f\u00f3lico participa da produ\u00e7\u00e3o de novas c\u00e9lulas e auxilia na divis\u00e3o celular. O magn\u00e9sio, as vitaminas B6 e B12 e a vitamina C ajudam a normalizar o metabolismo energ\u00e9tico. O magn\u00e9sio, a vitamina B6 e a vitamina C tamb\u00e9m auxiliam no funcionamento normal do sistema nervoso e podem contribuir para o aumento da energia e vitalidade.<\/p>\n<ul>\n<li> <strong>Usar<\/strong><\/li>\n<\/ul>\n<p> Tome 3 c\u00e1psulas uma vez ao dia com bastante \u00e1gua. N\u00e3o tome mais de 3 c\u00e1psulas em 24 horas. N\u00e3o exceda a dose di\u00e1ria recomendada.<\/p>\n<ul>\n<li> <strong>Ingredientes<\/strong><\/li>\n<\/ul>\n<p> 450 mg de Aveia (Avena sativa) (GL\u00daTEN), 150 mg de Maca (Lepidium meyenii), agente de volume: E460, 90 mg de Vitamina C (\u00e1cido L-asc\u00f3rbico) (113% VD*), 75 mg de Extrato de ch\u00e1 verde, 75 mg de Magn\u00e9sio (\u00f3xido de magn\u00e9sio) (20% VD*), 75 mg de Dong Quai (Angelica sinensis), antiaglomerante: E570, 22,5 UI TE**, Vitamina E (acetato de DL-\u03b1-tocoferol) (188% VD*), 15 mg de L-carnitina (tartarato de L-carnitina), 9 mg de Zinco (\u00f3xido de zinco) (90% VD*), antiaglomerantes: E551, E470b, 4,5 mg de Vitamina B6 (cloridrato de piridoxina) (321% VD*), 300 \u00b5g \u00c1cido f\u00f3lico (150% VD*), 52,5 \u00b5g Sel\u00eanio (L-selenometionina) (95% VD*), 4,5 \u00b5g Vitamina B12 (cianocobalamina) (180% VD*), C\u00e1psula: E464.<\/p>\n","protected":false},"excerpt":{"rendered":"<p>EMBALAGEM DISPON\u00cdVEL EM: \/en\/de\/fr\/es\/nl\/<\/p>\n","protected":false},"featured_media":105013,"template":"","meta":{"_acf_changed":false},"product_brand":[],"product_cat":[49,52,70],"product_tag":[],"class_list":{"0":"post-105012","1":"product","2":"type-product","3":"status-publish","4":"has-post-thumbnail","6":"product_cat-cosmeticos","7":"product_cat-estimulantes","8":"product_cat-saude","9":"yith_product_brand-cobeco-pharmacobeco-coolman","10":"yith_product_brand-cobeco-pharma","12":"first","13":"instock","14":"taxable","15":"shipping-taxable","16":"purchasable","17":"product-type-simple"},"acf":[],"yoast_head":"<!-- This site is optimized with the Yoast SEO plugin v27.4 - https:\/\/yoast.com\/product\/yoast-seo-wordpress\/ -->\n<title>COBECO - COOLMAN CUM ENHANCER 30 CAP - Lovme<\/title>\n<meta name=\"robots\" content=\"index, follow, max-snippet:-1, max-image-preview:large, max-video-preview:-1\" \/>\n<link rel=\"canonical\" href=\"https:\/\/lovme.pt\/index.php\/produto\/cobeco-coolman-cum-enhancer-30cap-2\/\" \/>\n<meta property=\"og:locale\" content=\"pt_PT\" \/>\n<meta property=\"og:type\" content=\"article\" \/>\n<meta property=\"og:title\" content=\"COBECO - COOLMAN CUM ENHANCER 30 CAP - Lovme\" \/>\n<meta property=\"og:description\" content=\"EMBALAGEM DISPON\u00cdVEL EM: \/en\/de\/fr\/es\/nl\/\" \/>\n<meta property=\"og:url\" content=\"https:\/\/lovme.pt\/index.php\/produto\/cobeco-coolman-cum-enhancer-30cap-2\/\" \/>\n<meta property=\"og:site_name\" content=\"Lovme\" \/>\n<meta property=\"article:modified_time\" content=\"2026-02-19T20:22:30+00:00\" \/>\n<meta property=\"og:image\" content=\"https:\/\/erki24nd3ub.exactdn.com\/wp-content\/uploads\/dream\/img\/img_216287_7a96dd2bbb60cfd00e7875264815a479_1.jpg?strip=all\" \/>\n\t<meta property=\"og:image:width\" content=\"517\" \/>\n\t<meta property=\"og:image:height\" content=\"517\" \/>\n\t<meta property=\"og:image:type\" content=\"image\/jpeg\" \/>\n<meta name=\"twitter:card\" content=\"summary_large_image\" \/>\n<meta name=\"twitter:label1\" content=\"Tempo estimado de leitura\" \/>\n\t<meta name=\"twitter:data1\" content=\"2 minutos\" \/>\n<script type=\"application\/ld+json\" class=\"yoast-schema-graph\">{\"@context\":\"https:\\\/\\\/schema.org\",\"@graph\":[{\"@type\":\"WebPage\",\"@id\":\"https:\\\/\\\/lovme.pt\\\/index.php\\\/produto\\\/cobeco-coolman-cum-enhancer-30cap-2\\\/\",\"url\":\"https:\\\/\\\/lovme.pt\\\/index.php\\\/produto\\\/cobeco-coolman-cum-enhancer-30cap-2\\\/\",\"name\":\"COBECO - COOLMAN CUM ENHANCER 30 CAP - Lovme\",\"isPartOf\":{\"@id\":\"https:\\\/\\\/lovme.pt\\\/#website\"},\"primaryImageOfPage\":{\"@id\":\"https:\\\/\\\/lovme.pt\\\/index.php\\\/produto\\\/cobeco-coolman-cum-enhancer-30cap-2\\\/#primaryimage\"},\"image\":{\"@id\":\"https:\\\/\\\/lovme.pt\\\/index.php\\\/produto\\\/cobeco-coolman-cum-enhancer-30cap-2\\\/#primaryimage\"},\"thumbnailUrl\":\"https:\\\/\\\/erki24nd3ub.exactdn.com\\\/wp-content\\\/uploads\\\/dream\\\/img\\\/img_216287_7a96dd2bbb60cfd00e7875264815a479_1.jpg?strip=all\",\"datePublished\":\"2025-12-12T22:45:58+00:00\",\"dateModified\":\"2026-02-19T20:22:30+00:00\",\"breadcrumb\":{\"@id\":\"https:\\\/\\\/lovme.pt\\\/index.php\\\/produto\\\/cobeco-coolman-cum-enhancer-30cap-2\\\/#breadcrumb\"},\"inLanguage\":\"pt-PT\",\"potentialAction\":[{\"@type\":\"ReadAction\",\"target\":[\"https:\\\/\\\/lovme.pt\\\/index.php\\\/produto\\\/cobeco-coolman-cum-enhancer-30cap-2\\\/\"]}]},{\"@type\":\"ImageObject\",\"inLanguage\":\"pt-PT\",\"@id\":\"https:\\\/\\\/lovme.pt\\\/index.php\\\/produto\\\/cobeco-coolman-cum-enhancer-30cap-2\\\/#primaryimage\",\"url\":\"https:\\\/\\\/erki24nd3ub.exactdn.com\\\/wp-content\\\/uploads\\\/dream\\\/img\\\/img_216287_7a96dd2bbb60cfd00e7875264815a479_1.jpg?strip=all\",\"contentUrl\":\"https:\\\/\\\/erki24nd3ub.exactdn.com\\\/wp-content\\\/uploads\\\/dream\\\/img\\\/img_216287_7a96dd2bbb60cfd00e7875264815a479_1.jpg?strip=all\",\"width\":517,\"height\":517},{\"@type\":\"BreadcrumbList\",\"@id\":\"https:\\\/\\\/lovme.pt\\\/index.php\\\/produto\\\/cobeco-coolman-cum-enhancer-30cap-2\\\/#breadcrumb\",\"itemListElement\":[{\"@type\":\"ListItem\",\"position\":1,\"name\":\"In\u00edcio\",\"item\":\"https:\\\/\\\/lovme.pt\\\/\"},{\"@type\":\"ListItem\",\"position\":2,\"name\":\"Loja\",\"item\":\"https:\\\/\\\/lovme.pt\\\/index.php\\\/loja\\\/\"},{\"@type\":\"ListItem\",\"position\":3,\"name\":\"COBECO &#8211; COOLMAN CUM ENHANCER 30 CAP\"}]},{\"@type\":\"WebSite\",\"@id\":\"https:\\\/\\\/lovme.pt\\\/#website\",\"url\":\"https:\\\/\\\/lovme.pt\\\/\",\"name\":\"Lovme Loja Er\u00f3tica N\u00ba1 em Portugal\",\"description\":\"A melhor loja er\u00f3tica de Portugal.\",\"alternateName\":\"Loja Er\u00f3tica Lovme\",\"potentialAction\":[{\"@type\":\"SearchAction\",\"target\":{\"@type\":\"EntryPoint\",\"urlTemplate\":\"https:\\\/\\\/lovme.pt\\\/?s={search_term_string}\"},\"query-input\":{\"@type\":\"PropertyValueSpecification\",\"valueRequired\":true,\"valueName\":\"search_term_string\"}}],\"inLanguage\":\"pt-PT\"}]}<\/script>\n<!-- \/ Yoast SEO plugin. -->","yoast_head_json":{"title":"COBECO - COOLMAN CUM ENHANCER 30 CAP - Lovme","robots":{"index":"index","follow":"follow","max-snippet":"max-snippet:-1","max-image-preview":"max-image-preview:large","max-video-preview":"max-video-preview:-1"},"canonical":"https:\/\/lovme.pt\/index.php\/produto\/cobeco-coolman-cum-enhancer-30cap-2\/","og_locale":"pt_PT","og_type":"article","og_title":"COBECO - COOLMAN CUM ENHANCER 30 CAP - Lovme","og_description":"EMBALAGEM DISPON\u00cdVEL EM: \/en\/de\/fr\/es\/nl\/","og_url":"https:\/\/lovme.pt\/index.php\/produto\/cobeco-coolman-cum-enhancer-30cap-2\/","og_site_name":"Lovme","article_modified_time":"2026-02-19T20:22:30+00:00","og_image":[{"width":517,"height":517,"url":"https:\/\/erki24nd3ub.exactdn.com\/wp-content\/uploads\/dream\/img\/img_216287_7a96dd2bbb60cfd00e7875264815a479_1.jpg?strip=all","type":"image\/jpeg"}],"twitter_card":"summary_large_image","twitter_misc":{"Tempo estimado de leitura":"2 minutos"},"schema":{"@context":"https:\/\/schema.org","@graph":[{"@type":"WebPage","@id":"https:\/\/lovme.pt\/index.php\/produto\/cobeco-coolman-cum-enhancer-30cap-2\/","url":"https:\/\/lovme.pt\/index.php\/produto\/cobeco-coolman-cum-enhancer-30cap-2\/","name":"COBECO - COOLMAN CUM ENHANCER 30 CAP - Lovme","isPartOf":{"@id":"https:\/\/lovme.pt\/#website"},"primaryImageOfPage":{"@id":"https:\/\/lovme.pt\/index.php\/produto\/cobeco-coolman-cum-enhancer-30cap-2\/#primaryimage"},"image":{"@id":"https:\/\/lovme.pt\/index.php\/produto\/cobeco-coolman-cum-enhancer-30cap-2\/#primaryimage"},"thumbnailUrl":"https:\/\/erki24nd3ub.exactdn.com\/wp-content\/uploads\/dream\/img\/img_216287_7a96dd2bbb60cfd00e7875264815a479_1.jpg?strip=all","datePublished":"2025-12-12T22:45:58+00:00","dateModified":"2026-02-19T20:22:30+00:00","breadcrumb":{"@id":"https:\/\/lovme.pt\/index.php\/produto\/cobeco-coolman-cum-enhancer-30cap-2\/#breadcrumb"},"inLanguage":"pt-PT","potentialAction":[{"@type":"ReadAction","target":["https:\/\/lovme.pt\/index.php\/produto\/cobeco-coolman-cum-enhancer-30cap-2\/"]}]},{"@type":"ImageObject","inLanguage":"pt-PT","@id":"https:\/\/lovme.pt\/index.php\/produto\/cobeco-coolman-cum-enhancer-30cap-2\/#primaryimage","url":"https:\/\/erki24nd3ub.exactdn.com\/wp-content\/uploads\/dream\/img\/img_216287_7a96dd2bbb60cfd00e7875264815a479_1.jpg?strip=all","contentUrl":"https:\/\/erki24nd3ub.exactdn.com\/wp-content\/uploads\/dream\/img\/img_216287_7a96dd2bbb60cfd00e7875264815a479_1.jpg?strip=all","width":517,"height":517},{"@type":"BreadcrumbList","@id":"https:\/\/lovme.pt\/index.php\/produto\/cobeco-coolman-cum-enhancer-30cap-2\/#breadcrumb","itemListElement":[{"@type":"ListItem","position":1,"name":"In\u00edcio","item":"https:\/\/lovme.pt\/"},{"@type":"ListItem","position":2,"name":"Loja","item":"https:\/\/lovme.pt\/index.php\/loja\/"},{"@type":"ListItem","position":3,"name":"COBECO &#8211; COOLMAN CUM ENHANCER 30 CAP"}]},{"@type":"WebSite","@id":"https:\/\/lovme.pt\/#website","url":"https:\/\/lovme.pt\/","name":"Lovme Loja Er\u00f3tica N\u00ba1 em Portugal","description":"A melhor loja er\u00f3tica de Portugal.","alternateName":"Loja Er\u00f3tica Lovme","potentialAction":[{"@type":"SearchAction","target":{"@type":"EntryPoint","urlTemplate":"https:\/\/lovme.pt\/?s={search_term_string}"},"query-input":{"@type":"PropertyValueSpecification","valueRequired":true,"valueName":"search_term_string"}}],"inLanguage":"pt-PT"}]}},"_links":{"self":[{"href":"https:\/\/lovme.pt\/index.php\/wp-json\/wp\/v2\/product\/105012","targetHints":{"allow":["GET"]}}],"collection":[{"href":"https:\/\/lovme.pt\/index.php\/wp-json\/wp\/v2\/product"}],"about":[{"href":"https:\/\/lovme.pt\/index.php\/wp-json\/wp\/v2\/types\/product"}],"wp:featuredmedia":[{"embeddable":true,"href":"https:\/\/lovme.pt\/index.php\/wp-json\/wp\/v2\/media\/105013"}],"wp:attachment":[{"href":"https:\/\/lovme.pt\/index.php\/wp-json\/wp\/v2\/media?parent=105012"}],"wp:term":[{"taxonomy":"product_brand","embeddable":true,"href":"https:\/\/lovme.pt\/index.php\/wp-json\/wp\/v2\/product_brand?post=105012"},{"taxonomy":"product_cat","embeddable":true,"href":"https:\/\/lovme.pt\/index.php\/wp-json\/wp\/v2\/product_cat?post=105012"},{"taxonomy":"product_tag","embeddable":true,"href":"https:\/\/lovme.pt\/index.php\/wp-json\/wp\/v2\/product_tag?post=105012"}],"curies":[{"name":"wp","href":"https:\/\/api.w.org\/{rel}","templated":true}]}}