{"id":104984,"date":"2025-12-10T14:02:02","date_gmt":"2025-12-10T14:02:02","guid":{"rendered":"https:\/\/lovme.pt\/?post_type=product&p=104984"},"modified":"2026-02-19T20:05:18","modified_gmt":"2026-02-19T20:05:18","slug":"secret-play-caixa-de-prazeres-para-casais-dados-vibratorio-bala-caneta-de-pena","status":"publish","type":"product","link":"https:\/\/lovme.pt\/index.php\/produto\/secret-play-caixa-de-prazeres-para-casais-dados-vibratorio-bala-caneta-de-pena\/","title":{"rendered":"SECRET PLAY &#8211; CAIXA DE PRAZERES PARA CASAIS: DADOS + VIBRAT\u00d3RIO BALA + CANETA DE PENA"},"content":{"rendered":"<p>A Caixa dos Prazeres Secretos \u00e9 o kit perfeito para presentear seu parceiro(a) com momentos de prazer inesquec\u00edveis. Seu conte\u00fado \u00e9 completo e estimulante: al\u00e9m de experimentar vibra\u00e7\u00f5es deliciosas com o vibrador bala rosa, voc\u00ea tamb\u00e9m poder\u00e1 desfrutar de car\u00edcias sedutoras com o espanador de penas rosa de toque suave e se divertir com os dois dados, cada um oferecendo op\u00e7\u00f5es l\u00fadicas bem diferentes.<\/p>\n<p>Voc\u00ea pode usar o dado rosa se quiser ir direto \u00e0 a\u00e7\u00e3o, seguindo a posi\u00e7\u00e3o que ele mostrar ao ser lan\u00e7ado, ou o dado preto se preferir desfrutar \u2014 ou oferecer \u2014 experi\u00eancias sensuais como um striptease, uma massagem sensual, masturba\u00e7\u00e3o ou sexo oral, entre muitas outras possibilidades.<\/p>\n<p>Recomendamos come\u00e7ar com o dado preto para criar um clima mais quente, usando-o junto com o estimulador de penas e o vibrador bala, e depois passar para uma a\u00e7\u00e3o mais intensa com o dado rosa. Ou simplesmente aproveite uma sess\u00e3o l\u00fadica completa apenas com o dado preto. A escolha \u00e9 sua \u2014 as possibilidades s\u00e3o infinitas! O kit tamb\u00e9m inclui uma bolsinha de cetim preta, perfeita para guardar todos os itens discretamente na sua mesa de cabeceira ou onde preferir.<\/p>\n<p><u><strong>Conte\u00fado<\/strong><\/u> :<\/p>\n<ul>\n<li>Bolsa de armazenamento em cetim preto<\/li>\n<li>Vibrador bala rosa<\/li>\n<li>c\u00f3cegas de pena rosa<\/li>\n<li>Dado inclusivo do Kama Sutra com posi\u00e7\u00f5es representadas em pictogramas.<\/li>\n<li>Dado de a\u00e7\u00e3o com diferentes op\u00e7\u00f5es (striptease, conversa picante, massagem, sexo oral, masturba\u00e7\u00e3o e beijo franc\u00eas)<\/li>\n<\/ul>\n","protected":false},"excerpt":{"rendered":"<p>SECRET PLAY &#8211; CAIXA DE PRAZERES PARA CASAIS: DADOS + VIBRAT\u00d3RIO BALA + CANETA DE PENA<\/p>\n","protected":false},"featured_media":104985,"template":"","meta":{"_acf_changed":false},"product_brand":[],"product_cat":[69,88],"product_tag":[],"class_list":{"0":"post-104984","1":"product","2":"type-product","3":"status-publish","4":"has-post-thumbnail","6":"product_cat-jogos-eroticos","7":"product_cat-novidades","8":"yith_product_brand-secretplay","9":"yith_product_brand-secretplaysecretplay-100-games","11":"first","12":"instock","13":"taxable","14":"shipping-taxable","15":"purchasable","16":"product-type-simple"},"acf":[],"yoast_head":"<!-- This site is optimized with the Yoast SEO plugin v27.4 - https:\/\/yoast.com\/product\/yoast-seo-wordpress\/ -->\n<title>SECRET PLAY - CAIXA DE PRAZERES PARA CASAIS: DADOS + VIBRAT\u00d3RIO BALA + CANETA DE PENA - Lovme<\/title>\n<meta name=\"robots\" content=\"index, follow, max-snippet:-1, max-image-preview:large, max-video-preview:-1\" \/>\n<link rel=\"canonical\" href=\"https:\/\/lovme.pt\/index.php\/produto\/secret-play-caixa-de-prazeres-para-casais-dados-vibratorio-bala-caneta-de-pena\/\" \/>\n<meta property=\"og:locale\" content=\"pt_PT\" \/>\n<meta property=\"og:type\" content=\"article\" \/>\n<meta property=\"og:title\" content=\"SECRET PLAY - CAIXA DE PRAZERES PARA CASAIS: DADOS + VIBRAT\u00d3RIO BALA + CANETA DE PENA - Lovme\" \/>\n<meta property=\"og:description\" content=\"SECRET PLAY - CAIXA DE PRAZERES PARA CASAIS: DADOS + VIBRAT\u00d3RIO BALA + CANETA DE PENA\" \/>\n<meta property=\"og:url\" content=\"https:\/\/lovme.pt\/index.php\/produto\/secret-play-caixa-de-prazeres-para-casais-dados-vibratorio-bala-caneta-de-pena\/\" \/>\n<meta property=\"og:site_name\" content=\"Lovme\" \/>\n<meta property=\"article:modified_time\" content=\"2026-02-19T20:05:18+00:00\" \/>\n<meta property=\"og:image\" content=\"https:\/\/erki24nd3ub.exactdn.com\/wp-content\/uploads\/dream\/img\/img_217616_07d4baa4614c31e1847ed21457fb1750_1.jpg?strip=all\" \/>\n\t<meta property=\"og:image:width\" content=\"900\" \/>\n\t<meta property=\"og:image:height\" content=\"900\" \/>\n\t<meta property=\"og:image:type\" content=\"image\/jpeg\" \/>\n<meta name=\"twitter:card\" content=\"summary_large_image\" \/>\n<meta name=\"twitter:label1\" content=\"Tempo estimado de leitura\" \/>\n\t<meta name=\"twitter:data1\" content=\"1 minuto\" \/>\n<script type=\"application\/ld+json\" class=\"yoast-schema-graph\">{\"@context\":\"https:\\\/\\\/schema.org\",\"@graph\":[{\"@type\":\"WebPage\",\"@id\":\"https:\\\/\\\/lovme.pt\\\/index.php\\\/produto\\\/secret-play-caixa-de-prazeres-para-casais-dados-vibratorio-bala-caneta-de-pena\\\/\",\"url\":\"https:\\\/\\\/lovme.pt\\\/index.php\\\/produto\\\/secret-play-caixa-de-prazeres-para-casais-dados-vibratorio-bala-caneta-de-pena\\\/\",\"name\":\"SECRET PLAY - CAIXA DE PRAZERES PARA CASAIS: DADOS + VIBRAT\u00d3RIO BALA + CANETA DE PENA - Lovme\",\"isPartOf\":{\"@id\":\"https:\\\/\\\/lovme.pt\\\/#website\"},\"primaryImageOfPage\":{\"@id\":\"https:\\\/\\\/lovme.pt\\\/index.php\\\/produto\\\/secret-play-caixa-de-prazeres-para-casais-dados-vibratorio-bala-caneta-de-pena\\\/#primaryimage\"},\"image\":{\"@id\":\"https:\\\/\\\/lovme.pt\\\/index.php\\\/produto\\\/secret-play-caixa-de-prazeres-para-casais-dados-vibratorio-bala-caneta-de-pena\\\/#primaryimage\"},\"thumbnailUrl\":\"https:\\\/\\\/erki24nd3ub.exactdn.com\\\/wp-content\\\/uploads\\\/dream\\\/img\\\/img_217616_07d4baa4614c31e1847ed21457fb1750_1.jpg?strip=all\",\"datePublished\":\"2025-12-10T14:02:02+00:00\",\"dateModified\":\"2026-02-19T20:05:18+00:00\",\"breadcrumb\":{\"@id\":\"https:\\\/\\\/lovme.pt\\\/index.php\\\/produto\\\/secret-play-caixa-de-prazeres-para-casais-dados-vibratorio-bala-caneta-de-pena\\\/#breadcrumb\"},\"inLanguage\":\"pt-PT\",\"potentialAction\":[{\"@type\":\"ReadAction\",\"target\":[\"https:\\\/\\\/lovme.pt\\\/index.php\\\/produto\\\/secret-play-caixa-de-prazeres-para-casais-dados-vibratorio-bala-caneta-de-pena\\\/\"]}]},{\"@type\":\"ImageObject\",\"inLanguage\":\"pt-PT\",\"@id\":\"https:\\\/\\\/lovme.pt\\\/index.php\\\/produto\\\/secret-play-caixa-de-prazeres-para-casais-dados-vibratorio-bala-caneta-de-pena\\\/#primaryimage\",\"url\":\"https:\\\/\\\/erki24nd3ub.exactdn.com\\\/wp-content\\\/uploads\\\/dream\\\/img\\\/img_217616_07d4baa4614c31e1847ed21457fb1750_1.jpg?strip=all\",\"contentUrl\":\"https:\\\/\\\/erki24nd3ub.exactdn.com\\\/wp-content\\\/uploads\\\/dream\\\/img\\\/img_217616_07d4baa4614c31e1847ed21457fb1750_1.jpg?strip=all\",\"width\":900,\"height\":900},{\"@type\":\"BreadcrumbList\",\"@id\":\"https:\\\/\\\/lovme.pt\\\/index.php\\\/produto\\\/secret-play-caixa-de-prazeres-para-casais-dados-vibratorio-bala-caneta-de-pena\\\/#breadcrumb\",\"itemListElement\":[{\"@type\":\"ListItem\",\"position\":1,\"name\":\"In\u00edcio\",\"item\":\"https:\\\/\\\/lovme.pt\\\/\"},{\"@type\":\"ListItem\",\"position\":2,\"name\":\"Loja\",\"item\":\"https:\\\/\\\/lovme.pt\\\/index.php\\\/loja\\\/\"},{\"@type\":\"ListItem\",\"position\":3,\"name\":\"SECRET PLAY &#8211; CAIXA DE PRAZERES PARA CASAIS: DADOS + VIBRAT\u00d3RIO BALA + CANETA DE PENA\"}]},{\"@type\":\"WebSite\",\"@id\":\"https:\\\/\\\/lovme.pt\\\/#website\",\"url\":\"https:\\\/\\\/lovme.pt\\\/\",\"name\":\"Lovme Loja Er\u00f3tica N\u00ba1 em Portugal\",\"description\":\"A melhor loja er\u00f3tica de Portugal.\",\"alternateName\":\"Loja Er\u00f3tica Lovme\",\"potentialAction\":[{\"@type\":\"SearchAction\",\"target\":{\"@type\":\"EntryPoint\",\"urlTemplate\":\"https:\\\/\\\/lovme.pt\\\/?s={search_term_string}\"},\"query-input\":{\"@type\":\"PropertyValueSpecification\",\"valueRequired\":true,\"valueName\":\"search_term_string\"}}],\"inLanguage\":\"pt-PT\"}]}<\/script>\n<!-- \/ Yoast SEO plugin. -->","yoast_head_json":{"title":"SECRET PLAY - CAIXA DE PRAZERES PARA CASAIS: DADOS + VIBRAT\u00d3RIO BALA + CANETA DE PENA - Lovme","robots":{"index":"index","follow":"follow","max-snippet":"max-snippet:-1","max-image-preview":"max-image-preview:large","max-video-preview":"max-video-preview:-1"},"canonical":"https:\/\/lovme.pt\/index.php\/produto\/secret-play-caixa-de-prazeres-para-casais-dados-vibratorio-bala-caneta-de-pena\/","og_locale":"pt_PT","og_type":"article","og_title":"SECRET PLAY - CAIXA DE PRAZERES PARA CASAIS: DADOS + VIBRAT\u00d3RIO BALA + CANETA DE PENA - Lovme","og_description":"SECRET PLAY - CAIXA DE PRAZERES PARA CASAIS: DADOS + VIBRAT\u00d3RIO BALA + CANETA DE PENA","og_url":"https:\/\/lovme.pt\/index.php\/produto\/secret-play-caixa-de-prazeres-para-casais-dados-vibratorio-bala-caneta-de-pena\/","og_site_name":"Lovme","article_modified_time":"2026-02-19T20:05:18+00:00","og_image":[{"width":900,"height":900,"url":"https:\/\/erki24nd3ub.exactdn.com\/wp-content\/uploads\/dream\/img\/img_217616_07d4baa4614c31e1847ed21457fb1750_1.jpg?strip=all","type":"image\/jpeg"}],"twitter_card":"summary_large_image","twitter_misc":{"Tempo estimado de leitura":"1 minuto"},"schema":{"@context":"https:\/\/schema.org","@graph":[{"@type":"WebPage","@id":"https:\/\/lovme.pt\/index.php\/produto\/secret-play-caixa-de-prazeres-para-casais-dados-vibratorio-bala-caneta-de-pena\/","url":"https:\/\/lovme.pt\/index.php\/produto\/secret-play-caixa-de-prazeres-para-casais-dados-vibratorio-bala-caneta-de-pena\/","name":"SECRET PLAY - CAIXA DE PRAZERES PARA CASAIS: DADOS + VIBRAT\u00d3RIO BALA + CANETA DE PENA - Lovme","isPartOf":{"@id":"https:\/\/lovme.pt\/#website"},"primaryImageOfPage":{"@id":"https:\/\/lovme.pt\/index.php\/produto\/secret-play-caixa-de-prazeres-para-casais-dados-vibratorio-bala-caneta-de-pena\/#primaryimage"},"image":{"@id":"https:\/\/lovme.pt\/index.php\/produto\/secret-play-caixa-de-prazeres-para-casais-dados-vibratorio-bala-caneta-de-pena\/#primaryimage"},"thumbnailUrl":"https:\/\/erki24nd3ub.exactdn.com\/wp-content\/uploads\/dream\/img\/img_217616_07d4baa4614c31e1847ed21457fb1750_1.jpg?strip=all","datePublished":"2025-12-10T14:02:02+00:00","dateModified":"2026-02-19T20:05:18+00:00","breadcrumb":{"@id":"https:\/\/lovme.pt\/index.php\/produto\/secret-play-caixa-de-prazeres-para-casais-dados-vibratorio-bala-caneta-de-pena\/#breadcrumb"},"inLanguage":"pt-PT","potentialAction":[{"@type":"ReadAction","target":["https:\/\/lovme.pt\/index.php\/produto\/secret-play-caixa-de-prazeres-para-casais-dados-vibratorio-bala-caneta-de-pena\/"]}]},{"@type":"ImageObject","inLanguage":"pt-PT","@id":"https:\/\/lovme.pt\/index.php\/produto\/secret-play-caixa-de-prazeres-para-casais-dados-vibratorio-bala-caneta-de-pena\/#primaryimage","url":"https:\/\/erki24nd3ub.exactdn.com\/wp-content\/uploads\/dream\/img\/img_217616_07d4baa4614c31e1847ed21457fb1750_1.jpg?strip=all","contentUrl":"https:\/\/erki24nd3ub.exactdn.com\/wp-content\/uploads\/dream\/img\/img_217616_07d4baa4614c31e1847ed21457fb1750_1.jpg?strip=all","width":900,"height":900},{"@type":"BreadcrumbList","@id":"https:\/\/lovme.pt\/index.php\/produto\/secret-play-caixa-de-prazeres-para-casais-dados-vibratorio-bala-caneta-de-pena\/#breadcrumb","itemListElement":[{"@type":"ListItem","position":1,"name":"In\u00edcio","item":"https:\/\/lovme.pt\/"},{"@type":"ListItem","position":2,"name":"Loja","item":"https:\/\/lovme.pt\/index.php\/loja\/"},{"@type":"ListItem","position":3,"name":"SECRET PLAY &#8211; CAIXA DE PRAZERES PARA CASAIS: DADOS + VIBRAT\u00d3RIO BALA + CANETA DE PENA"}]},{"@type":"WebSite","@id":"https:\/\/lovme.pt\/#website","url":"https:\/\/lovme.pt\/","name":"Lovme Loja Er\u00f3tica N\u00ba1 em Portugal","description":"A melhor loja er\u00f3tica de Portugal.","alternateName":"Loja Er\u00f3tica Lovme","potentialAction":[{"@type":"SearchAction","target":{"@type":"EntryPoint","urlTemplate":"https:\/\/lovme.pt\/?s={search_term_string}"},"query-input":{"@type":"PropertyValueSpecification","valueRequired":true,"valueName":"search_term_string"}}],"inLanguage":"pt-PT"}]}},"_links":{"self":[{"href":"https:\/\/lovme.pt\/index.php\/wp-json\/wp\/v2\/product\/104984","targetHints":{"allow":["GET"]}}],"collection":[{"href":"https:\/\/lovme.pt\/index.php\/wp-json\/wp\/v2\/product"}],"about":[{"href":"https:\/\/lovme.pt\/index.php\/wp-json\/wp\/v2\/types\/product"}],"wp:featuredmedia":[{"embeddable":true,"href":"https:\/\/lovme.pt\/index.php\/wp-json\/wp\/v2\/media\/104985"}],"wp:attachment":[{"href":"https:\/\/lovme.pt\/index.php\/wp-json\/wp\/v2\/media?parent=104984"}],"wp:term":[{"taxonomy":"product_brand","embeddable":true,"href":"https:\/\/lovme.pt\/index.php\/wp-json\/wp\/v2\/product_brand?post=104984"},{"taxonomy":"product_cat","embeddable":true,"href":"https:\/\/lovme.pt\/index.php\/wp-json\/wp\/v2\/product_cat?post=104984"},{"taxonomy":"product_tag","embeddable":true,"href":"https:\/\/lovme.pt\/index.php\/wp-json\/wp\/v2\/product_tag?post=104984"}],"curies":[{"name":"wp","href":"https:\/\/api.w.org\/{rel}","templated":true}]}}