{"id":104722,"date":"2025-11-28T20:11:48","date_gmt":"2025-11-28T20:11:48","guid":{"rendered":"https:\/\/lovme.pt\/?post_type=product&p=104722"},"modified":"2026-02-19T20:12:31","modified_gmt":"2026-02-19T20:12:31","slug":"diablo-picante-bonecas-de-brincadeira-posicao-sexual-de-frente-com-corda","status":"publish","type":"product","link":"https:\/\/lovme.pt\/index.php\/produto\/diablo-picante-bonecas-de-brincadeira-posicao-sexual-de-frente-com-corda\/","title":{"rendered":"DIABLO PICANTE &#8211; BONECAS DE BRINCADEIRA POSI\u00c7\u00c3O SEXUAL DE FRENTE COM CORDA"},"content":{"rendered":"<p>Prepare-se para uma festa inesquec\u00edvel com a boneca de corda DIVERTY SEX! Este item divertido e ousado \u00e9 o acess\u00f3rio perfeito para despedidas de solteiro(a), anivers\u00e1rios ou qualquer celebra\u00e7\u00e3o onde o humor picante e as risadas s\u00e3o garantidos.<\/p>\n<p> A boneca tem um brinquedo de corda que simula movimento, adicionando um toque atrevido e c\u00f4mico que far\u00e1 todos rirem. Feita com materiais leves e dur\u00e1veis, esta boneca foi projetada para suportar o ritmo das festas e garantir momentos de risadas, travessuras e uni\u00e3o entre amigos. Al\u00e9m disso, oferece quatro tipos de posi\u00e7\u00f5es para multiplicar a divers\u00e3o.<\/p>\n<p> <u><strong>CARACTER\u00cdSTICAS<\/strong><\/u> :<\/p>\n<ul>\n<li> Boneca de brincadeira com corda, ideal para festas e despedidas de solteira.<\/li>\n<li> Inclui 4 posi\u00e7\u00f5es: 69, fela\u00e7\u00e3o, por tr\u00e1s e pela frente.<\/li>\n<li> Corda funcional para gerar um efeito divertido e provocativo.<\/li>\n<li> Perfeito para despedidas de solteiro(a), anivers\u00e1rios e celebra\u00e7\u00f5es apimentadas.<\/li>\n<li> Design leve, dur\u00e1vel e muito f\u00e1cil de usar.<\/li>\n<li> Ouse rir, surpreender e aproveitar o que h\u00e1 de mais engra\u00e7ado e provocativo.<\/li>\n<\/ul>\n<p> Um cl\u00e1ssico da DIVERTY SEX &#8211; Com mais de 20 anos de experi\u00eancia no mercado de brinquedos sexuais, a DIVERTY SEX se consolidou como l\u00edder em presentes sensuais, originais e bem-humorados. Sua filosofia: fazer as pessoas rirem, surpreenderem e desestressarem. Seja para animar uma comemora\u00e7\u00e3o, presentear um amigo secretamente ou quebrar o gelo com humor, este produto \u00e9 essencial na sua cole\u00e7\u00e3o festiva.<\/p>\n","protected":false},"excerpt":{"rendered":"<p>DIABLO PICANTE &#8211; BONECAS DE BRINCADEIRA POSI\u00c7\u00c3O SEXUAL DE FRENTE COM CORDA<\/p>\n","protected":false},"featured_media":104723,"template":"","meta":{"_acf_changed":false},"product_brand":[],"product_cat":[69,15],"product_tag":[],"class_list":{"0":"post-104722","1":"product","2":"type-product","3":"status-publish","4":"has-post-thumbnail","6":"product_cat-jogos-eroticos","7":"product_cat-loja","8":"yith_product_brand-diverty-sexdiablo-picante","9":"yith_product_brand-diverty-sex","11":"first","12":"instock","13":"taxable","14":"shipping-taxable","15":"purchasable","16":"product-type-simple"},"acf":[],"yoast_head":"<!-- This site is optimized with the Yoast SEO plugin v27.4 - https:\/\/yoast.com\/product\/yoast-seo-wordpress\/ -->\n<title>DIABLO PICANTE - BONECAS DE BRINCADEIRA POSI\u00c7\u00c3O SEXUAL DE FRENTE COM CORDA - Lovme<\/title>\n<meta name=\"robots\" content=\"index, follow, max-snippet:-1, max-image-preview:large, max-video-preview:-1\" \/>\n<link rel=\"canonical\" href=\"https:\/\/lovme.pt\/index.php\/produto\/diablo-picante-bonecas-de-brincadeira-posicao-sexual-de-frente-com-corda\/\" \/>\n<meta property=\"og:locale\" content=\"pt_PT\" \/>\n<meta property=\"og:type\" content=\"article\" \/>\n<meta property=\"og:title\" content=\"DIABLO PICANTE - BONECAS DE BRINCADEIRA POSI\u00c7\u00c3O SEXUAL DE FRENTE COM CORDA - Lovme\" \/>\n<meta property=\"og:description\" content=\"DIABLO PICANTE - BONECAS DE BRINCADEIRA POSI\u00c7\u00c3O SEXUAL DE FRENTE COM CORDA\" \/>\n<meta property=\"og:url\" content=\"https:\/\/lovme.pt\/index.php\/produto\/diablo-picante-bonecas-de-brincadeira-posicao-sexual-de-frente-com-corda\/\" \/>\n<meta property=\"og:site_name\" content=\"Lovme\" \/>\n<meta property=\"article:modified_time\" content=\"2026-02-19T20:12:31+00:00\" \/>\n<meta property=\"og:image\" content=\"https:\/\/erki24nd3ub.exactdn.com\/wp-content\/uploads\/dream\/img\/img_216759_2df06566631243201c5055e4dce2bb3a_1.jpg?strip=all\" \/>\n\t<meta property=\"og:image:width\" content=\"900\" \/>\n\t<meta property=\"og:image:height\" content=\"900\" \/>\n\t<meta property=\"og:image:type\" content=\"image\/jpeg\" \/>\n<meta name=\"twitter:card\" content=\"summary_large_image\" \/>\n<meta name=\"twitter:label1\" content=\"Tempo estimado de leitura\" \/>\n\t<meta name=\"twitter:data1\" content=\"1 minuto\" \/>\n<script type=\"application\/ld+json\" class=\"yoast-schema-graph\">{\"@context\":\"https:\\\/\\\/schema.org\",\"@graph\":[{\"@type\":\"WebPage\",\"@id\":\"https:\\\/\\\/lovme.pt\\\/index.php\\\/produto\\\/diablo-picante-bonecas-de-brincadeira-posicao-sexual-de-frente-com-corda\\\/\",\"url\":\"https:\\\/\\\/lovme.pt\\\/index.php\\\/produto\\\/diablo-picante-bonecas-de-brincadeira-posicao-sexual-de-frente-com-corda\\\/\",\"name\":\"DIABLO PICANTE - BONECAS DE BRINCADEIRA POSI\u00c7\u00c3O SEXUAL DE FRENTE COM CORDA - Lovme\",\"isPartOf\":{\"@id\":\"https:\\\/\\\/lovme.pt\\\/#website\"},\"primaryImageOfPage\":{\"@id\":\"https:\\\/\\\/lovme.pt\\\/index.php\\\/produto\\\/diablo-picante-bonecas-de-brincadeira-posicao-sexual-de-frente-com-corda\\\/#primaryimage\"},\"image\":{\"@id\":\"https:\\\/\\\/lovme.pt\\\/index.php\\\/produto\\\/diablo-picante-bonecas-de-brincadeira-posicao-sexual-de-frente-com-corda\\\/#primaryimage\"},\"thumbnailUrl\":\"https:\\\/\\\/erki24nd3ub.exactdn.com\\\/wp-content\\\/uploads\\\/dream\\\/img\\\/img_216759_2df06566631243201c5055e4dce2bb3a_1.jpg?strip=all\",\"datePublished\":\"2025-11-28T20:11:48+00:00\",\"dateModified\":\"2026-02-19T20:12:31+00:00\",\"breadcrumb\":{\"@id\":\"https:\\\/\\\/lovme.pt\\\/index.php\\\/produto\\\/diablo-picante-bonecas-de-brincadeira-posicao-sexual-de-frente-com-corda\\\/#breadcrumb\"},\"inLanguage\":\"pt-PT\",\"potentialAction\":[{\"@type\":\"ReadAction\",\"target\":[\"https:\\\/\\\/lovme.pt\\\/index.php\\\/produto\\\/diablo-picante-bonecas-de-brincadeira-posicao-sexual-de-frente-com-corda\\\/\"]}]},{\"@type\":\"ImageObject\",\"inLanguage\":\"pt-PT\",\"@id\":\"https:\\\/\\\/lovme.pt\\\/index.php\\\/produto\\\/diablo-picante-bonecas-de-brincadeira-posicao-sexual-de-frente-com-corda\\\/#primaryimage\",\"url\":\"https:\\\/\\\/erki24nd3ub.exactdn.com\\\/wp-content\\\/uploads\\\/dream\\\/img\\\/img_216759_2df06566631243201c5055e4dce2bb3a_1.jpg?strip=all\",\"contentUrl\":\"https:\\\/\\\/erki24nd3ub.exactdn.com\\\/wp-content\\\/uploads\\\/dream\\\/img\\\/img_216759_2df06566631243201c5055e4dce2bb3a_1.jpg?strip=all\",\"width\":900,\"height\":900},{\"@type\":\"BreadcrumbList\",\"@id\":\"https:\\\/\\\/lovme.pt\\\/index.php\\\/produto\\\/diablo-picante-bonecas-de-brincadeira-posicao-sexual-de-frente-com-corda\\\/#breadcrumb\",\"itemListElement\":[{\"@type\":\"ListItem\",\"position\":1,\"name\":\"In\u00edcio\",\"item\":\"https:\\\/\\\/lovme.pt\\\/\"},{\"@type\":\"ListItem\",\"position\":2,\"name\":\"Loja\",\"item\":\"https:\\\/\\\/lovme.pt\\\/index.php\\\/loja\\\/\"},{\"@type\":\"ListItem\",\"position\":3,\"name\":\"DIABLO PICANTE &#8211; BONECAS DE BRINCADEIRA POSI\u00c7\u00c3O SEXUAL DE FRENTE COM CORDA\"}]},{\"@type\":\"WebSite\",\"@id\":\"https:\\\/\\\/lovme.pt\\\/#website\",\"url\":\"https:\\\/\\\/lovme.pt\\\/\",\"name\":\"Lovme Loja Er\u00f3tica N\u00ba1 em Portugal\",\"description\":\"A melhor loja er\u00f3tica de Portugal.\",\"alternateName\":\"Loja Er\u00f3tica Lovme\",\"potentialAction\":[{\"@type\":\"SearchAction\",\"target\":{\"@type\":\"EntryPoint\",\"urlTemplate\":\"https:\\\/\\\/lovme.pt\\\/?s={search_term_string}\"},\"query-input\":{\"@type\":\"PropertyValueSpecification\",\"valueRequired\":true,\"valueName\":\"search_term_string\"}}],\"inLanguage\":\"pt-PT\"}]}<\/script>\n<!-- \/ Yoast SEO plugin. -->","yoast_head_json":{"title":"DIABLO PICANTE - BONECAS DE BRINCADEIRA POSI\u00c7\u00c3O SEXUAL DE FRENTE COM CORDA - Lovme","robots":{"index":"index","follow":"follow","max-snippet":"max-snippet:-1","max-image-preview":"max-image-preview:large","max-video-preview":"max-video-preview:-1"},"canonical":"https:\/\/lovme.pt\/index.php\/produto\/diablo-picante-bonecas-de-brincadeira-posicao-sexual-de-frente-com-corda\/","og_locale":"pt_PT","og_type":"article","og_title":"DIABLO PICANTE - BONECAS DE BRINCADEIRA POSI\u00c7\u00c3O SEXUAL DE FRENTE COM CORDA - Lovme","og_description":"DIABLO PICANTE - BONECAS DE BRINCADEIRA POSI\u00c7\u00c3O SEXUAL DE FRENTE COM CORDA","og_url":"https:\/\/lovme.pt\/index.php\/produto\/diablo-picante-bonecas-de-brincadeira-posicao-sexual-de-frente-com-corda\/","og_site_name":"Lovme","article_modified_time":"2026-02-19T20:12:31+00:00","og_image":[{"width":900,"height":900,"url":"https:\/\/erki24nd3ub.exactdn.com\/wp-content\/uploads\/dream\/img\/img_216759_2df06566631243201c5055e4dce2bb3a_1.jpg?strip=all","type":"image\/jpeg"}],"twitter_card":"summary_large_image","twitter_misc":{"Tempo estimado de leitura":"1 minuto"},"schema":{"@context":"https:\/\/schema.org","@graph":[{"@type":"WebPage","@id":"https:\/\/lovme.pt\/index.php\/produto\/diablo-picante-bonecas-de-brincadeira-posicao-sexual-de-frente-com-corda\/","url":"https:\/\/lovme.pt\/index.php\/produto\/diablo-picante-bonecas-de-brincadeira-posicao-sexual-de-frente-com-corda\/","name":"DIABLO PICANTE - BONECAS DE BRINCADEIRA POSI\u00c7\u00c3O SEXUAL DE FRENTE COM CORDA - Lovme","isPartOf":{"@id":"https:\/\/lovme.pt\/#website"},"primaryImageOfPage":{"@id":"https:\/\/lovme.pt\/index.php\/produto\/diablo-picante-bonecas-de-brincadeira-posicao-sexual-de-frente-com-corda\/#primaryimage"},"image":{"@id":"https:\/\/lovme.pt\/index.php\/produto\/diablo-picante-bonecas-de-brincadeira-posicao-sexual-de-frente-com-corda\/#primaryimage"},"thumbnailUrl":"https:\/\/erki24nd3ub.exactdn.com\/wp-content\/uploads\/dream\/img\/img_216759_2df06566631243201c5055e4dce2bb3a_1.jpg?strip=all","datePublished":"2025-11-28T20:11:48+00:00","dateModified":"2026-02-19T20:12:31+00:00","breadcrumb":{"@id":"https:\/\/lovme.pt\/index.php\/produto\/diablo-picante-bonecas-de-brincadeira-posicao-sexual-de-frente-com-corda\/#breadcrumb"},"inLanguage":"pt-PT","potentialAction":[{"@type":"ReadAction","target":["https:\/\/lovme.pt\/index.php\/produto\/diablo-picante-bonecas-de-brincadeira-posicao-sexual-de-frente-com-corda\/"]}]},{"@type":"ImageObject","inLanguage":"pt-PT","@id":"https:\/\/lovme.pt\/index.php\/produto\/diablo-picante-bonecas-de-brincadeira-posicao-sexual-de-frente-com-corda\/#primaryimage","url":"https:\/\/erki24nd3ub.exactdn.com\/wp-content\/uploads\/dream\/img\/img_216759_2df06566631243201c5055e4dce2bb3a_1.jpg?strip=all","contentUrl":"https:\/\/erki24nd3ub.exactdn.com\/wp-content\/uploads\/dream\/img\/img_216759_2df06566631243201c5055e4dce2bb3a_1.jpg?strip=all","width":900,"height":900},{"@type":"BreadcrumbList","@id":"https:\/\/lovme.pt\/index.php\/produto\/diablo-picante-bonecas-de-brincadeira-posicao-sexual-de-frente-com-corda\/#breadcrumb","itemListElement":[{"@type":"ListItem","position":1,"name":"In\u00edcio","item":"https:\/\/lovme.pt\/"},{"@type":"ListItem","position":2,"name":"Loja","item":"https:\/\/lovme.pt\/index.php\/loja\/"},{"@type":"ListItem","position":3,"name":"DIABLO PICANTE &#8211; BONECAS DE BRINCADEIRA POSI\u00c7\u00c3O SEXUAL DE FRENTE COM CORDA"}]},{"@type":"WebSite","@id":"https:\/\/lovme.pt\/#website","url":"https:\/\/lovme.pt\/","name":"Lovme Loja Er\u00f3tica N\u00ba1 em Portugal","description":"A melhor loja er\u00f3tica de Portugal.","alternateName":"Loja Er\u00f3tica Lovme","potentialAction":[{"@type":"SearchAction","target":{"@type":"EntryPoint","urlTemplate":"https:\/\/lovme.pt\/?s={search_term_string}"},"query-input":{"@type":"PropertyValueSpecification","valueRequired":true,"valueName":"search_term_string"}}],"inLanguage":"pt-PT"}]}},"_links":{"self":[{"href":"https:\/\/lovme.pt\/index.php\/wp-json\/wp\/v2\/product\/104722","targetHints":{"allow":["GET"]}}],"collection":[{"href":"https:\/\/lovme.pt\/index.php\/wp-json\/wp\/v2\/product"}],"about":[{"href":"https:\/\/lovme.pt\/index.php\/wp-json\/wp\/v2\/types\/product"}],"wp:featuredmedia":[{"embeddable":true,"href":"https:\/\/lovme.pt\/index.php\/wp-json\/wp\/v2\/media\/104723"}],"wp:attachment":[{"href":"https:\/\/lovme.pt\/index.php\/wp-json\/wp\/v2\/media?parent=104722"}],"wp:term":[{"taxonomy":"product_brand","embeddable":true,"href":"https:\/\/lovme.pt\/index.php\/wp-json\/wp\/v2\/product_brand?post=104722"},{"taxonomy":"product_cat","embeddable":true,"href":"https:\/\/lovme.pt\/index.php\/wp-json\/wp\/v2\/product_cat?post=104722"},{"taxonomy":"product_tag","embeddable":true,"href":"https:\/\/lovme.pt\/index.php\/wp-json\/wp\/v2\/product_tag?post=104722"}],"curies":[{"name":"wp","href":"https:\/\/api.w.org\/{rel}","templated":true}]}}