{"id":104353,"date":"2025-11-14T00:04:39","date_gmt":"2025-11-14T00:04:39","guid":{"rendered":"https:\/\/lovme.pt\/?post_type=product&#038;p=104353"},"modified":"2026-02-19T20:05:47","modified_gmt":"2026-02-19T20:05:47","slug":"bijoux-indiscrets-sex-au-naturel-gel-intimo-prebiotico-com-espuma-150-ml","status":"publish","type":"product","link":"https:\/\/lovme.pt\/index.php\/produto\/bijoux-indiscrets-sex-au-naturel-gel-intimo-prebiotico-com-espuma-150-ml\/","title":{"rendered":"BIJOUX INDISCRETS &#8211; SEX AU NATUREL GEL \u00cdNTIMO PREBI\u00d3TICO COM ESPUMA 150 ML"},"content":{"rendered":"<p>Nossa espuma \u00edntima foi criada para cuidar do seu equil\u00edbrio tanto quanto do seu conforto. Sua f\u00f3rmula suave, sem sab\u00e3o, limpa eficazmente sem remover a hidrata\u00e7\u00e3o natural da pele, enquanto prebi\u00f3ticos, \u00e1cido l\u00e1tico e extratos bot\u00e2nicos calmantes atuam em conjunto para manter a flora protetora natural. O resultado: frescor, maciez e bem-estar di\u00e1rio para a sua pele mais delicada. A higiene \u00edntima n\u00e3o se resume apenas \u00e0 limpeza, mas tamb\u00e9m ao equil\u00edbrio, cuidado e conforto da sua vulva.<\/p>\n<p> <strong>F\u00f3rmula sem sab\u00e3o que respeita o equil\u00edbrio natural<\/strong>  Sabonetes agressivos podem ressecar a vulva e alterar seu microbioma natural. Esta espuma sem sab\u00e3o limpa eficazmente, mantendo o equil\u00edbrio natural e o conforto da regi\u00e3o \u00edntima.<\/p>\n<p> <strong>Prebi\u00f3ticos e lactobacilos que protegem a flora natural<\/strong>  A flora \u00edntima \u00e9 a primeira linha de defesa contra infec\u00e7\u00f5es e desequil\u00edbrios. Prebi\u00f3ticos e lactobacilos ajudam a manter um ecossistema saud\u00e1vel e uma barreira protetora eficaz.<\/p>\n<p> <strong>O \u00e1cido l\u00e1tico mant\u00e9m um pH saud\u00e1vel<\/strong>  Um pH \u00e1cido (em torno de 4 a 4,5) \u00e9 essencial para a sa\u00fade vaginal. O \u00e1cido l\u00e1tico ajuda a preservar esse equil\u00edbrio e previne desconforto ou irrita\u00e7\u00e3o.<\/p>\n<p> <strong>Extratos bot\u00e2nicos que acalmam e aliviam<\/strong>  A regi\u00e3o \u00edntima pode ficar facilmente vermelha ou irritada. Extratos naturais oferecem propriedades anti-inflamat\u00f3rias e calmantes que restauram o conforto e a maciez.<\/p>\n<p> <strong>A niacinamida e o pantenol fortalecem a barreira cut\u00e2nea<\/strong>  Como a pele nessa \u00e1rea \u00e9 delicada, esses ingredientes ativos hidratam, reparam e melhoram sua resist\u00eancia, deixando-a macia, flex\u00edvel e protegida.<\/p>\n<p> <strong>Livre de parabenos, sulfatos e disruptores end\u00f3crinos<\/strong>  O cuidado \u00edntimo deve ser seguro e respeitoso. Esta f\u00f3rmula evita subst\u00e2ncias qu\u00edmicas agressivas, protegendo a pele ao longo do tempo.<\/p>\n<p> <strong>Testado dermatologicamente para conforto di\u00e1rio<\/strong>  Adequado para uso di\u00e1rio, mesmo em peles sens\u00edveis.<\/p>\n<p> <u><strong>CARACTER\u00cdSTICAS<\/strong><\/u> :<\/p>\n<ul>\n<li> Espuma de limpeza \u00edntima prebi\u00f3tica  Suave<\/li>\n<li> Conte\u00fado: 150 ml<\/li>\n<li> Livre de parabenos, sulfatos e desreguladores end\u00f3crinos.<\/li>\n<li> Vegan<\/li>\n<li> <strong>Ingredientes<\/strong> : \u00c1GUA, COCAMIDOPROPIL BETA\u00cdNA, COCO GLUCOS\u00cdDEO, PROPILENOGLICOL, \u00c1CIDO L\u00c1TICO, EXTRATO DA FLOR DE CAL\u00caNDULA OFFICINALIS, EXTRATO DA FLOR DE CAMOMILA RECUTITA, EXTRATO DA RESINA DE COMMIPHORA MYRRHA, EXTRATO DA FOLHA DE HAMAMELIS VIRGINIANA, \u00d3LEO DE LAVANDULA ANGUSTIFOLIA, GLICERINA, NIACINAMIDA, MALTODEXTRINA, LACTOBACILLUS, DEXPANTENOL, \u00c1LCOOL BENZ\u00cdLICO, ETILHEXILGLICERINA, SORBATO DE POT\u00c1SSIO, BENZOATO DE S\u00d3DIO, ACETATO DE LINALILA, LINALOL, FENOXIETANOL, PROPANODIOL.<\/li>\n<\/ul>\n","protected":false},"excerpt":{"rendered":"<p>BIJOUX INDISCRETS &#8211; SEX AU NATUREL GEL \u00cdNTIMO PREBI\u00d3TICO COM ESPUMA 150 ML<\/p>\n","protected":false},"featured_media":104354,"template":"","meta":{"_acf_changed":false},"product_brand":[],"product_cat":[49,55,72],"product_tag":[],"class_list":{"0":"post-104353","1":"product","2":"type-product","3":"status-publish","4":"has-post-thumbnail","6":"product_cat-cosmeticos","7":"product_cat-cuidado-de-brinquedos","8":"product_cat-higiene-intima","9":"yith_product_brand-bijoux-indiscretsbijoux-au-naturel","10":"yith_product_brand-bijoux-indiscrets","12":"first","13":"instock","14":"taxable","15":"shipping-taxable","16":"purchasable","17":"product-type-simple"},"acf":[],"yoast_head":"<!-- This site is optimized with the Yoast SEO plugin v27.4 - https:\/\/yoast.com\/product\/yoast-seo-wordpress\/ -->\n<title>BIJOUX INDISCRETS - SEX AU NATUREL GEL \u00cdNTIMO PREBI\u00d3TICO COM ESPUMA 150 ML - Lovme<\/title>\n<meta name=\"robots\" content=\"index, follow, max-snippet:-1, max-image-preview:large, max-video-preview:-1\" \/>\n<link rel=\"canonical\" href=\"https:\/\/lovme.pt\/index.php\/produto\/bijoux-indiscrets-sex-au-naturel-gel-intimo-prebiotico-com-espuma-150-ml\/\" \/>\n<meta property=\"og:locale\" content=\"pt_PT\" \/>\n<meta property=\"og:type\" content=\"article\" \/>\n<meta property=\"og:title\" content=\"BIJOUX INDISCRETS - SEX AU NATUREL GEL \u00cdNTIMO PREBI\u00d3TICO COM ESPUMA 150 ML - Lovme\" \/>\n<meta property=\"og:description\" content=\"BIJOUX INDISCRETS - SEX AU NATUREL GEL \u00cdNTIMO PREBI\u00d3TICO COM ESPUMA 150 ML\" \/>\n<meta property=\"og:url\" content=\"https:\/\/lovme.pt\/index.php\/produto\/bijoux-indiscrets-sex-au-naturel-gel-intimo-prebiotico-com-espuma-150-ml\/\" \/>\n<meta property=\"og:site_name\" content=\"Lovme\" \/>\n<meta property=\"article:modified_time\" content=\"2026-02-19T20:05:47+00:00\" \/>\n<meta property=\"og:image\" content=\"https:\/\/erki24nd3ub.exactdn.com\/wp-content\/uploads\/dream\/img\/img_217066_10f2c034d231ff055bc31f828178e877_1.jpg?strip=all\" \/>\n\t<meta property=\"og:image:width\" content=\"900\" \/>\n\t<meta property=\"og:image:height\" content=\"900\" \/>\n\t<meta property=\"og:image:type\" content=\"image\/jpeg\" \/>\n<meta name=\"twitter:card\" content=\"summary_large_image\" \/>\n<meta name=\"twitter:label1\" content=\"Tempo estimado de leitura\" \/>\n\t<meta name=\"twitter:data1\" content=\"2 minutos\" \/>\n<script type=\"application\/ld+json\" class=\"yoast-schema-graph\">{\"@context\":\"https:\\\/\\\/schema.org\",\"@graph\":[{\"@type\":\"WebPage\",\"@id\":\"https:\\\/\\\/lovme.pt\\\/index.php\\\/produto\\\/bijoux-indiscrets-sex-au-naturel-gel-intimo-prebiotico-com-espuma-150-ml\\\/\",\"url\":\"https:\\\/\\\/lovme.pt\\\/index.php\\\/produto\\\/bijoux-indiscrets-sex-au-naturel-gel-intimo-prebiotico-com-espuma-150-ml\\\/\",\"name\":\"BIJOUX INDISCRETS - SEX AU NATUREL GEL \u00cdNTIMO PREBI\u00d3TICO COM ESPUMA 150 ML - Lovme\",\"isPartOf\":{\"@id\":\"https:\\\/\\\/lovme.pt\\\/#website\"},\"primaryImageOfPage\":{\"@id\":\"https:\\\/\\\/lovme.pt\\\/index.php\\\/produto\\\/bijoux-indiscrets-sex-au-naturel-gel-intimo-prebiotico-com-espuma-150-ml\\\/#primaryimage\"},\"image\":{\"@id\":\"https:\\\/\\\/lovme.pt\\\/index.php\\\/produto\\\/bijoux-indiscrets-sex-au-naturel-gel-intimo-prebiotico-com-espuma-150-ml\\\/#primaryimage\"},\"thumbnailUrl\":\"https:\\\/\\\/erki24nd3ub.exactdn.com\\\/wp-content\\\/uploads\\\/dream\\\/img\\\/img_217066_10f2c034d231ff055bc31f828178e877_1.jpg?strip=all\",\"datePublished\":\"2025-11-14T00:04:39+00:00\",\"dateModified\":\"2026-02-19T20:05:47+00:00\",\"breadcrumb\":{\"@id\":\"https:\\\/\\\/lovme.pt\\\/index.php\\\/produto\\\/bijoux-indiscrets-sex-au-naturel-gel-intimo-prebiotico-com-espuma-150-ml\\\/#breadcrumb\"},\"inLanguage\":\"pt-PT\",\"potentialAction\":[{\"@type\":\"ReadAction\",\"target\":[\"https:\\\/\\\/lovme.pt\\\/index.php\\\/produto\\\/bijoux-indiscrets-sex-au-naturel-gel-intimo-prebiotico-com-espuma-150-ml\\\/\"]}]},{\"@type\":\"ImageObject\",\"inLanguage\":\"pt-PT\",\"@id\":\"https:\\\/\\\/lovme.pt\\\/index.php\\\/produto\\\/bijoux-indiscrets-sex-au-naturel-gel-intimo-prebiotico-com-espuma-150-ml\\\/#primaryimage\",\"url\":\"https:\\\/\\\/erki24nd3ub.exactdn.com\\\/wp-content\\\/uploads\\\/dream\\\/img\\\/img_217066_10f2c034d231ff055bc31f828178e877_1.jpg?strip=all\",\"contentUrl\":\"https:\\\/\\\/erki24nd3ub.exactdn.com\\\/wp-content\\\/uploads\\\/dream\\\/img\\\/img_217066_10f2c034d231ff055bc31f828178e877_1.jpg?strip=all\",\"width\":900,\"height\":900},{\"@type\":\"BreadcrumbList\",\"@id\":\"https:\\\/\\\/lovme.pt\\\/index.php\\\/produto\\\/bijoux-indiscrets-sex-au-naturel-gel-intimo-prebiotico-com-espuma-150-ml\\\/#breadcrumb\",\"itemListElement\":[{\"@type\":\"ListItem\",\"position\":1,\"name\":\"In\u00edcio\",\"item\":\"https:\\\/\\\/lovme.pt\\\/\"},{\"@type\":\"ListItem\",\"position\":2,\"name\":\"Loja\",\"item\":\"https:\\\/\\\/lovme.pt\\\/index.php\\\/loja\\\/\"},{\"@type\":\"ListItem\",\"position\":3,\"name\":\"BIJOUX INDISCRETS &#8211; SEX AU NATUREL GEL \u00cdNTIMO PREBI\u00d3TICO COM ESPUMA 150 ML\"}]},{\"@type\":\"WebSite\",\"@id\":\"https:\\\/\\\/lovme.pt\\\/#website\",\"url\":\"https:\\\/\\\/lovme.pt\\\/\",\"name\":\"Lovme Loja Er\u00f3tica N\u00ba1 em Portugal\",\"description\":\"A melhor loja er\u00f3tica de Portugal.\",\"alternateName\":\"Loja Er\u00f3tica Lovme\",\"potentialAction\":[{\"@type\":\"SearchAction\",\"target\":{\"@type\":\"EntryPoint\",\"urlTemplate\":\"https:\\\/\\\/lovme.pt\\\/?s={search_term_string}\"},\"query-input\":{\"@type\":\"PropertyValueSpecification\",\"valueRequired\":true,\"valueName\":\"search_term_string\"}}],\"inLanguage\":\"pt-PT\"}]}<\/script>\n<!-- \/ Yoast SEO plugin. -->","yoast_head_json":{"title":"BIJOUX INDISCRETS - SEX AU NATUREL GEL \u00cdNTIMO PREBI\u00d3TICO COM ESPUMA 150 ML - Lovme","robots":{"index":"index","follow":"follow","max-snippet":"max-snippet:-1","max-image-preview":"max-image-preview:large","max-video-preview":"max-video-preview:-1"},"canonical":"https:\/\/lovme.pt\/index.php\/produto\/bijoux-indiscrets-sex-au-naturel-gel-intimo-prebiotico-com-espuma-150-ml\/","og_locale":"pt_PT","og_type":"article","og_title":"BIJOUX INDISCRETS - SEX AU NATUREL GEL \u00cdNTIMO PREBI\u00d3TICO COM ESPUMA 150 ML - Lovme","og_description":"BIJOUX INDISCRETS - SEX AU NATUREL GEL \u00cdNTIMO PREBI\u00d3TICO COM ESPUMA 150 ML","og_url":"https:\/\/lovme.pt\/index.php\/produto\/bijoux-indiscrets-sex-au-naturel-gel-intimo-prebiotico-com-espuma-150-ml\/","og_site_name":"Lovme","article_modified_time":"2026-02-19T20:05:47+00:00","og_image":[{"width":900,"height":900,"url":"https:\/\/erki24nd3ub.exactdn.com\/wp-content\/uploads\/dream\/img\/img_217066_10f2c034d231ff055bc31f828178e877_1.jpg?strip=all","type":"image\/jpeg"}],"twitter_card":"summary_large_image","twitter_misc":{"Tempo estimado de leitura":"2 minutos"},"schema":{"@context":"https:\/\/schema.org","@graph":[{"@type":"WebPage","@id":"https:\/\/lovme.pt\/index.php\/produto\/bijoux-indiscrets-sex-au-naturel-gel-intimo-prebiotico-com-espuma-150-ml\/","url":"https:\/\/lovme.pt\/index.php\/produto\/bijoux-indiscrets-sex-au-naturel-gel-intimo-prebiotico-com-espuma-150-ml\/","name":"BIJOUX INDISCRETS - SEX AU NATUREL GEL \u00cdNTIMO PREBI\u00d3TICO COM ESPUMA 150 ML - Lovme","isPartOf":{"@id":"https:\/\/lovme.pt\/#website"},"primaryImageOfPage":{"@id":"https:\/\/lovme.pt\/index.php\/produto\/bijoux-indiscrets-sex-au-naturel-gel-intimo-prebiotico-com-espuma-150-ml\/#primaryimage"},"image":{"@id":"https:\/\/lovme.pt\/index.php\/produto\/bijoux-indiscrets-sex-au-naturel-gel-intimo-prebiotico-com-espuma-150-ml\/#primaryimage"},"thumbnailUrl":"https:\/\/erki24nd3ub.exactdn.com\/wp-content\/uploads\/dream\/img\/img_217066_10f2c034d231ff055bc31f828178e877_1.jpg?strip=all","datePublished":"2025-11-14T00:04:39+00:00","dateModified":"2026-02-19T20:05:47+00:00","breadcrumb":{"@id":"https:\/\/lovme.pt\/index.php\/produto\/bijoux-indiscrets-sex-au-naturel-gel-intimo-prebiotico-com-espuma-150-ml\/#breadcrumb"},"inLanguage":"pt-PT","potentialAction":[{"@type":"ReadAction","target":["https:\/\/lovme.pt\/index.php\/produto\/bijoux-indiscrets-sex-au-naturel-gel-intimo-prebiotico-com-espuma-150-ml\/"]}]},{"@type":"ImageObject","inLanguage":"pt-PT","@id":"https:\/\/lovme.pt\/index.php\/produto\/bijoux-indiscrets-sex-au-naturel-gel-intimo-prebiotico-com-espuma-150-ml\/#primaryimage","url":"https:\/\/erki24nd3ub.exactdn.com\/wp-content\/uploads\/dream\/img\/img_217066_10f2c034d231ff055bc31f828178e877_1.jpg?strip=all","contentUrl":"https:\/\/erki24nd3ub.exactdn.com\/wp-content\/uploads\/dream\/img\/img_217066_10f2c034d231ff055bc31f828178e877_1.jpg?strip=all","width":900,"height":900},{"@type":"BreadcrumbList","@id":"https:\/\/lovme.pt\/index.php\/produto\/bijoux-indiscrets-sex-au-naturel-gel-intimo-prebiotico-com-espuma-150-ml\/#breadcrumb","itemListElement":[{"@type":"ListItem","position":1,"name":"In\u00edcio","item":"https:\/\/lovme.pt\/"},{"@type":"ListItem","position":2,"name":"Loja","item":"https:\/\/lovme.pt\/index.php\/loja\/"},{"@type":"ListItem","position":3,"name":"BIJOUX INDISCRETS &#8211; SEX AU NATUREL GEL \u00cdNTIMO PREBI\u00d3TICO COM ESPUMA 150 ML"}]},{"@type":"WebSite","@id":"https:\/\/lovme.pt\/#website","url":"https:\/\/lovme.pt\/","name":"Lovme Loja Er\u00f3tica N\u00ba1 em Portugal","description":"A melhor loja er\u00f3tica de Portugal.","alternateName":"Loja Er\u00f3tica Lovme","potentialAction":[{"@type":"SearchAction","target":{"@type":"EntryPoint","urlTemplate":"https:\/\/lovme.pt\/?s={search_term_string}"},"query-input":{"@type":"PropertyValueSpecification","valueRequired":true,"valueName":"search_term_string"}}],"inLanguage":"pt-PT"}]}},"_links":{"self":[{"href":"https:\/\/lovme.pt\/index.php\/wp-json\/wp\/v2\/product\/104353","targetHints":{"allow":["GET"]}}],"collection":[{"href":"https:\/\/lovme.pt\/index.php\/wp-json\/wp\/v2\/product"}],"about":[{"href":"https:\/\/lovme.pt\/index.php\/wp-json\/wp\/v2\/types\/product"}],"wp:featuredmedia":[{"embeddable":true,"href":"https:\/\/lovme.pt\/index.php\/wp-json\/wp\/v2\/media\/104354"}],"wp:attachment":[{"href":"https:\/\/lovme.pt\/index.php\/wp-json\/wp\/v2\/media?parent=104353"}],"wp:term":[{"taxonomy":"product_brand","embeddable":true,"href":"https:\/\/lovme.pt\/index.php\/wp-json\/wp\/v2\/product_brand?post=104353"},{"taxonomy":"product_cat","embeddable":true,"href":"https:\/\/lovme.pt\/index.php\/wp-json\/wp\/v2\/product_cat?post=104353"},{"taxonomy":"product_tag","embeddable":true,"href":"https:\/\/lovme.pt\/index.php\/wp-json\/wp\/v2\/product_tag?post=104353"}],"curies":[{"name":"wp","href":"https:\/\/api.w.org\/{rel}","templated":true}]}}