{"id":104324,"date":"2025-11-11T18:45:58","date_gmt":"2025-11-11T18:45:58","guid":{"rendered":"https:\/\/lovme.pt\/?post_type=product&p=104324"},"modified":"2026-02-19T20:11:27","modified_gmt":"2026-02-19T20:11:27","slug":"cobeco-rush-herbal-popper-spray-15-ml-oeste-2","status":"publish","type":"product","link":"https:\/\/lovme.pt\/index.php\/produto\/cobeco-rush-herbal-popper-spray-15-ml-oeste-2\/","title":{"rendered":"COBECO &#8211; RUSH HERBAL POPPER SPRAY 15 ML &#8211; OESTE"},"content":{"rendered":"<p>Rush Herbal Popper \u00e9 um energ\u00e9tico natural que proporciona rela\u00e7\u00f5es sexuais mais intensas. Essas gotas de energia ativam a energia f\u00edsica e, portanto, tamb\u00e9m fornecem mais poder sexual, gra\u00e7as a ingredientes como o ginseng siberiano e o ginkgo biloba. Experimente como o poder sexual de Rush Herbal Popper lhe d\u00e1 uma euforia er\u00f3tica, para um prazer mais intenso e inesquec\u00edvel.<\/p>\n<ul>\n<li>Fornece pot\u00eancia sexual adicional<\/li>\n<li>Ginkgo Biloba melhora a resist\u00eancia*<\/li>\n<li>Experimente uma alta er\u00f3tica<\/li>\n<\/ul>\n<p><strong>Como funciona<\/strong><\/p>\n<p>Este revigorante exclusivo melhora as rela\u00e7\u00f5es sexuais de forma natural. As gotas s\u00e3o facilmente e rapidamente absorvidas pelo organismo e proporcionam mais vitalidade sexual. Sua f\u00f3rmula balanceada aproveita as propriedades energ\u00e9ticas de ingredientes como Ginkgo Biloba e Ginseng Siberiano. O extrato de Eleutherococcus, ou ginseng siberiano, \u00e9 tradicionalmente conhecido por suas propriedades curativas, equilibrantes e energizantes. O extrato de Serenoa Serrulata pode promover a boa sa\u00fade dos \u00f3rg\u00e3os sexuais e o vigor sexual. O Ginkgo Biloba melhora a resist\u00eancia e, paralelamente, a energia sexual, com a qual se pode sentir um desejo sexual mais intenso.<\/p>\n<p><strong>Informa\u00e7\u00f5es adicionais<\/strong><\/p>\n<p>\u00c9 uma prepara\u00e7\u00e3o \u00e0 base de ervas, amino\u00e1cidos e vitaminas. Um suplemento alimentar n\u00e3o deve ser utilizado como substituto de uma dieta variada e equilibrada e de um estilo de vida saud\u00e1vel. Manter fora do alcance das crian\u00e7as. Conservar em local seco \u00e0 temperatura ambiente.<\/p>\n<p><strong>Ingredientes<\/strong><\/p>\n<p>Ingredientes em 3 ml: \u00e1gua, 39 mg L-arginina, 39 mg ginseng siberiano (Eleutherococcus senticosus), 39 mg Serenoa repens, 39 mg cranberry (Vaccinium macrocarpon), 15 mg Ginkgo biloba, 15 mg L-\u00e1cido glut\u00e2mico, 15 mg L -alanina, 15 mg L-lisina, 15 mg EN* niacina (como nicotinamida) (83% IR**), cloreto de s\u00f3dio, conservantes: E211, E202. *EN = Niacina Equivalente. **RI = Ingest\u00e3o de Refer\u00eancia.<\/p>\n<p><strong>Usar<\/strong><\/p>\n<p>Agitar antes de usar. Nebulizar 3 ml (de 2 a 5 borrifadas) sob a l\u00edngua cerca de 15 minutos antes do efeito desejado. N\u00e3o tome mais de 3 ml em 24 horas. N\u00e3o exceda a dose di\u00e1ria recomendada.<\/p>\n<p>* Este produto cont\u00e9m uma etiqueta com instru\u00e7\u00f5es fornecidas nos seguintes idiomas: \/en\/fr\/es\/it\/nl\/<\/p>\n","protected":false},"excerpt":{"rendered":"<p>EMBALAGEM DISPON\u00cdVEL EM: \/pt\/de\/fr\/es\/it\/nl\/<\/p>\n","protected":false},"featured_media":104325,"template":"","meta":{"_acf_changed":false},"product_brand":[],"product_cat":[49,52,70],"product_tag":[],"class_list":{"0":"post-104324","1":"product","2":"type-product","3":"status-publish","4":"has-post-thumbnail","6":"product_cat-cosmeticos","7":"product_cat-estimulantes","8":"product_cat-saude","9":"yith_product_brand-cobeco-pharma","11":"first","12":"instock","13":"taxable","14":"shipping-taxable","15":"purchasable","16":"product-type-simple"},"acf":[],"yoast_head":"<!-- This site is optimized with the Yoast SEO plugin v27.4 - https:\/\/yoast.com\/product\/yoast-seo-wordpress\/ -->\n<title>COBECO - RUSH HERBAL POPPER SPRAY 15 ML - OESTE - Lovme<\/title>\n<meta name=\"robots\" content=\"index, follow, max-snippet:-1, max-image-preview:large, max-video-preview:-1\" \/>\n<link rel=\"canonical\" href=\"https:\/\/lovme.pt\/index.php\/produto\/cobeco-rush-herbal-popper-spray-15-ml-oeste-2\/\" \/>\n<meta property=\"og:locale\" content=\"pt_PT\" \/>\n<meta property=\"og:type\" content=\"article\" \/>\n<meta property=\"og:title\" content=\"COBECO - RUSH HERBAL POPPER SPRAY 15 ML - OESTE - Lovme\" \/>\n<meta property=\"og:description\" content=\"EMBALAGEM DISPON\u00cdVEL EM: \/pt\/de\/fr\/es\/it\/nl\/\" \/>\n<meta property=\"og:url\" content=\"https:\/\/lovme.pt\/index.php\/produto\/cobeco-rush-herbal-popper-spray-15-ml-oeste-2\/\" \/>\n<meta property=\"og:site_name\" content=\"Lovme\" \/>\n<meta property=\"article:modified_time\" content=\"2026-02-19T20:11:27+00:00\" \/>\n<meta property=\"og:image\" content=\"https:\/\/erki24nd3ub.exactdn.com\/wp-content\/uploads\/dream\/img\/img_216279_4d3649002b2360d6023f19b62cb1780a_1.jpg?strip=all\" \/>\n\t<meta property=\"og:image:width\" content=\"800\" \/>\n\t<meta property=\"og:image:height\" content=\"800\" \/>\n\t<meta property=\"og:image:type\" content=\"image\/jpeg\" \/>\n<meta name=\"twitter:card\" content=\"summary_large_image\" \/>\n<meta name=\"twitter:label1\" content=\"Tempo estimado de leitura\" \/>\n\t<meta name=\"twitter:data1\" content=\"2 minutos\" \/>\n<script type=\"application\/ld+json\" class=\"yoast-schema-graph\">{\"@context\":\"https:\\\/\\\/schema.org\",\"@graph\":[{\"@type\":\"WebPage\",\"@id\":\"https:\\\/\\\/lovme.pt\\\/index.php\\\/produto\\\/cobeco-rush-herbal-popper-spray-15-ml-oeste-2\\\/\",\"url\":\"https:\\\/\\\/lovme.pt\\\/index.php\\\/produto\\\/cobeco-rush-herbal-popper-spray-15-ml-oeste-2\\\/\",\"name\":\"COBECO - RUSH HERBAL POPPER SPRAY 15 ML - OESTE - Lovme\",\"isPartOf\":{\"@id\":\"https:\\\/\\\/lovme.pt\\\/#website\"},\"primaryImageOfPage\":{\"@id\":\"https:\\\/\\\/lovme.pt\\\/index.php\\\/produto\\\/cobeco-rush-herbal-popper-spray-15-ml-oeste-2\\\/#primaryimage\"},\"image\":{\"@id\":\"https:\\\/\\\/lovme.pt\\\/index.php\\\/produto\\\/cobeco-rush-herbal-popper-spray-15-ml-oeste-2\\\/#primaryimage\"},\"thumbnailUrl\":\"https:\\\/\\\/erki24nd3ub.exactdn.com\\\/wp-content\\\/uploads\\\/dream\\\/img\\\/img_216279_4d3649002b2360d6023f19b62cb1780a_1.jpg?strip=all\",\"datePublished\":\"2025-11-11T18:45:58+00:00\",\"dateModified\":\"2026-02-19T20:11:27+00:00\",\"breadcrumb\":{\"@id\":\"https:\\\/\\\/lovme.pt\\\/index.php\\\/produto\\\/cobeco-rush-herbal-popper-spray-15-ml-oeste-2\\\/#breadcrumb\"},\"inLanguage\":\"pt-PT\",\"potentialAction\":[{\"@type\":\"ReadAction\",\"target\":[\"https:\\\/\\\/lovme.pt\\\/index.php\\\/produto\\\/cobeco-rush-herbal-popper-spray-15-ml-oeste-2\\\/\"]}]},{\"@type\":\"ImageObject\",\"inLanguage\":\"pt-PT\",\"@id\":\"https:\\\/\\\/lovme.pt\\\/index.php\\\/produto\\\/cobeco-rush-herbal-popper-spray-15-ml-oeste-2\\\/#primaryimage\",\"url\":\"https:\\\/\\\/erki24nd3ub.exactdn.com\\\/wp-content\\\/uploads\\\/dream\\\/img\\\/img_216279_4d3649002b2360d6023f19b62cb1780a_1.jpg?strip=all\",\"contentUrl\":\"https:\\\/\\\/erki24nd3ub.exactdn.com\\\/wp-content\\\/uploads\\\/dream\\\/img\\\/img_216279_4d3649002b2360d6023f19b62cb1780a_1.jpg?strip=all\",\"width\":800,\"height\":800},{\"@type\":\"BreadcrumbList\",\"@id\":\"https:\\\/\\\/lovme.pt\\\/index.php\\\/produto\\\/cobeco-rush-herbal-popper-spray-15-ml-oeste-2\\\/#breadcrumb\",\"itemListElement\":[{\"@type\":\"ListItem\",\"position\":1,\"name\":\"In\u00edcio\",\"item\":\"https:\\\/\\\/lovme.pt\\\/\"},{\"@type\":\"ListItem\",\"position\":2,\"name\":\"Loja\",\"item\":\"https:\\\/\\\/lovme.pt\\\/index.php\\\/loja\\\/\"},{\"@type\":\"ListItem\",\"position\":3,\"name\":\"COBECO &#8211; RUSH HERBAL POPPER SPRAY 15 ML &#8211; OESTE\"}]},{\"@type\":\"WebSite\",\"@id\":\"https:\\\/\\\/lovme.pt\\\/#website\",\"url\":\"https:\\\/\\\/lovme.pt\\\/\",\"name\":\"Lovme Loja Er\u00f3tica N\u00ba1 em Portugal\",\"description\":\"A melhor loja er\u00f3tica de Portugal.\",\"alternateName\":\"Loja Er\u00f3tica Lovme\",\"potentialAction\":[{\"@type\":\"SearchAction\",\"target\":{\"@type\":\"EntryPoint\",\"urlTemplate\":\"https:\\\/\\\/lovme.pt\\\/?s={search_term_string}\"},\"query-input\":{\"@type\":\"PropertyValueSpecification\",\"valueRequired\":true,\"valueName\":\"search_term_string\"}}],\"inLanguage\":\"pt-PT\"}]}<\/script>\n<!-- \/ Yoast SEO plugin. -->","yoast_head_json":{"title":"COBECO - RUSH HERBAL POPPER SPRAY 15 ML - OESTE - Lovme","robots":{"index":"index","follow":"follow","max-snippet":"max-snippet:-1","max-image-preview":"max-image-preview:large","max-video-preview":"max-video-preview:-1"},"canonical":"https:\/\/lovme.pt\/index.php\/produto\/cobeco-rush-herbal-popper-spray-15-ml-oeste-2\/","og_locale":"pt_PT","og_type":"article","og_title":"COBECO - RUSH HERBAL POPPER SPRAY 15 ML - OESTE - Lovme","og_description":"EMBALAGEM DISPON\u00cdVEL EM: \/pt\/de\/fr\/es\/it\/nl\/","og_url":"https:\/\/lovme.pt\/index.php\/produto\/cobeco-rush-herbal-popper-spray-15-ml-oeste-2\/","og_site_name":"Lovme","article_modified_time":"2026-02-19T20:11:27+00:00","og_image":[{"width":800,"height":800,"url":"https:\/\/erki24nd3ub.exactdn.com\/wp-content\/uploads\/dream\/img\/img_216279_4d3649002b2360d6023f19b62cb1780a_1.jpg?strip=all","type":"image\/jpeg"}],"twitter_card":"summary_large_image","twitter_misc":{"Tempo estimado de leitura":"2 minutos"},"schema":{"@context":"https:\/\/schema.org","@graph":[{"@type":"WebPage","@id":"https:\/\/lovme.pt\/index.php\/produto\/cobeco-rush-herbal-popper-spray-15-ml-oeste-2\/","url":"https:\/\/lovme.pt\/index.php\/produto\/cobeco-rush-herbal-popper-spray-15-ml-oeste-2\/","name":"COBECO - RUSH HERBAL POPPER SPRAY 15 ML - OESTE - Lovme","isPartOf":{"@id":"https:\/\/lovme.pt\/#website"},"primaryImageOfPage":{"@id":"https:\/\/lovme.pt\/index.php\/produto\/cobeco-rush-herbal-popper-spray-15-ml-oeste-2\/#primaryimage"},"image":{"@id":"https:\/\/lovme.pt\/index.php\/produto\/cobeco-rush-herbal-popper-spray-15-ml-oeste-2\/#primaryimage"},"thumbnailUrl":"https:\/\/erki24nd3ub.exactdn.com\/wp-content\/uploads\/dream\/img\/img_216279_4d3649002b2360d6023f19b62cb1780a_1.jpg?strip=all","datePublished":"2025-11-11T18:45:58+00:00","dateModified":"2026-02-19T20:11:27+00:00","breadcrumb":{"@id":"https:\/\/lovme.pt\/index.php\/produto\/cobeco-rush-herbal-popper-spray-15-ml-oeste-2\/#breadcrumb"},"inLanguage":"pt-PT","potentialAction":[{"@type":"ReadAction","target":["https:\/\/lovme.pt\/index.php\/produto\/cobeco-rush-herbal-popper-spray-15-ml-oeste-2\/"]}]},{"@type":"ImageObject","inLanguage":"pt-PT","@id":"https:\/\/lovme.pt\/index.php\/produto\/cobeco-rush-herbal-popper-spray-15-ml-oeste-2\/#primaryimage","url":"https:\/\/erki24nd3ub.exactdn.com\/wp-content\/uploads\/dream\/img\/img_216279_4d3649002b2360d6023f19b62cb1780a_1.jpg?strip=all","contentUrl":"https:\/\/erki24nd3ub.exactdn.com\/wp-content\/uploads\/dream\/img\/img_216279_4d3649002b2360d6023f19b62cb1780a_1.jpg?strip=all","width":800,"height":800},{"@type":"BreadcrumbList","@id":"https:\/\/lovme.pt\/index.php\/produto\/cobeco-rush-herbal-popper-spray-15-ml-oeste-2\/#breadcrumb","itemListElement":[{"@type":"ListItem","position":1,"name":"In\u00edcio","item":"https:\/\/lovme.pt\/"},{"@type":"ListItem","position":2,"name":"Loja","item":"https:\/\/lovme.pt\/index.php\/loja\/"},{"@type":"ListItem","position":3,"name":"COBECO &#8211; RUSH HERBAL POPPER SPRAY 15 ML &#8211; OESTE"}]},{"@type":"WebSite","@id":"https:\/\/lovme.pt\/#website","url":"https:\/\/lovme.pt\/","name":"Lovme Loja Er\u00f3tica N\u00ba1 em Portugal","description":"A melhor loja er\u00f3tica de Portugal.","alternateName":"Loja Er\u00f3tica Lovme","potentialAction":[{"@type":"SearchAction","target":{"@type":"EntryPoint","urlTemplate":"https:\/\/lovme.pt\/?s={search_term_string}"},"query-input":{"@type":"PropertyValueSpecification","valueRequired":true,"valueName":"search_term_string"}}],"inLanguage":"pt-PT"}]}},"_links":{"self":[{"href":"https:\/\/lovme.pt\/index.php\/wp-json\/wp\/v2\/product\/104324","targetHints":{"allow":["GET"]}}],"collection":[{"href":"https:\/\/lovme.pt\/index.php\/wp-json\/wp\/v2\/product"}],"about":[{"href":"https:\/\/lovme.pt\/index.php\/wp-json\/wp\/v2\/types\/product"}],"wp:featuredmedia":[{"embeddable":true,"href":"https:\/\/lovme.pt\/index.php\/wp-json\/wp\/v2\/media\/104325"}],"wp:attachment":[{"href":"https:\/\/lovme.pt\/index.php\/wp-json\/wp\/v2\/media?parent=104324"}],"wp:term":[{"taxonomy":"product_brand","embeddable":true,"href":"https:\/\/lovme.pt\/index.php\/wp-json\/wp\/v2\/product_brand?post=104324"},{"taxonomy":"product_cat","embeddable":true,"href":"https:\/\/lovme.pt\/index.php\/wp-json\/wp\/v2\/product_cat?post=104324"},{"taxonomy":"product_tag","embeddable":true,"href":"https:\/\/lovme.pt\/index.php\/wp-json\/wp\/v2\/product_tag?post=104324"}],"curies":[{"name":"wp","href":"https:\/\/api.w.org\/{rel}","templated":true}]}}