{"id":104146,"date":"2025-10-31T12:45:17","date_gmt":"2025-10-31T12:45:17","guid":{"rendered":"https:\/\/lovme.pt\/?post_type=product&p=104146"},"modified":"2026-02-19T20:11:16","modified_gmt":"2026-02-19T20:11:16","slug":"pjur-creme-intimo-regenerador-organic-care-50-ml","status":"publish","type":"product","link":"https:\/\/lovme.pt\/index.php\/produto\/pjur-creme-intimo-regenerador-organic-care-50-ml\/","title":{"rendered":"PJUR &#8211; CREME \u00cdNTIMO REGENERADOR ORGANIC CARE 50 ML"},"content":{"rendered":"<p><strong>CREME \u00cdNTIMO REGENERADOR<\/strong> &#8211; A pele da sua \u00e1rea \u00edntima precisa de cuidados especiais. <strong>pjur ORGANIC Care<\/strong> \u00e9 um creme \u00edntimo suave, especialmente desenvolvido para peles sens\u00edveis, com uma f\u00f3rmula sem fragr\u00e2ncia, suave e altamente eficaz.<\/p>\n<p>Feito com 97% de ingredientes naturais e veganos, este creme de textura sedosa proporciona hidrata\u00e7\u00e3o intensa e duradoura. Acalma a pele irritada e ajuda a recuperar mais rapidamente dos microdanos causados pelo barbear ou fric\u00e7\u00e3o. Com o uso regular, <strong>o pjur ORGANIC Care<\/strong> ajuda a melhorar a elasticidade e a firmeza da pele e promove a regenera\u00e7\u00e3o natural da pele estressada. Gra\u00e7as ao seu dispensador sem ar, o creme \u00e9 f\u00e1cil e higi\u00eanico de aplicar. Basta bombear e repetir conforme necess\u00e1rio para obter a quantidade exata que voc\u00ea precisa.<\/p>\n<p>Ideal para peles sens\u00edveis, formulado para se adaptar ao pH natural da regi\u00e3o \u00edntima e dermatologicamente testado. Para uma pele mimada e aveludada, dia ap\u00f3s dia.<\/p>\n<p>Como parte da linha pjur ORGANIC, este produto \u00e9 o complemento ideal para ORGANIC Touch e ORGANIC Fresh, criando um conceito hol\u00edstico para cuidados \u00edntimos naturais que permite que voc\u00ea se sinta bem em cada encontro \u00edntimo.<\/p>\n<ul>\n<li>97% de ingredientes naturais e veganos<\/li>\n<li>Ajuda a pele a recuperar mais rapidamente dos microdanos causados pelo barbear ou atrito<\/li>\n<li>O uso regular melhora a elasticidade e a firmeza da pele e auxilia na regenera\u00e7\u00e3o da pele estressada<\/li>\n<li>Proporciona hidrata\u00e7\u00e3o intensa e duradoura<\/li>\n<\/ul>\n<p><u><strong>CARACTER\u00cdSTICAS<\/strong><\/u> :<\/p>\n<ul>\n<li>Tipo: Creme \u00cdntimo Regenerador<\/li>\n<li>Ingredientes: \u00c1gua, estearato de glicerila SE, esqualano, manteiga de karit\u00e9 (Butyrospermum parkii), triglicer\u00eddeo capr\u00edlico\/c\u00e1prico, \u00f3leo de am\u00eandoa doce (Prunus amygdalus dulcis), glicerina, niacinamida, \u00e1cido palm\u00edtico, \u00e1cido este\u00e1rico, \u00f3leo de r\u00edcino hidrogenado PEG-40, \u00e1lcool cetoestear\u00edlico, benzoato de s\u00f3dio, \u00e1cido l\u00e1tico, hialuronato de s\u00f3dio, acetato de tocoferila, extrato de esporocarpo de Tremella fuciformis, tocoferol.<\/li>\n<li>Tamanho: 50ml<\/li>\n<li>Idiomas: DE, EN, NL, FR, ES<\/li>\n<\/ul>\n","protected":false},"excerpt":{"rendered":"<p>PJUR &#8211; CREME \u00cdNTIMO REGENERADOR ORGANIC CARE 50 ML<\/p>\n","protected":false},"featured_media":104147,"template":"","meta":{"_acf_changed":false},"product_brand":[],"product_cat":[49,51],"product_tag":[],"class_list":{"0":"post-104146","1":"product","2":"type-product","3":"status-publish","4":"has-post-thumbnail","6":"product_cat-cosmeticos","7":"product_cat-oleos-de-massagem","8":"yith_product_brand-pjur","10":"first","11":"instock","12":"taxable","13":"shipping-taxable","14":"purchasable","15":"product-type-simple"},"acf":[],"yoast_head":"<!-- This site is optimized with the Yoast SEO plugin v27.4 - https:\/\/yoast.com\/product\/yoast-seo-wordpress\/ -->\n<title>PJUR - CREME \u00cdNTIMO REGENERADOR ORGANIC CARE 50 ML - Lovme<\/title>\n<meta name=\"robots\" content=\"index, follow, max-snippet:-1, max-image-preview:large, max-video-preview:-1\" \/>\n<link rel=\"canonical\" href=\"https:\/\/lovme.pt\/index.php\/produto\/pjur-creme-intimo-regenerador-organic-care-50-ml\/\" \/>\n<meta property=\"og:locale\" content=\"pt_PT\" \/>\n<meta property=\"og:type\" content=\"article\" \/>\n<meta property=\"og:title\" content=\"PJUR - CREME \u00cdNTIMO REGENERADOR ORGANIC CARE 50 ML - Lovme\" \/>\n<meta property=\"og:description\" content=\"PJUR - CREME \u00cdNTIMO REGENERADOR ORGANIC CARE 50 ML\" \/>\n<meta property=\"og:url\" content=\"https:\/\/lovme.pt\/index.php\/produto\/pjur-creme-intimo-regenerador-organic-care-50-ml\/\" \/>\n<meta property=\"og:site_name\" content=\"Lovme\" \/>\n<meta property=\"article:modified_time\" content=\"2026-02-19T20:11:16+00:00\" \/>\n<meta property=\"og:image\" content=\"https:\/\/erki24nd3ub.exactdn.com\/wp-content\/uploads\/dream\/img\/img_216214_6b688fd67537c3a6fc82a2f65f6e072f_1.jpg?strip=all\" \/>\n\t<meta property=\"og:image:width\" content=\"900\" \/>\n\t<meta property=\"og:image:height\" content=\"900\" \/>\n\t<meta property=\"og:image:type\" content=\"image\/jpeg\" \/>\n<meta name=\"twitter:card\" content=\"summary_large_image\" \/>\n<meta name=\"twitter:label1\" content=\"Tempo estimado de leitura\" \/>\n\t<meta name=\"twitter:data1\" content=\"2 minutos\" \/>\n<script type=\"application\/ld+json\" class=\"yoast-schema-graph\">{\"@context\":\"https:\\\/\\\/schema.org\",\"@graph\":[{\"@type\":\"WebPage\",\"@id\":\"https:\\\/\\\/lovme.pt\\\/index.php\\\/produto\\\/pjur-creme-intimo-regenerador-organic-care-50-ml\\\/\",\"url\":\"https:\\\/\\\/lovme.pt\\\/index.php\\\/produto\\\/pjur-creme-intimo-regenerador-organic-care-50-ml\\\/\",\"name\":\"PJUR - CREME \u00cdNTIMO REGENERADOR ORGANIC CARE 50 ML - Lovme\",\"isPartOf\":{\"@id\":\"https:\\\/\\\/lovme.pt\\\/#website\"},\"primaryImageOfPage\":{\"@id\":\"https:\\\/\\\/lovme.pt\\\/index.php\\\/produto\\\/pjur-creme-intimo-regenerador-organic-care-50-ml\\\/#primaryimage\"},\"image\":{\"@id\":\"https:\\\/\\\/lovme.pt\\\/index.php\\\/produto\\\/pjur-creme-intimo-regenerador-organic-care-50-ml\\\/#primaryimage\"},\"thumbnailUrl\":\"https:\\\/\\\/erki24nd3ub.exactdn.com\\\/wp-content\\\/uploads\\\/dream\\\/img\\\/img_216214_6b688fd67537c3a6fc82a2f65f6e072f_1.jpg?strip=all\",\"datePublished\":\"2025-10-31T12:45:17+00:00\",\"dateModified\":\"2026-02-19T20:11:16+00:00\",\"breadcrumb\":{\"@id\":\"https:\\\/\\\/lovme.pt\\\/index.php\\\/produto\\\/pjur-creme-intimo-regenerador-organic-care-50-ml\\\/#breadcrumb\"},\"inLanguage\":\"pt-PT\",\"potentialAction\":[{\"@type\":\"ReadAction\",\"target\":[\"https:\\\/\\\/lovme.pt\\\/index.php\\\/produto\\\/pjur-creme-intimo-regenerador-organic-care-50-ml\\\/\"]}]},{\"@type\":\"ImageObject\",\"inLanguage\":\"pt-PT\",\"@id\":\"https:\\\/\\\/lovme.pt\\\/index.php\\\/produto\\\/pjur-creme-intimo-regenerador-organic-care-50-ml\\\/#primaryimage\",\"url\":\"https:\\\/\\\/erki24nd3ub.exactdn.com\\\/wp-content\\\/uploads\\\/dream\\\/img\\\/img_216214_6b688fd67537c3a6fc82a2f65f6e072f_1.jpg?strip=all\",\"contentUrl\":\"https:\\\/\\\/erki24nd3ub.exactdn.com\\\/wp-content\\\/uploads\\\/dream\\\/img\\\/img_216214_6b688fd67537c3a6fc82a2f65f6e072f_1.jpg?strip=all\",\"width\":900,\"height\":900},{\"@type\":\"BreadcrumbList\",\"@id\":\"https:\\\/\\\/lovme.pt\\\/index.php\\\/produto\\\/pjur-creme-intimo-regenerador-organic-care-50-ml\\\/#breadcrumb\",\"itemListElement\":[{\"@type\":\"ListItem\",\"position\":1,\"name\":\"In\u00edcio\",\"item\":\"https:\\\/\\\/lovme.pt\\\/\"},{\"@type\":\"ListItem\",\"position\":2,\"name\":\"Loja\",\"item\":\"https:\\\/\\\/lovme.pt\\\/index.php\\\/loja\\\/\"},{\"@type\":\"ListItem\",\"position\":3,\"name\":\"PJUR &#8211; CREME \u00cdNTIMO REGENERADOR ORGANIC CARE 50 ML\"}]},{\"@type\":\"WebSite\",\"@id\":\"https:\\\/\\\/lovme.pt\\\/#website\",\"url\":\"https:\\\/\\\/lovme.pt\\\/\",\"name\":\"Lovme Loja Er\u00f3tica N\u00ba1 em Portugal\",\"description\":\"A melhor loja er\u00f3tica de Portugal.\",\"alternateName\":\"Loja Er\u00f3tica Lovme\",\"potentialAction\":[{\"@type\":\"SearchAction\",\"target\":{\"@type\":\"EntryPoint\",\"urlTemplate\":\"https:\\\/\\\/lovme.pt\\\/?s={search_term_string}\"},\"query-input\":{\"@type\":\"PropertyValueSpecification\",\"valueRequired\":true,\"valueName\":\"search_term_string\"}}],\"inLanguage\":\"pt-PT\"}]}<\/script>\n<!-- \/ Yoast SEO plugin. -->","yoast_head_json":{"title":"PJUR - CREME \u00cdNTIMO REGENERADOR ORGANIC CARE 50 ML - Lovme","robots":{"index":"index","follow":"follow","max-snippet":"max-snippet:-1","max-image-preview":"max-image-preview:large","max-video-preview":"max-video-preview:-1"},"canonical":"https:\/\/lovme.pt\/index.php\/produto\/pjur-creme-intimo-regenerador-organic-care-50-ml\/","og_locale":"pt_PT","og_type":"article","og_title":"PJUR - CREME \u00cdNTIMO REGENERADOR ORGANIC CARE 50 ML - Lovme","og_description":"PJUR - CREME \u00cdNTIMO REGENERADOR ORGANIC CARE 50 ML","og_url":"https:\/\/lovme.pt\/index.php\/produto\/pjur-creme-intimo-regenerador-organic-care-50-ml\/","og_site_name":"Lovme","article_modified_time":"2026-02-19T20:11:16+00:00","og_image":[{"width":900,"height":900,"url":"https:\/\/erki24nd3ub.exactdn.com\/wp-content\/uploads\/dream\/img\/img_216214_6b688fd67537c3a6fc82a2f65f6e072f_1.jpg?strip=all","type":"image\/jpeg"}],"twitter_card":"summary_large_image","twitter_misc":{"Tempo estimado de leitura":"2 minutos"},"schema":{"@context":"https:\/\/schema.org","@graph":[{"@type":"WebPage","@id":"https:\/\/lovme.pt\/index.php\/produto\/pjur-creme-intimo-regenerador-organic-care-50-ml\/","url":"https:\/\/lovme.pt\/index.php\/produto\/pjur-creme-intimo-regenerador-organic-care-50-ml\/","name":"PJUR - CREME \u00cdNTIMO REGENERADOR ORGANIC CARE 50 ML - Lovme","isPartOf":{"@id":"https:\/\/lovme.pt\/#website"},"primaryImageOfPage":{"@id":"https:\/\/lovme.pt\/index.php\/produto\/pjur-creme-intimo-regenerador-organic-care-50-ml\/#primaryimage"},"image":{"@id":"https:\/\/lovme.pt\/index.php\/produto\/pjur-creme-intimo-regenerador-organic-care-50-ml\/#primaryimage"},"thumbnailUrl":"https:\/\/erki24nd3ub.exactdn.com\/wp-content\/uploads\/dream\/img\/img_216214_6b688fd67537c3a6fc82a2f65f6e072f_1.jpg?strip=all","datePublished":"2025-10-31T12:45:17+00:00","dateModified":"2026-02-19T20:11:16+00:00","breadcrumb":{"@id":"https:\/\/lovme.pt\/index.php\/produto\/pjur-creme-intimo-regenerador-organic-care-50-ml\/#breadcrumb"},"inLanguage":"pt-PT","potentialAction":[{"@type":"ReadAction","target":["https:\/\/lovme.pt\/index.php\/produto\/pjur-creme-intimo-regenerador-organic-care-50-ml\/"]}]},{"@type":"ImageObject","inLanguage":"pt-PT","@id":"https:\/\/lovme.pt\/index.php\/produto\/pjur-creme-intimo-regenerador-organic-care-50-ml\/#primaryimage","url":"https:\/\/erki24nd3ub.exactdn.com\/wp-content\/uploads\/dream\/img\/img_216214_6b688fd67537c3a6fc82a2f65f6e072f_1.jpg?strip=all","contentUrl":"https:\/\/erki24nd3ub.exactdn.com\/wp-content\/uploads\/dream\/img\/img_216214_6b688fd67537c3a6fc82a2f65f6e072f_1.jpg?strip=all","width":900,"height":900},{"@type":"BreadcrumbList","@id":"https:\/\/lovme.pt\/index.php\/produto\/pjur-creme-intimo-regenerador-organic-care-50-ml\/#breadcrumb","itemListElement":[{"@type":"ListItem","position":1,"name":"In\u00edcio","item":"https:\/\/lovme.pt\/"},{"@type":"ListItem","position":2,"name":"Loja","item":"https:\/\/lovme.pt\/index.php\/loja\/"},{"@type":"ListItem","position":3,"name":"PJUR &#8211; CREME \u00cdNTIMO REGENERADOR ORGANIC CARE 50 ML"}]},{"@type":"WebSite","@id":"https:\/\/lovme.pt\/#website","url":"https:\/\/lovme.pt\/","name":"Lovme Loja Er\u00f3tica N\u00ba1 em Portugal","description":"A melhor loja er\u00f3tica de Portugal.","alternateName":"Loja Er\u00f3tica Lovme","potentialAction":[{"@type":"SearchAction","target":{"@type":"EntryPoint","urlTemplate":"https:\/\/lovme.pt\/?s={search_term_string}"},"query-input":{"@type":"PropertyValueSpecification","valueRequired":true,"valueName":"search_term_string"}}],"inLanguage":"pt-PT"}]}},"_links":{"self":[{"href":"https:\/\/lovme.pt\/index.php\/wp-json\/wp\/v2\/product\/104146","targetHints":{"allow":["GET"]}}],"collection":[{"href":"https:\/\/lovme.pt\/index.php\/wp-json\/wp\/v2\/product"}],"about":[{"href":"https:\/\/lovme.pt\/index.php\/wp-json\/wp\/v2\/types\/product"}],"wp:featuredmedia":[{"embeddable":true,"href":"https:\/\/lovme.pt\/index.php\/wp-json\/wp\/v2\/media\/104147"}],"wp:attachment":[{"href":"https:\/\/lovme.pt\/index.php\/wp-json\/wp\/v2\/media?parent=104146"}],"wp:term":[{"taxonomy":"product_brand","embeddable":true,"href":"https:\/\/lovme.pt\/index.php\/wp-json\/wp\/v2\/product_brand?post=104146"},{"taxonomy":"product_cat","embeddable":true,"href":"https:\/\/lovme.pt\/index.php\/wp-json\/wp\/v2\/product_cat?post=104146"},{"taxonomy":"product_tag","embeddable":true,"href":"https:\/\/lovme.pt\/index.php\/wp-json\/wp\/v2\/product_tag?post=104146"}],"curies":[{"name":"wp","href":"https:\/\/api.w.org\/{rel}","templated":true}]}}