{"id":103983,"date":"2025-10-14T20:12:03","date_gmt":"2025-10-14T20:12:03","guid":{"rendered":"https:\/\/lovme.pt\/?post_type=product&p=103983"},"modified":"2026-02-19T20:12:05","modified_gmt":"2026-02-19T20:12:05","slug":"pasante-pack-lubrificantes-sabores-sortidos-5-unidades-x-15-ml","status":"publish","type":"product","link":"https:\/\/lovme.pt\/index.php\/produto\/pasante-pack-lubrificantes-sabores-sortidos-5-unidades-x-15-ml\/","title":{"rendered":"PASANTE &#8211; PACK LUBRIFICANTES SABORES SORTIDOS 5 UNIDADES X 15 ML"},"content":{"rendered":"<p>Agora existe um lubrificante para cada humor. Este divertido mini pacote de lubrificantes \u00e9 o acess\u00f3rio perfeito para aprimorar suas experi\u00eancias \u00edntimas, contendo uma deliciosa variedade de lubrificantes \u00e0 base de \u00e1gua combinados com sabores tentadores, tornando cada encontro mais prazeroso e emocionante.<\/p>\n<p>Cada embalagem cont\u00e9m 5 lubrificantes saborizados de alta qualidade em minitubos divertidos. Projetados para proporcionar lubrifica\u00e7\u00e3o duradoura e reduzir o atrito, garantindo uma experi\u00eancia suave e confort\u00e1vel. Nossa f\u00f3rmula \u00e0 base de \u00e1gua n\u00e3o gruda, \u00e9 f\u00e1cil de limpar e n\u00e3o deixa res\u00edduos, tornando-a adequada para uso com preservativos e todos os tipos de brinquedos sexuais, garantindo uma experi\u00eancia segura e agrad\u00e1vel para voc\u00ea e seu parceiro.<\/p>\n<p>Explore novas sensa\u00e7\u00f5es, desfrute de sabores deliciosos e crie momentos inesquec\u00edveis com seu parceiro. Confie na Pasante para lhe fornecer lubrificantes da mais alta qualidade, seguros, confi\u00e1veis e prazerosos. Dentro do pacote divertido, voc\u00ea encontrar\u00e1 uma variedade de tubos de lubrificantes pessoais de 15 ml, incluindo:<\/p>\n<ul>\n<li>Luz suave<\/li>\n<li>Banana Ex\u00f3tica<\/li>\n<li>Morango Sensual<\/li>\n<li>Hortel\u00e3 Fresca<\/li>\n<li>Biscoitos e Creme<\/li>\n<\/ul>\n<p><u><strong>CARACTER\u00cdSTICAS:<\/strong><\/u><\/p>\n<ul>\n<li>F\u00f3rmula lubrificante \u00e0 base de \u00e1gua<\/li>\n<li>Lubrificante de longa dura\u00e7\u00e3o<\/li>\n<li>Seguro para uso com preservativos<\/li>\n<li>Aumenta o prazer<\/li>\n<li>Fornece lubrificante adicional para aliviar os sintomas de secura vaginal<\/li>\n<\/ul>\n<p><u><strong>Por que comprar na Pasante?:<\/strong><\/u><\/p>\n<ul>\n<li>N\u00e3o espermicida<\/li>\n<li>Marca CE<\/li>\n<li>Adequado para veganos<\/li>\n<li>Seguro para sexo oral<\/li>\n<li>N\u00e3o cont\u00e9m ingredientes de origem animal<\/li>\n<li>Adequado para preservativos<\/li>\n<li>100% livre de parabenos<\/li>\n<li>Inodoro<\/li>\n<li>Bagagem de m\u00e3o aprovada<\/li>\n<li>Pode ser usado por 6 meses ap\u00f3s a abertura<\/li>\n<\/ul>\n<p><strong>*<\/strong> <u><strong>Ingredientes<\/strong><\/u> : \u00c1gua, Glicerina, Propilenoglicol, Hidroxietilcelulose, Fenoxietanol, Etilhexilglicerina, Caprililglicol\/Capriloil Metilglucamida, Polissorbato 20, Benzoato de S\u00f3dio, EDTA Diss\u00f3dico, \u00c1cido L\u00e1tico, Sabor Morango, Sabor Hortel\u00e3, Sabor Banana, Sabor Chocolate<\/p>\n","protected":false},"excerpt":{"rendered":"<p>PASANTE &#8211; PACK LUBRIFICANTES SABORES SORTIDOS 5 UNIDADES X 15 ML<\/p>\n","protected":false},"featured_media":103984,"template":"","meta":{"_acf_changed":false},"product_brand":[],"product_cat":[49,65,53],"product_tag":[],"class_list":{"0":"post-103983","1":"product","2":"type-product","3":"status-publish","4":"has-post-thumbnail","6":"product_cat-cosmeticos","7":"product_cat-kits","8":"product_cat-lubrificantes-intimos","9":"yith_product_brand-pasante","11":"first","12":"instock","13":"taxable","14":"shipping-taxable","15":"purchasable","16":"product-type-simple"},"acf":[],"yoast_head":"<!-- This site is optimized with the Yoast SEO plugin v27.4 - https:\/\/yoast.com\/product\/yoast-seo-wordpress\/ -->\n<title>PASANTE - PACK LUBRIFICANTES SABORES SORTIDOS 5 UNIDADES X 15 ML - Lovme<\/title>\n<meta name=\"robots\" content=\"index, follow, max-snippet:-1, max-image-preview:large, max-video-preview:-1\" \/>\n<link rel=\"canonical\" href=\"https:\/\/lovme.pt\/index.php\/produto\/pasante-pack-lubrificantes-sabores-sortidos-5-unidades-x-15-ml\/\" \/>\n<meta property=\"og:locale\" content=\"pt_PT\" \/>\n<meta property=\"og:type\" content=\"article\" \/>\n<meta property=\"og:title\" content=\"PASANTE - PACK LUBRIFICANTES SABORES SORTIDOS 5 UNIDADES X 15 ML - Lovme\" \/>\n<meta property=\"og:description\" content=\"PASANTE - PACK LUBRIFICANTES SABORES SORTIDOS 5 UNIDADES X 15 ML\" \/>\n<meta property=\"og:url\" content=\"https:\/\/lovme.pt\/index.php\/produto\/pasante-pack-lubrificantes-sabores-sortidos-5-unidades-x-15-ml\/\" \/>\n<meta property=\"og:site_name\" content=\"Lovme\" \/>\n<meta property=\"article:modified_time\" content=\"2026-02-19T20:12:05+00:00\" \/>\n<meta property=\"og:image\" content=\"https:\/\/erki24nd3ub.exactdn.com\/wp-content\/uploads\/dream\/img\/img_216104_7e58e960a9438cd9b6cfbe842f6d017d_1.jpg?strip=all\" \/>\n\t<meta property=\"og:image:width\" content=\"900\" \/>\n\t<meta property=\"og:image:height\" content=\"900\" \/>\n\t<meta property=\"og:image:type\" content=\"image\/jpeg\" \/>\n<meta name=\"twitter:card\" content=\"summary_large_image\" \/>\n<meta name=\"twitter:label1\" content=\"Tempo estimado de leitura\" \/>\n\t<meta name=\"twitter:data1\" content=\"1 minuto\" \/>\n<script type=\"application\/ld+json\" class=\"yoast-schema-graph\">{\"@context\":\"https:\\\/\\\/schema.org\",\"@graph\":[{\"@type\":\"WebPage\",\"@id\":\"https:\\\/\\\/lovme.pt\\\/index.php\\\/produto\\\/pasante-pack-lubrificantes-sabores-sortidos-5-unidades-x-15-ml\\\/\",\"url\":\"https:\\\/\\\/lovme.pt\\\/index.php\\\/produto\\\/pasante-pack-lubrificantes-sabores-sortidos-5-unidades-x-15-ml\\\/\",\"name\":\"PASANTE - PACK LUBRIFICANTES SABORES SORTIDOS 5 UNIDADES X 15 ML - Lovme\",\"isPartOf\":{\"@id\":\"https:\\\/\\\/lovme.pt\\\/#website\"},\"primaryImageOfPage\":{\"@id\":\"https:\\\/\\\/lovme.pt\\\/index.php\\\/produto\\\/pasante-pack-lubrificantes-sabores-sortidos-5-unidades-x-15-ml\\\/#primaryimage\"},\"image\":{\"@id\":\"https:\\\/\\\/lovme.pt\\\/index.php\\\/produto\\\/pasante-pack-lubrificantes-sabores-sortidos-5-unidades-x-15-ml\\\/#primaryimage\"},\"thumbnailUrl\":\"https:\\\/\\\/erki24nd3ub.exactdn.com\\\/wp-content\\\/uploads\\\/dream\\\/img\\\/img_216104_7e58e960a9438cd9b6cfbe842f6d017d_1.jpg?strip=all\",\"datePublished\":\"2025-10-14T20:12:03+00:00\",\"dateModified\":\"2026-02-19T20:12:05+00:00\",\"breadcrumb\":{\"@id\":\"https:\\\/\\\/lovme.pt\\\/index.php\\\/produto\\\/pasante-pack-lubrificantes-sabores-sortidos-5-unidades-x-15-ml\\\/#breadcrumb\"},\"inLanguage\":\"pt-PT\",\"potentialAction\":[{\"@type\":\"ReadAction\",\"target\":[\"https:\\\/\\\/lovme.pt\\\/index.php\\\/produto\\\/pasante-pack-lubrificantes-sabores-sortidos-5-unidades-x-15-ml\\\/\"]}]},{\"@type\":\"ImageObject\",\"inLanguage\":\"pt-PT\",\"@id\":\"https:\\\/\\\/lovme.pt\\\/index.php\\\/produto\\\/pasante-pack-lubrificantes-sabores-sortidos-5-unidades-x-15-ml\\\/#primaryimage\",\"url\":\"https:\\\/\\\/erki24nd3ub.exactdn.com\\\/wp-content\\\/uploads\\\/dream\\\/img\\\/img_216104_7e58e960a9438cd9b6cfbe842f6d017d_1.jpg?strip=all\",\"contentUrl\":\"https:\\\/\\\/erki24nd3ub.exactdn.com\\\/wp-content\\\/uploads\\\/dream\\\/img\\\/img_216104_7e58e960a9438cd9b6cfbe842f6d017d_1.jpg?strip=all\",\"width\":900,\"height\":900},{\"@type\":\"BreadcrumbList\",\"@id\":\"https:\\\/\\\/lovme.pt\\\/index.php\\\/produto\\\/pasante-pack-lubrificantes-sabores-sortidos-5-unidades-x-15-ml\\\/#breadcrumb\",\"itemListElement\":[{\"@type\":\"ListItem\",\"position\":1,\"name\":\"In\u00edcio\",\"item\":\"https:\\\/\\\/lovme.pt\\\/\"},{\"@type\":\"ListItem\",\"position\":2,\"name\":\"Loja\",\"item\":\"https:\\\/\\\/lovme.pt\\\/index.php\\\/loja\\\/\"},{\"@type\":\"ListItem\",\"position\":3,\"name\":\"PASANTE &#8211; PACK LUBRIFICANTES SABORES SORTIDOS 5 UNIDADES X 15 ML\"}]},{\"@type\":\"WebSite\",\"@id\":\"https:\\\/\\\/lovme.pt\\\/#website\",\"url\":\"https:\\\/\\\/lovme.pt\\\/\",\"name\":\"Lovme Loja Er\u00f3tica N\u00ba1 em Portugal\",\"description\":\"A melhor loja er\u00f3tica de Portugal.\",\"alternateName\":\"Loja Er\u00f3tica Lovme\",\"potentialAction\":[{\"@type\":\"SearchAction\",\"target\":{\"@type\":\"EntryPoint\",\"urlTemplate\":\"https:\\\/\\\/lovme.pt\\\/?s={search_term_string}\"},\"query-input\":{\"@type\":\"PropertyValueSpecification\",\"valueRequired\":true,\"valueName\":\"search_term_string\"}}],\"inLanguage\":\"pt-PT\"}]}<\/script>\n<!-- \/ Yoast SEO plugin. -->","yoast_head_json":{"title":"PASANTE - PACK LUBRIFICANTES SABORES SORTIDOS 5 UNIDADES X 15 ML - Lovme","robots":{"index":"index","follow":"follow","max-snippet":"max-snippet:-1","max-image-preview":"max-image-preview:large","max-video-preview":"max-video-preview:-1"},"canonical":"https:\/\/lovme.pt\/index.php\/produto\/pasante-pack-lubrificantes-sabores-sortidos-5-unidades-x-15-ml\/","og_locale":"pt_PT","og_type":"article","og_title":"PASANTE - PACK LUBRIFICANTES SABORES SORTIDOS 5 UNIDADES X 15 ML - Lovme","og_description":"PASANTE - PACK LUBRIFICANTES SABORES SORTIDOS 5 UNIDADES X 15 ML","og_url":"https:\/\/lovme.pt\/index.php\/produto\/pasante-pack-lubrificantes-sabores-sortidos-5-unidades-x-15-ml\/","og_site_name":"Lovme","article_modified_time":"2026-02-19T20:12:05+00:00","og_image":[{"width":900,"height":900,"url":"https:\/\/erki24nd3ub.exactdn.com\/wp-content\/uploads\/dream\/img\/img_216104_7e58e960a9438cd9b6cfbe842f6d017d_1.jpg?strip=all","type":"image\/jpeg"}],"twitter_card":"summary_large_image","twitter_misc":{"Tempo estimado de leitura":"1 minuto"},"schema":{"@context":"https:\/\/schema.org","@graph":[{"@type":"WebPage","@id":"https:\/\/lovme.pt\/index.php\/produto\/pasante-pack-lubrificantes-sabores-sortidos-5-unidades-x-15-ml\/","url":"https:\/\/lovme.pt\/index.php\/produto\/pasante-pack-lubrificantes-sabores-sortidos-5-unidades-x-15-ml\/","name":"PASANTE - PACK LUBRIFICANTES SABORES SORTIDOS 5 UNIDADES X 15 ML - Lovme","isPartOf":{"@id":"https:\/\/lovme.pt\/#website"},"primaryImageOfPage":{"@id":"https:\/\/lovme.pt\/index.php\/produto\/pasante-pack-lubrificantes-sabores-sortidos-5-unidades-x-15-ml\/#primaryimage"},"image":{"@id":"https:\/\/lovme.pt\/index.php\/produto\/pasante-pack-lubrificantes-sabores-sortidos-5-unidades-x-15-ml\/#primaryimage"},"thumbnailUrl":"https:\/\/erki24nd3ub.exactdn.com\/wp-content\/uploads\/dream\/img\/img_216104_7e58e960a9438cd9b6cfbe842f6d017d_1.jpg?strip=all","datePublished":"2025-10-14T20:12:03+00:00","dateModified":"2026-02-19T20:12:05+00:00","breadcrumb":{"@id":"https:\/\/lovme.pt\/index.php\/produto\/pasante-pack-lubrificantes-sabores-sortidos-5-unidades-x-15-ml\/#breadcrumb"},"inLanguage":"pt-PT","potentialAction":[{"@type":"ReadAction","target":["https:\/\/lovme.pt\/index.php\/produto\/pasante-pack-lubrificantes-sabores-sortidos-5-unidades-x-15-ml\/"]}]},{"@type":"ImageObject","inLanguage":"pt-PT","@id":"https:\/\/lovme.pt\/index.php\/produto\/pasante-pack-lubrificantes-sabores-sortidos-5-unidades-x-15-ml\/#primaryimage","url":"https:\/\/erki24nd3ub.exactdn.com\/wp-content\/uploads\/dream\/img\/img_216104_7e58e960a9438cd9b6cfbe842f6d017d_1.jpg?strip=all","contentUrl":"https:\/\/erki24nd3ub.exactdn.com\/wp-content\/uploads\/dream\/img\/img_216104_7e58e960a9438cd9b6cfbe842f6d017d_1.jpg?strip=all","width":900,"height":900},{"@type":"BreadcrumbList","@id":"https:\/\/lovme.pt\/index.php\/produto\/pasante-pack-lubrificantes-sabores-sortidos-5-unidades-x-15-ml\/#breadcrumb","itemListElement":[{"@type":"ListItem","position":1,"name":"In\u00edcio","item":"https:\/\/lovme.pt\/"},{"@type":"ListItem","position":2,"name":"Loja","item":"https:\/\/lovme.pt\/index.php\/loja\/"},{"@type":"ListItem","position":3,"name":"PASANTE &#8211; PACK LUBRIFICANTES SABORES SORTIDOS 5 UNIDADES X 15 ML"}]},{"@type":"WebSite","@id":"https:\/\/lovme.pt\/#website","url":"https:\/\/lovme.pt\/","name":"Lovme Loja Er\u00f3tica N\u00ba1 em Portugal","description":"A melhor loja er\u00f3tica de Portugal.","alternateName":"Loja Er\u00f3tica Lovme","potentialAction":[{"@type":"SearchAction","target":{"@type":"EntryPoint","urlTemplate":"https:\/\/lovme.pt\/?s={search_term_string}"},"query-input":{"@type":"PropertyValueSpecification","valueRequired":true,"valueName":"search_term_string"}}],"inLanguage":"pt-PT"}]}},"_links":{"self":[{"href":"https:\/\/lovme.pt\/index.php\/wp-json\/wp\/v2\/product\/103983","targetHints":{"allow":["GET"]}}],"collection":[{"href":"https:\/\/lovme.pt\/index.php\/wp-json\/wp\/v2\/product"}],"about":[{"href":"https:\/\/lovme.pt\/index.php\/wp-json\/wp\/v2\/types\/product"}],"wp:featuredmedia":[{"embeddable":true,"href":"https:\/\/lovme.pt\/index.php\/wp-json\/wp\/v2\/media\/103984"}],"wp:attachment":[{"href":"https:\/\/lovme.pt\/index.php\/wp-json\/wp\/v2\/media?parent=103983"}],"wp:term":[{"taxonomy":"product_brand","embeddable":true,"href":"https:\/\/lovme.pt\/index.php\/wp-json\/wp\/v2\/product_brand?post=103983"},{"taxonomy":"product_cat","embeddable":true,"href":"https:\/\/lovme.pt\/index.php\/wp-json\/wp\/v2\/product_cat?post=103983"},{"taxonomy":"product_tag","embeddable":true,"href":"https:\/\/lovme.pt\/index.php\/wp-json\/wp\/v2\/product_tag?post=103983"}],"curies":[{"name":"wp","href":"https:\/\/api.w.org\/{rel}","templated":true}]}}