{"id":102805,"date":"2025-10-01T03:19:45","date_gmt":"2025-10-01T03:19:45","guid":{"rendered":"https:\/\/lovme.pt\/?post_type=product&p=102805"},"modified":"2026-02-19T20:23:01","modified_gmt":"2026-02-19T20:23:01","slug":"armony-your-magic-massager-e-vibrador-recarregavel-10-vibracoes-wand-dots-preto","status":"publish","type":"product","link":"https:\/\/lovme.pt\/index.php\/produto\/armony-your-magic-massager-e-vibrador-recarregavel-10-vibracoes-wand-dots-preto\/","title":{"rendered":"ARMONY &#8211; YOUR MAGIC MASSAGER E VIBRADOR RECARREG\u00c1VEL 10 VIBRA\u00c7\u00d5ES WAND DOTS PRETO"},"content":{"rendered":"<p>O <strong>Mini Massageador e Vibrador<\/strong> da marca Armony \u00e9 uma pe\u00e7a de engenharia sensual projetada para proporcionar prazer personalizado com suas caracter\u00edsticas impressionantes. Com 10 padr\u00f5es de vibra\u00e7\u00e3o, este vibrador oferece uma ampla gama de sensa\u00e7\u00f5es para explorar e desfrutar.<\/p>\n<p>Feito de materiais de alta qualidade, combina silicone macio e seguro para o corpo com ABS dur\u00e1vel para garantir uma experi\u00eancia agrad\u00e1vel e segura. Sua elegante cor roxa o torna um acess\u00f3rio atraente e elegante para qualquer cole\u00e7\u00e3o \u00edntima de brinquedos.<\/p>\n<p>Este Mini Massageador e Vibrador \u00e9 compacto o suficiente para ser discreto e f\u00e1cil de transportar, mas poderoso o suficiente para oferecer uma estimula\u00e7\u00e3o satisfat\u00f3ria.<\/p>\n<p>Quer procure um momento de relaxamento e autocuidado ou queira adicionar um toque de emo\u00e7\u00e3o aos seus encontros \u00edntimos, o Mini Massajador e Vibrador Armony \u00e9 o companheiro perfeito para explorar novas sensa\u00e7\u00f5es e alcan\u00e7ar novos n\u00edveis de prazer.<\/p>\n<p>\u00a0<\/p>\n<p><strong>ARM\u00d4NIO<\/strong><br \/>Bem-vindo ao <strong>ARMONY<\/strong> , onde prazer e qualidade se fundem para criar uma experi\u00eancia \u00fanica no mundo dos brinquedos er\u00f3ticos. A nossa marca \u00e9 especializada no fabrico de vibradores e brinquedos de alta qualidade para homens e mulheres, meticulosamente concebidos para aumentar o prazer e a intimidade. De vibradores sofisticados a estimuladores sensuais, cada produto <strong>ARMONY<\/strong> \u00e9 projetado com aten\u00e7\u00e3o aos detalhes e com o compromisso de proporcionar uma experi\u00eancia de satisfa\u00e7\u00e3o incompar\u00e1vel. Orgulhamo-nos de oferecer uma gama diversificada de produtos que v\u00e3o do cl\u00e1ssico ao inovador, sempre com foco na qualidade, na seguran\u00e7a e na explora\u00e7\u00e3o do prazer. Descubra um mundo de sensa\u00e7\u00f5es er\u00f3ticas com <strong>ARMONY<\/strong> , onde o prazer se torna uma forma de arte.<\/p>\n","protected":false},"excerpt":{"rendered":"<p>ARMONY &#8211; YOUR MAGIC MASSAGER E VIBRADOR RECARREG\u00c1VEL 10 VIBRA\u00c7\u00d5ES WAND DOTS PRETO<\/p>\n","protected":false},"featured_media":102806,"template":"","meta":{"_acf_changed":false},"product_brand":[],"product_cat":[17,76],"product_tag":[],"class_list":{"0":"post-102805","1":"product","2":"type-product","3":"status-publish","4":"has-post-thumbnail","6":"product_cat-brinquedos-de-bem-estar-sexual","7":"product_cat-vibradores","8":"yith_product_brand-armony","9":"yith_product_brand-armonyarmony-massagers","11":"first","12":"instock","13":"taxable","14":"shipping-taxable","15":"purchasable","16":"product-type-simple"},"acf":[],"yoast_head":"<!-- This site is optimized with the Yoast SEO plugin v27.4 - https:\/\/yoast.com\/product\/yoast-seo-wordpress\/ -->\n<title>ARMONY - YOUR MAGIC MASSAGER E VIBRADOR RECARREG\u00c1VEL 10 VIBRA\u00c7\u00d5ES WAND DOTS PRETO - Lovme<\/title>\n<meta name=\"robots\" content=\"index, follow, max-snippet:-1, max-image-preview:large, max-video-preview:-1\" \/>\n<link rel=\"canonical\" href=\"https:\/\/lovme.pt\/index.php\/produto\/armony-your-magic-massager-e-vibrador-recarregavel-10-vibracoes-wand-dots-preto\/\" \/>\n<meta property=\"og:locale\" content=\"pt_PT\" \/>\n<meta property=\"og:type\" content=\"article\" \/>\n<meta property=\"og:title\" content=\"ARMONY - YOUR MAGIC MASSAGER E VIBRADOR RECARREG\u00c1VEL 10 VIBRA\u00c7\u00d5ES WAND DOTS PRETO - Lovme\" \/>\n<meta property=\"og:description\" content=\"ARMONY - YOUR MAGIC MASSAGER E VIBRADOR RECARREG\u00c1VEL 10 VIBRA\u00c7\u00d5ES WAND DOTS PRETO\" \/>\n<meta property=\"og:url\" content=\"https:\/\/lovme.pt\/index.php\/produto\/armony-your-magic-massager-e-vibrador-recarregavel-10-vibracoes-wand-dots-preto\/\" \/>\n<meta property=\"og:site_name\" content=\"Lovme\" \/>\n<meta property=\"article:modified_time\" content=\"2026-02-19T20:23:01+00:00\" \/>\n<meta property=\"og:image\" content=\"https:\/\/erki24nd3ub.exactdn.com\/wp-content\/uploads\/dream\/img\/img_182854_db3f58b8cef2e48d06d0bbed0a7d8042_1.jpg?strip=all\" \/>\n\t<meta property=\"og:image:width\" content=\"800\" \/>\n\t<meta property=\"og:image:height\" content=\"800\" \/>\n\t<meta property=\"og:image:type\" content=\"image\/jpeg\" \/>\n<meta name=\"twitter:card\" content=\"summary_large_image\" \/>\n<meta name=\"twitter:label1\" content=\"Tempo estimado de leitura\" \/>\n\t<meta name=\"twitter:data1\" content=\"1 minuto\" \/>\n<script type=\"application\/ld+json\" class=\"yoast-schema-graph\">{\"@context\":\"https:\\\/\\\/schema.org\",\"@graph\":[{\"@type\":\"WebPage\",\"@id\":\"https:\\\/\\\/lovme.pt\\\/index.php\\\/produto\\\/armony-your-magic-massager-e-vibrador-recarregavel-10-vibracoes-wand-dots-preto\\\/\",\"url\":\"https:\\\/\\\/lovme.pt\\\/index.php\\\/produto\\\/armony-your-magic-massager-e-vibrador-recarregavel-10-vibracoes-wand-dots-preto\\\/\",\"name\":\"ARMONY - YOUR MAGIC MASSAGER E VIBRADOR RECARREG\u00c1VEL 10 VIBRA\u00c7\u00d5ES WAND DOTS PRETO - Lovme\",\"isPartOf\":{\"@id\":\"https:\\\/\\\/lovme.pt\\\/#website\"},\"primaryImageOfPage\":{\"@id\":\"https:\\\/\\\/lovme.pt\\\/index.php\\\/produto\\\/armony-your-magic-massager-e-vibrador-recarregavel-10-vibracoes-wand-dots-preto\\\/#primaryimage\"},\"image\":{\"@id\":\"https:\\\/\\\/lovme.pt\\\/index.php\\\/produto\\\/armony-your-magic-massager-e-vibrador-recarregavel-10-vibracoes-wand-dots-preto\\\/#primaryimage\"},\"thumbnailUrl\":\"https:\\\/\\\/erki24nd3ub.exactdn.com\\\/wp-content\\\/uploads\\\/dream\\\/img\\\/img_182854_db3f58b8cef2e48d06d0bbed0a7d8042_1.jpg?strip=all\",\"datePublished\":\"2025-10-01T03:19:45+00:00\",\"dateModified\":\"2026-02-19T20:23:01+00:00\",\"breadcrumb\":{\"@id\":\"https:\\\/\\\/lovme.pt\\\/index.php\\\/produto\\\/armony-your-magic-massager-e-vibrador-recarregavel-10-vibracoes-wand-dots-preto\\\/#breadcrumb\"},\"inLanguage\":\"pt-PT\",\"potentialAction\":[{\"@type\":\"ReadAction\",\"target\":[\"https:\\\/\\\/lovme.pt\\\/index.php\\\/produto\\\/armony-your-magic-massager-e-vibrador-recarregavel-10-vibracoes-wand-dots-preto\\\/\"]}]},{\"@type\":\"ImageObject\",\"inLanguage\":\"pt-PT\",\"@id\":\"https:\\\/\\\/lovme.pt\\\/index.php\\\/produto\\\/armony-your-magic-massager-e-vibrador-recarregavel-10-vibracoes-wand-dots-preto\\\/#primaryimage\",\"url\":\"https:\\\/\\\/erki24nd3ub.exactdn.com\\\/wp-content\\\/uploads\\\/dream\\\/img\\\/img_182854_db3f58b8cef2e48d06d0bbed0a7d8042_1.jpg?strip=all\",\"contentUrl\":\"https:\\\/\\\/erki24nd3ub.exactdn.com\\\/wp-content\\\/uploads\\\/dream\\\/img\\\/img_182854_db3f58b8cef2e48d06d0bbed0a7d8042_1.jpg?strip=all\",\"width\":800,\"height\":800},{\"@type\":\"BreadcrumbList\",\"@id\":\"https:\\\/\\\/lovme.pt\\\/index.php\\\/produto\\\/armony-your-magic-massager-e-vibrador-recarregavel-10-vibracoes-wand-dots-preto\\\/#breadcrumb\",\"itemListElement\":[{\"@type\":\"ListItem\",\"position\":1,\"name\":\"In\u00edcio\",\"item\":\"https:\\\/\\\/lovme.pt\\\/\"},{\"@type\":\"ListItem\",\"position\":2,\"name\":\"Loja\",\"item\":\"https:\\\/\\\/lovme.pt\\\/index.php\\\/loja\\\/\"},{\"@type\":\"ListItem\",\"position\":3,\"name\":\"ARMONY &#8211; YOUR MAGIC MASSAGER E VIBRADOR RECARREG\u00c1VEL 10 VIBRA\u00c7\u00d5ES WAND DOTS PRETO\"}]},{\"@type\":\"WebSite\",\"@id\":\"https:\\\/\\\/lovme.pt\\\/#website\",\"url\":\"https:\\\/\\\/lovme.pt\\\/\",\"name\":\"Lovme Loja Er\u00f3tica N\u00ba1 em Portugal\",\"description\":\"A melhor loja er\u00f3tica de Portugal.\",\"alternateName\":\"Loja Er\u00f3tica Lovme\",\"potentialAction\":[{\"@type\":\"SearchAction\",\"target\":{\"@type\":\"EntryPoint\",\"urlTemplate\":\"https:\\\/\\\/lovme.pt\\\/?s={search_term_string}\"},\"query-input\":{\"@type\":\"PropertyValueSpecification\",\"valueRequired\":true,\"valueName\":\"search_term_string\"}}],\"inLanguage\":\"pt-PT\"}]}<\/script>\n<!-- \/ Yoast SEO plugin. -->","yoast_head_json":{"title":"ARMONY - YOUR MAGIC MASSAGER E VIBRADOR RECARREG\u00c1VEL 10 VIBRA\u00c7\u00d5ES WAND DOTS PRETO - Lovme","robots":{"index":"index","follow":"follow","max-snippet":"max-snippet:-1","max-image-preview":"max-image-preview:large","max-video-preview":"max-video-preview:-1"},"canonical":"https:\/\/lovme.pt\/index.php\/produto\/armony-your-magic-massager-e-vibrador-recarregavel-10-vibracoes-wand-dots-preto\/","og_locale":"pt_PT","og_type":"article","og_title":"ARMONY - YOUR MAGIC MASSAGER E VIBRADOR RECARREG\u00c1VEL 10 VIBRA\u00c7\u00d5ES WAND DOTS PRETO - Lovme","og_description":"ARMONY - YOUR MAGIC MASSAGER E VIBRADOR RECARREG\u00c1VEL 10 VIBRA\u00c7\u00d5ES WAND DOTS PRETO","og_url":"https:\/\/lovme.pt\/index.php\/produto\/armony-your-magic-massager-e-vibrador-recarregavel-10-vibracoes-wand-dots-preto\/","og_site_name":"Lovme","article_modified_time":"2026-02-19T20:23:01+00:00","og_image":[{"width":800,"height":800,"url":"https:\/\/erki24nd3ub.exactdn.com\/wp-content\/uploads\/dream\/img\/img_182854_db3f58b8cef2e48d06d0bbed0a7d8042_1.jpg?strip=all","type":"image\/jpeg"}],"twitter_card":"summary_large_image","twitter_misc":{"Tempo estimado de leitura":"1 minuto"},"schema":{"@context":"https:\/\/schema.org","@graph":[{"@type":"WebPage","@id":"https:\/\/lovme.pt\/index.php\/produto\/armony-your-magic-massager-e-vibrador-recarregavel-10-vibracoes-wand-dots-preto\/","url":"https:\/\/lovme.pt\/index.php\/produto\/armony-your-magic-massager-e-vibrador-recarregavel-10-vibracoes-wand-dots-preto\/","name":"ARMONY - YOUR MAGIC MASSAGER E VIBRADOR RECARREG\u00c1VEL 10 VIBRA\u00c7\u00d5ES WAND DOTS PRETO - Lovme","isPartOf":{"@id":"https:\/\/lovme.pt\/#website"},"primaryImageOfPage":{"@id":"https:\/\/lovme.pt\/index.php\/produto\/armony-your-magic-massager-e-vibrador-recarregavel-10-vibracoes-wand-dots-preto\/#primaryimage"},"image":{"@id":"https:\/\/lovme.pt\/index.php\/produto\/armony-your-magic-massager-e-vibrador-recarregavel-10-vibracoes-wand-dots-preto\/#primaryimage"},"thumbnailUrl":"https:\/\/erki24nd3ub.exactdn.com\/wp-content\/uploads\/dream\/img\/img_182854_db3f58b8cef2e48d06d0bbed0a7d8042_1.jpg?strip=all","datePublished":"2025-10-01T03:19:45+00:00","dateModified":"2026-02-19T20:23:01+00:00","breadcrumb":{"@id":"https:\/\/lovme.pt\/index.php\/produto\/armony-your-magic-massager-e-vibrador-recarregavel-10-vibracoes-wand-dots-preto\/#breadcrumb"},"inLanguage":"pt-PT","potentialAction":[{"@type":"ReadAction","target":["https:\/\/lovme.pt\/index.php\/produto\/armony-your-magic-massager-e-vibrador-recarregavel-10-vibracoes-wand-dots-preto\/"]}]},{"@type":"ImageObject","inLanguage":"pt-PT","@id":"https:\/\/lovme.pt\/index.php\/produto\/armony-your-magic-massager-e-vibrador-recarregavel-10-vibracoes-wand-dots-preto\/#primaryimage","url":"https:\/\/erki24nd3ub.exactdn.com\/wp-content\/uploads\/dream\/img\/img_182854_db3f58b8cef2e48d06d0bbed0a7d8042_1.jpg?strip=all","contentUrl":"https:\/\/erki24nd3ub.exactdn.com\/wp-content\/uploads\/dream\/img\/img_182854_db3f58b8cef2e48d06d0bbed0a7d8042_1.jpg?strip=all","width":800,"height":800},{"@type":"BreadcrumbList","@id":"https:\/\/lovme.pt\/index.php\/produto\/armony-your-magic-massager-e-vibrador-recarregavel-10-vibracoes-wand-dots-preto\/#breadcrumb","itemListElement":[{"@type":"ListItem","position":1,"name":"In\u00edcio","item":"https:\/\/lovme.pt\/"},{"@type":"ListItem","position":2,"name":"Loja","item":"https:\/\/lovme.pt\/index.php\/loja\/"},{"@type":"ListItem","position":3,"name":"ARMONY &#8211; YOUR MAGIC MASSAGER E VIBRADOR RECARREG\u00c1VEL 10 VIBRA\u00c7\u00d5ES WAND DOTS PRETO"}]},{"@type":"WebSite","@id":"https:\/\/lovme.pt\/#website","url":"https:\/\/lovme.pt\/","name":"Lovme Loja Er\u00f3tica N\u00ba1 em Portugal","description":"A melhor loja er\u00f3tica de Portugal.","alternateName":"Loja Er\u00f3tica Lovme","potentialAction":[{"@type":"SearchAction","target":{"@type":"EntryPoint","urlTemplate":"https:\/\/lovme.pt\/?s={search_term_string}"},"query-input":{"@type":"PropertyValueSpecification","valueRequired":true,"valueName":"search_term_string"}}],"inLanguage":"pt-PT"}]}},"_links":{"self":[{"href":"https:\/\/lovme.pt\/index.php\/wp-json\/wp\/v2\/product\/102805","targetHints":{"allow":["GET"]}}],"collection":[{"href":"https:\/\/lovme.pt\/index.php\/wp-json\/wp\/v2\/product"}],"about":[{"href":"https:\/\/lovme.pt\/index.php\/wp-json\/wp\/v2\/types\/product"}],"wp:featuredmedia":[{"embeddable":true,"href":"https:\/\/lovme.pt\/index.php\/wp-json\/wp\/v2\/media\/102806"}],"wp:attachment":[{"href":"https:\/\/lovme.pt\/index.php\/wp-json\/wp\/v2\/media?parent=102805"}],"wp:term":[{"taxonomy":"product_brand","embeddable":true,"href":"https:\/\/lovme.pt\/index.php\/wp-json\/wp\/v2\/product_brand?post=102805"},{"taxonomy":"product_cat","embeddable":true,"href":"https:\/\/lovme.pt\/index.php\/wp-json\/wp\/v2\/product_cat?post=102805"},{"taxonomy":"product_tag","embeddable":true,"href":"https:\/\/lovme.pt\/index.php\/wp-json\/wp\/v2\/product_tag?post=102805"}],"curies":[{"name":"wp","href":"https:\/\/api.w.org\/{rel}","templated":true}]}}